{"id":13674,"date":"2020-08-17T12:40:07","date_gmt":"2020-08-17T12:40:07","guid":{"rendered":"https:\/\/www.upjs.sk\/pracoviska\/univerzitna-kniznica\/root\/edicna-cinost\/navratka\/"},"modified":"2025-03-20T13:44:28","modified_gmt":"2025-03-20T13:44:28","slug":"navratka","status":"publish","type":"page","link":"https:\/\/www.upjs.sk\/pracoviska\/univerzitna-kniznica\/navratka\/","title":{"rendered":"N\u00e1vratka"},"content":{"rendered":"<form action=\"http:\/\/epczber.uk.upjs.sk\/odoslat-navratka.php\" method=\"post\">\n<table style=\"width: 100%;\" border=\"0\" cellspacing=\"0\" cellpadding=\"0\">\n<tbody>\n<tr>\n<td><strong><u>Odosielate\u013e povinn\u00fdch v\u00fdtla\u010dkov:<\/u><\/strong><\/td>\n<\/tr>\n<\/tbody>\n<\/table>\n<table style=\"width: 100%;\" border=\"0\" cellspacing=\"0\" cellpadding=\"0\">\n<tbody>\n<tr>\n<td><\/td>\n<td><\/td>\n<\/tr>\n<tr>\n<td>N\u00e1zov organiz\u00e1cie:<\/td>\n<td><strong>UPJ\u0160 v Ko\u0161iciach<\/strong><\/td>\n<\/tr>\n<tr>\n<td><\/td>\n<td><strong>Univerzitn\u00e1 kni\u017enica<\/strong><\/td>\n<\/tr>\n<tr>\n<td><\/td>\n<td><strong>Vydavate\u013estvo \u0160af\u00e1rikPress<\/strong><\/td>\n<\/tr>\n<tr>\n<td><\/td>\n<td><\/td>\n<\/tr>\n<tr>\n<td>Adresa:<\/td>\n<td>Moyzesova 9<\/td>\n<\/tr>\n<tr>\n<td><\/td>\n<td>040 01 Ko\u0161ice<\/td>\n<\/tr>\n<tr>\n<td><\/td>\n<td><\/td>\n<\/tr>\n<tr>\n<td>Zodpovedn\u00e1 osoba:<\/td>\n<td>PhDr. Ba\u010d\u00edkov\u00e1 Viera<\/td>\n<\/tr>\n<tr>\n<td><\/td>\n<td><\/td>\n<\/tr>\n<tr>\n<td colspan=\"2\"><strong><u>Pr\u00edjemca povinn\u00fdch v\u00fdtla\u010dkov:<\/u><\/strong><span style=\"font-family: arial; font-size: xx-small;\">\u00a0\u00a0\u00a0\u00a0\u00a0(\u00a0* &#8211; povinn\u00e9 \u00fadaje)<\/span><\/td>\n<\/tr>\n<tr>\n<td><\/td>\n<td><\/td>\n<\/tr>\n<tr>\n<td>N\u00e1zov organiz\u00e1cie:<sup>*<\/sup><\/td>\n<td><input name=\"nazov\" size=\"40\" type=\"text\" \/><\/td>\n<\/tr>\n<tr>\n<td><\/td>\n<td><\/td>\n<\/tr>\n<tr>\n<td valign=\"top\">Adresa:<sup>*<\/sup><\/td>\n<td><textarea cols=\"51\" name=\"adresa\" rows=\"3\"><\/textarea><\/td>\n<\/tr>\n<tr>\n<td><\/td>\n<td><\/td>\n<\/tr>\n<tr>\n<td>Osoba zodpovedn\u00e1 za prevzatie v\u00fdtla\u010dkov:<sup>*<\/sup><\/td>\n<td><input name=\"meno\" size=\"40\" type=\"text\" \/><\/td>\n<\/tr>\n<tr>\n<td><\/td>\n<td><\/td>\n<\/tr>\n<tr>\n<td>Autor povinn\u00e9ho v\u00fdtla\u010dku:<sup>*<\/sup><\/td>\n<td><input name=\"autor\" size=\"40\" type=\"text\" \/><\/td>\n<\/tr>\n<tr>\n<td><\/td>\n<td><\/td>\n<\/tr>\n<tr>\n<td>N\u00e1zov povinn\u00e9ho v\u00fdtla\u010dku:<sup>*<\/sup><\/td>\n<td><input name=\"nazovv\" size=\"40\" type=\"text\" \/><\/td>\n<\/tr>\n<tr>\n<td><\/td>\n<td><\/td>\n<\/tr>\n<tr>\n<td>Forma v\u00fdtla\u010dku:<sup>*<\/sup><\/td>\n<td><input name=\"forma\" type=\"radio\" value=\"1\" \/> CD\u00a0\u00a0\u00a0\u00a0\u00a0\u00a0 <input checked=\"checked\" name=\"forma\" type=\"radio\" value=\"2\" \/> tla\u010den\u00e1<\/td>\n<\/tr>\n<tr>\n<td><\/td>\n<td><\/td>\n<\/tr>\n<\/tbody>\n<\/table>\n<table style=\"width: 100%;\" border=\"0\" cellspacing=\"0\" cellpadding=\"0\">\n<tbody>\n<tr>\n<td><\/td>\n<td><\/td>\n<\/tr>\n<tr>\n<td>Odoslan\u00edm elektronickej n\u00e1vratky na Va\u0161u adresu V\u00e1m potvrdzujeme, \u017ee sme pod\u013ea Z\u00e1kona 265\/2022 Z. z. o vydavate\u013eoch publik\u00e1ci\u00ed a o registri v oblasti m\u00e9di\u00ed a audiov\u00edzie , d\u0148a\u00a0 <script type=\"text\/vbscript\"> document.write(date()) <\/script>\u00a0prevzali<sup>*<\/sup> <input name=\"pocet\" size=\"5\" type=\"text\" \/> ks povinn\u00fdch v\u00fdtla\u010dkov.<\/td>\n<\/tr>\n<tr>\n<td><\/td>\n<\/tr>\n<tr>\n<td><center><br \/>\n<input class=\"\" style=\"font-size: 100%;\" type=\"submit\" value=\"Odosla\u0165 formul\u00e1r\" \/> <input style=\"font-size: 100%;\" type=\"reset\" value=\"Vymaza\u0165 formul\u00e1r\" \/><\/center><\/td>\n<\/tr>\n<\/tbody>\n<\/table>\n<\/form>\n","protected":false},"excerpt":{"rendered":"<p>Odosielate\u013e povinn\u00fdch v\u00fdtla\u010dkov: N\u00e1zov organiz\u00e1cie: UPJ\u0160 v Ko\u0161iciach Univerzitn\u00e1 kni\u017enica Vydavate\u013estvo \u0160af\u00e1rikPress Adresa: Moyzesova 9 040 01 Ko\u0161ice Zodpovedn\u00e1 osoba: PhDr. Ba\u010d\u00edkov\u00e1 Viera Pr\u00edjemca povinn\u00fdch v\u00fdtla\u010dkov:\u00a0\u00a0\u00a0\u00a0\u00a0(\u00a0* &#8211; povinn\u00e9 \u00fadaje) N\u00e1zov organiz\u00e1cie:* Adresa:* Osoba zodpovedn\u00e1 za prevzatie v\u00fdtla\u010dkov:* Autor povinn\u00e9ho v\u00fdtla\u010dku:* N\u00e1zov povinn\u00e9ho v\u00fdtla\u010dku:* Forma v\u00fdtla\u010dku:* CD\u00a0\u00a0\u00a0\u00a0\u00a0\u00a0 tla\u010den\u00e1 Odoslan\u00edm elektronickej n\u00e1vratky na Va\u0161u adresu V\u00e1m potvrdzujeme, &hellip; <a href=\"https:\/\/www.upjs.sk\/pracoviska\/univerzitna-kniznica\/navratka\/\">\u010c\u00edta\u0165 \u010falej<\/a><\/p>\n","protected":false},"author":1,"featured_media":0,"parent":0,"menu_order":0,"comment_status":"closed","ping_status":"closed","template":"","meta":{"_acf_changed":false,"_editorskit_title_hidden":false,"_editorskit_reading_time":0,"_editorskit_is_block_options_detached":false,"_editorskit_block_options_position":"{}","footnotes":""},"categories":[],"tags":[],"class_list":["post-13674","page","type-page","status-publish","hentry"],"acf":{"acf_link_na_externy_obsah":""},"yoast_head":"<!-- This site is optimized with the Yoast SEO plugin v27.4 - https:\/\/yoast.com\/product\/yoast-seo-wordpress\/ -->\n<title>N\u00e1vratka - Univerzitn\u00e1 kni\u017enica | UPJ\u0160<\/title>\n<meta name=\"robots\" content=\"index, follow, max-snippet:-1, max-image-preview:large, max-video-preview:-1\" \/>\n<link rel=\"canonical\" href=\"https:\/\/www.upjs.sk\/pracoviska\/univerzitna-kniznica\/navratka\/\" \/>\n<meta property=\"og:locale\" content=\"sk_SK\" \/>\n<meta property=\"og:type\" content=\"article\" \/>\n<meta property=\"og:title\" content=\"N\u00e1vratka - Univerzitn\u00e1 kni\u017enica | UPJ\u0160\" \/>\n<meta property=\"og:description\" content=\"Odosielate\u013e povinn\u00fdch v\u00fdtla\u010dkov: N\u00e1zov organiz\u00e1cie: UPJ\u0160 v Ko\u0161iciach Univerzitn\u00e1 kni\u017enica Vydavate\u013estvo \u0160af\u00e1rikPress Adresa: Moyzesova 9 040 01 Ko\u0161ice Zodpovedn\u00e1 osoba: PhDr. Ba\u010d\u00edkov\u00e1 Viera Pr\u00edjemca povinn\u00fdch v\u00fdtla\u010dkov:\u00a0\u00a0\u00a0\u00a0\u00a0(\u00a0* &#8211; povinn\u00e9 \u00fadaje) N\u00e1zov organiz\u00e1cie:* Adresa:* Osoba zodpovedn\u00e1 za prevzatie v\u00fdtla\u010dkov:* Autor povinn\u00e9ho v\u00fdtla\u010dku:* N\u00e1zov povinn\u00e9ho v\u00fdtla\u010dku:* Forma v\u00fdtla\u010dku:* CD\u00a0\u00a0\u00a0\u00a0\u00a0\u00a0 tla\u010den\u00e1 Odoslan\u00edm elektronickej n\u00e1vratky na Va\u0161u adresu V\u00e1m potvrdzujeme, &hellip; \u010c\u00edta\u0165 \u010falej\" \/>\n<meta property=\"og:url\" content=\"https:\/\/www.upjs.sk\/pracoviska\/univerzitna-kniznica\/navratka\/\" \/>\n<meta property=\"og:site_name\" content=\"Univerzitn\u00e1 kni\u017enica | UPJ\u0160\" \/>\n<meta property=\"article:modified_time\" content=\"2025-03-20T13:44:28+00:00\" \/>\n<meta name=\"twitter:card\" content=\"summary_large_image\" \/>\n<meta name=\"twitter:label1\" content=\"Predpokladan\u00fd \u010das \u010d\u00edtania\" \/>\n\t<meta name=\"twitter:data1\" content=\"1 min\u00fata\" \/>\n<script type=\"application\/ld+json\" class=\"yoast-schema-graph\">{\"@context\":\"https:\\\/\\\/schema.org\",\"@graph\":[{\"@type\":\"WebPage\",\"@id\":\"https:\\\/\\\/www.upjs.sk\\\/pracoviska\\\/univerzitna-kniznica\\\/navratka\\\/\",\"url\":\"https:\\\/\\\/www.upjs.sk\\\/pracoviska\\\/univerzitna-kniznica\\\/navratka\\\/\",\"name\":\"N\u00e1vratka - Univerzitn\u00e1 kni\u017enica | UPJ\u0160\",\"isPartOf\":{\"@id\":\"https:\\\/\\\/www.upjs.sk\\\/pracoviska\\\/univerzitna-kniznica\\\/#website\"},\"datePublished\":\"2020-08-17T12:40:07+00:00\",\"dateModified\":\"2025-03-20T13:44:28+00:00\",\"breadcrumb\":{\"@id\":\"https:\\\/\\\/www.upjs.sk\\\/pracoviska\\\/univerzitna-kniznica\\\/navratka\\\/#breadcrumb\"},\"inLanguage\":\"sk-SK\",\"potentialAction\":[{\"@type\":\"ReadAction\",\"target\":[\"https:\\\/\\\/www.upjs.sk\\\/pracoviska\\\/univerzitna-kniznica\\\/navratka\\\/\"]}]},{\"@type\":\"BreadcrumbList\",\"@id\":\"https:\\\/\\\/www.upjs.sk\\\/pracoviska\\\/univerzitna-kniznica\\\/navratka\\\/#breadcrumb\",\"itemListElement\":[{\"@type\":\"ListItem\",\"position\":1,\"name\":\"Home\",\"item\":\"https:\\\/\\\/www.upjs.sk\\\/pracoviska\\\/univerzitna-kniznica\\\/\"},{\"@type\":\"ListItem\",\"position\":2,\"name\":\"N\u00e1vratka\"}]},{\"@type\":\"WebSite\",\"@id\":\"https:\\\/\\\/www.upjs.sk\\\/pracoviska\\\/univerzitna-kniznica\\\/#website\",\"url\":\"https:\\\/\\\/www.upjs.sk\\\/pracoviska\\\/univerzitna-kniznica\\\/\",\"name\":\"Univerzitn\u00e1 kni\u017enica | UPJ\u0160\",\"description\":\"Dr\u017e\u00edme v\u00e1s nad vodou v mori inform\u00e1ci\u00ed\",\"publisher\":{\"@id\":\"https:\\\/\\\/www.upjs.sk\\\/pracoviska\\\/univerzitna-kniznica\\\/#organization\"},\"potentialAction\":[{\"@type\":\"SearchAction\",\"target\":{\"@type\":\"EntryPoint\",\"urlTemplate\":\"https:\\\/\\\/www.upjs.sk\\\/pracoviska\\\/univerzitna-kniznica\\\/?s={search_term_string}\"},\"query-input\":{\"@type\":\"PropertyValueSpecification\",\"valueRequired\":true,\"valueName\":\"search_term_string\"}}],\"inLanguage\":\"sk-SK\"},{\"@type\":\"Organization\",\"@id\":\"https:\\\/\\\/www.upjs.sk\\\/pracoviska\\\/univerzitna-kniznica\\\/#organization\",\"name\":\"Univerzitn\u00e1 kni\u017enica | UPJ\u0160\",\"url\":\"https:\\\/\\\/www.upjs.sk\\\/pracoviska\\\/univerzitna-kniznica\\\/\",\"logo\":{\"@type\":\"ImageObject\",\"inLanguage\":\"sk-SK\",\"@id\":\"https:\\\/\\\/www.upjs.sk\\\/pracoviska\\\/univerzitna-kniznica\\\/#\\\/schema\\\/logo\\\/image\\\/\",\"url\":\"https:\\\/\\\/www.upjs.sk\\\/app\\\/uploads\\\/sites\\\/16\\\/2023\\\/01\\\/UK-1.svg\",\"contentUrl\":\"https:\\\/\\\/www.upjs.sk\\\/app\\\/uploads\\\/sites\\\/16\\\/2023\\\/01\\\/UK-1.svg\",\"width\":500,\"height\":138,\"caption\":\"Univerzitn\u00e1 kni\u017enica | UPJ\u0160\"},\"image\":{\"@id\":\"https:\\\/\\\/www.upjs.sk\\\/pracoviska\\\/univerzitna-kniznica\\\/#\\\/schema\\\/logo\\\/image\\\/\"}}]}<\/script>\n<!-- \/ Yoast SEO plugin. -->","yoast_head_json":{"title":"N\u00e1vratka - Univerzitn\u00e1 kni\u017enica | UPJ\u0160","robots":{"index":"index","follow":"follow","max-snippet":"max-snippet:-1","max-image-preview":"max-image-preview:large","max-video-preview":"max-video-preview:-1"},"canonical":"https:\/\/www.upjs.sk\/pracoviska\/univerzitna-kniznica\/navratka\/","og_locale":"sk_SK","og_type":"article","og_title":"N\u00e1vratka - Univerzitn\u00e1 kni\u017enica | UPJ\u0160","og_description":"Odosielate\u013e povinn\u00fdch v\u00fdtla\u010dkov: N\u00e1zov organiz\u00e1cie: UPJ\u0160 v Ko\u0161iciach Univerzitn\u00e1 kni\u017enica Vydavate\u013estvo \u0160af\u00e1rikPress Adresa: Moyzesova 9 040 01 Ko\u0161ice Zodpovedn\u00e1 osoba: PhDr. Ba\u010d\u00edkov\u00e1 Viera Pr\u00edjemca povinn\u00fdch v\u00fdtla\u010dkov:\u00a0\u00a0\u00a0\u00a0\u00a0(\u00a0* &#8211; povinn\u00e9 \u00fadaje) N\u00e1zov organiz\u00e1cie:* Adresa:* Osoba zodpovedn\u00e1 za prevzatie v\u00fdtla\u010dkov:* Autor povinn\u00e9ho v\u00fdtla\u010dku:* N\u00e1zov povinn\u00e9ho v\u00fdtla\u010dku:* Forma v\u00fdtla\u010dku:* CD\u00a0\u00a0\u00a0\u00a0\u00a0\u00a0 tla\u010den\u00e1 Odoslan\u00edm elektronickej n\u00e1vratky na Va\u0161u adresu V\u00e1m potvrdzujeme, &hellip; \u010c\u00edta\u0165 \u010falej","og_url":"https:\/\/www.upjs.sk\/pracoviska\/univerzitna-kniznica\/navratka\/","og_site_name":"Univerzitn\u00e1 kni\u017enica | UPJ\u0160","article_modified_time":"2025-03-20T13:44:28+00:00","twitter_card":"summary_large_image","twitter_misc":{"Predpokladan\u00fd \u010das \u010d\u00edtania":"1 min\u00fata"},"schema":{"@context":"https:\/\/schema.org","@graph":[{"@type":"WebPage","@id":"https:\/\/www.upjs.sk\/pracoviska\/univerzitna-kniznica\/navratka\/","url":"https:\/\/www.upjs.sk\/pracoviska\/univerzitna-kniznica\/navratka\/","name":"N\u00e1vratka - Univerzitn\u00e1 kni\u017enica | UPJ\u0160","isPartOf":{"@id":"https:\/\/www.upjs.sk\/pracoviska\/univerzitna-kniznica\/#website"},"datePublished":"2020-08-17T12:40:07+00:00","dateModified":"2025-03-20T13:44:28+00:00","breadcrumb":{"@id":"https:\/\/www.upjs.sk\/pracoviska\/univerzitna-kniznica\/navratka\/#breadcrumb"},"inLanguage":"sk-SK","potentialAction":[{"@type":"ReadAction","target":["https:\/\/www.upjs.sk\/pracoviska\/univerzitna-kniznica\/navratka\/"]}]},{"@type":"BreadcrumbList","@id":"https:\/\/www.upjs.sk\/pracoviska\/univerzitna-kniznica\/navratka\/#breadcrumb","itemListElement":[{"@type":"ListItem","position":1,"name":"Home","item":"https:\/\/www.upjs.sk\/pracoviska\/univerzitna-kniznica\/"},{"@type":"ListItem","position":2,"name":"N\u00e1vratka"}]},{"@type":"WebSite","@id":"https:\/\/www.upjs.sk\/pracoviska\/univerzitna-kniznica\/#website","url":"https:\/\/www.upjs.sk\/pracoviska\/univerzitna-kniznica\/","name":"Univerzitn\u00e1 kni\u017enica | UPJ\u0160","description":"Dr\u017e\u00edme v\u00e1s nad vodou v mori inform\u00e1ci\u00ed","publisher":{"@id":"https:\/\/www.upjs.sk\/pracoviska\/univerzitna-kniznica\/#organization"},"potentialAction":[{"@type":"SearchAction","target":{"@type":"EntryPoint","urlTemplate":"https:\/\/www.upjs.sk\/pracoviska\/univerzitna-kniznica\/?s={search_term_string}"},"query-input":{"@type":"PropertyValueSpecification","valueRequired":true,"valueName":"search_term_string"}}],"inLanguage":"sk-SK"},{"@type":"Organization","@id":"https:\/\/www.upjs.sk\/pracoviska\/univerzitna-kniznica\/#organization","name":"Univerzitn\u00e1 kni\u017enica | UPJ\u0160","url":"https:\/\/www.upjs.sk\/pracoviska\/univerzitna-kniznica\/","logo":{"@type":"ImageObject","inLanguage":"sk-SK","@id":"https:\/\/www.upjs.sk\/pracoviska\/univerzitna-kniznica\/#\/schema\/logo\/image\/","url":"https:\/\/www.upjs.sk\/app\/uploads\/sites\/16\/2023\/01\/UK-1.svg","contentUrl":"https:\/\/www.upjs.sk\/app\/uploads\/sites\/16\/2023\/01\/UK-1.svg","width":500,"height":138,"caption":"Univerzitn\u00e1 kni\u017enica | UPJ\u0160"},"image":{"@id":"https:\/\/www.upjs.sk\/pracoviska\/univerzitna-kniznica\/#\/schema\/logo\/image\/"}}]}},"_links":{"self":[{"href":"https:\/\/www.upjs.sk\/pracoviska\/univerzitna-kniznica\/wp-json\/wp\/v2\/pages\/13674","targetHints":{"allow":["GET"]}}],"collection":[{"href":"https:\/\/www.upjs.sk\/pracoviska\/univerzitna-kniznica\/wp-json\/wp\/v2\/pages"}],"about":[{"href":"https:\/\/www.upjs.sk\/pracoviska\/univerzitna-kniznica\/wp-json\/wp\/v2\/types\/page"}],"author":[{"embeddable":true,"href":"https:\/\/www.upjs.sk\/pracoviska\/univerzitna-kniznica\/wp-json\/wp\/v2\/users\/1"}],"replies":[{"embeddable":true,"href":"https:\/\/www.upjs.sk\/pracoviska\/univerzitna-kniznica\/wp-json\/wp\/v2\/comments?post=13674"}],"version-history":[{"count":5,"href":"https:\/\/www.upjs.sk\/pracoviska\/univerzitna-kniznica\/wp-json\/wp\/v2\/pages\/13674\/revisions"}],"predecessor-version":[{"id":36566,"href":"https:\/\/www.upjs.sk\/pracoviska\/univerzitna-kniznica\/wp-json\/wp\/v2\/pages\/13674\/revisions\/36566"}],"wp:attachment":[{"href":"https:\/\/www.upjs.sk\/pracoviska\/univerzitna-kniznica\/wp-json\/wp\/v2\/media?parent=13674"}],"wp:term":[{"taxonomy":"category","embeddable":true,"href":"https:\/\/www.upjs.sk\/pracoviska\/univerzitna-kniznica\/wp-json\/wp\/v2\/categories?post=13674"},{"taxonomy":"post_tag","embeddable":true,"href":"https:\/\/www.upjs.sk\/pracoviska\/univerzitna-kniznica\/wp-json\/wp\/v2\/tags?post=13674"}],"curies":[{"name":"wp","href":"https:\/\/api.w.org\/{rel}","templated":true}]}}