{"id":13747,"date":"2020-02-25T14:58:33","date_gmt":"2020-02-25T14:58:33","guid":{"rendered":"https:\/\/www.upjs.sk\/pracoviska\/univerzitna-kniznica\/root\/edicna-cinost\/anotacia-51\/"},"modified":"2022-11-08T16:15:21","modified_gmt":"2022-11-08T16:15:21","slug":"anotacia-51","status":"publish","type":"page","link":"https:\/\/www.upjs.sk\/pracoviska\/univerzitna-kniznica\/anotacia-51\/","title":{"rendered":"Anot\u00e1cia"},"content":{"rendered":"<table cellspacing=\"1\" cellpadding=\"10\" width=\"100%\" border=\"1\">\n<tbody>\n<tr>\n<td>\n<p align=\"justify\">Pavol Jozef \u0160af\u00e1rik nap\u00edsal, \u017ee Staro\u017eitnosti mali \u00falohu \u201estru\u010dne predstavi\u0165 v\u0161etko, \u010do z hodnovern\u00fdch prame\u0148ov, po usilovnom a s\u00fadnom rozbore, o p\u00f4vode, prvotn\u00fdch s\u00eddlach, rozvetven\u00ed, dejoch, povahe, \u017eivotnosti, n\u00e1bo\u017eenstve, poriadku, jazyku, p\u00edsme a umen\u00ed slovansk\u00e9ho pran\u00e1roda v nov\u0161ej dobe bolo bu\u010f in\u00fdmi, alebo nami vy\u0161etren\u00e9 a uznan\u00e9 za prav\u00e9\u201c. \u0160af\u00e1rikova koncepcia a zacielen\u00fd program v\u00fdskumu staro\u017eitnost\u00ed Slovanov boli vo svojom celku obsiahle a n\u00e1ro\u010dn\u00e9. Neboli len oby\u010dajnou sumariz\u00e1ciou viac-menej samotn\u00fdch probl\u00e9mov\u00fdch okruhov, javov, ale predov\u0161etk\u00fdm rodiacim sa \u201emultidisciplin\u00e1rnym\u201c vedn\u00fdm odborom, ktor\u00fd m\u00e1 svoj preva\u017ene zrete\u013ene vyhranen\u00fd, logicky pevne sk\u013aben\u00fd a aj jednotn\u00fd predmet b\u00e1dania. Ak uva\u017eujeme vo vz\u0165ahu k dne\u0161ku, pr\u00e1ve v\u00fdskum archeol\u00f3gie stredoveku a v jej r\u00e1mci aj Slovanov si taktie\u017e \u017eiada uplatni\u0165 rovnako pevn\u00fa, jednotn\u00fa, kvalitne spracovan\u00fa met\u00f3d\u00fa b\u00e1dania v\u0161etk\u00fdch zainteresovan\u00fdch vedn\u00fdch discipl\u00edn \u2013 predov\u0161etk\u00fdm archeol\u00f3gie, hist\u00f3rie, jazykovedy, etnol\u00f3gie a antropol\u00f3gie. Napokon pr\u00e1ve dielo Slovansk\u00e9 staro\u017eitnosti zostalo nielen u\u017e spom\u00ednanou celkovou koncepciou, ale v konkr\u00e9tnej dobe dokonal\u00fdm a jednotn\u00fdm pou\u017eit\u00edm viacer\u00fdch vedn\u00fdch discip\u00edn skuto\u010dne pr\u00edkladnou a na svoju dobu neprekonate\u013enou tvorbou.<\/p>\n<p align=\"right\">Du\u0161an \u010caplovi\u010d<\/p>\n<p align=\"left\"><strong>Kontakt v pr\u00edpade z\u00e1ujmu<br \/>             \u00a0<br \/>             PhDr. Daniela D\u017euganov\u00e1<br \/>             riadite\u013eka Univerzitnej kni\u017enice<\/strong><br \/>             tel: +421 55 2341606<br \/>             mob: 0908 506 985<br \/>             VoIP: 1606<\/p>\n<\/td>\n<\/tr>\n<\/tbody>\n<\/table>\n<p style=\"text-align: left\"><a href=\"\/pracoviska\/univerzitna-kniznica\/edicna-cinost\/knizne-novinky#51\"><font size=\"1\"><b><<<\/b><\/font><\/a><\/p>\n","protected":false},"excerpt":{"rendered":"<p>Pavol Jozef \u0160af\u00e1rik nap\u00edsal, \u017ee Staro\u017eitnosti mali \u00falohu \u201estru\u010dne predstavi\u0165 v\u0161etko, \u010do z hodnovern\u00fdch prame\u0148ov, po usilovnom a s\u00fadnom rozbore, o p\u00f4vode, prvotn\u00fdch s\u00eddlach, rozvetven\u00ed, dejoch, povahe, \u017eivotnosti, n\u00e1bo\u017eenstve, poriadku, jazyku, p\u00edsme a umen\u00ed slovansk\u00e9ho pran\u00e1roda v nov\u0161ej dobe bolo bu\u010f in\u00fdmi, alebo nami vy\u0161etren\u00e9 a uznan\u00e9 za prav\u00e9\u201c. \u0160af\u00e1rikova koncepcia a zacielen\u00fd program v\u00fdskumu &hellip; <a href=\"https:\/\/www.upjs.sk\/pracoviska\/univerzitna-kniznica\/anotacia-51\/\">\u010c\u00edta\u0165 \u010falej<\/a><\/p>\n","protected":false},"author":1,"featured_media":0,"parent":0,"menu_order":0,"comment_status":"closed","ping_status":"closed","template":"","meta":{"_acf_changed":false,"_editorskit_title_hidden":false,"_editorskit_reading_time":0,"_editorskit_is_block_options_detached":false,"_editorskit_block_options_position":"{}","footnotes":""},"categories":[],"tags":[],"class_list":["post-13747","page","type-page","status-publish","hentry"],"acf":{"acf_link_na_externy_obsah":""},"yoast_head":"<!-- This site is optimized with the Yoast SEO plugin v27.4 - https:\/\/yoast.com\/product\/yoast-seo-wordpress\/ -->\n<title>Anot\u00e1cia - Univerzitn\u00e1 kni\u017enica | UPJ\u0160<\/title>\n<meta name=\"robots\" content=\"index, follow, max-snippet:-1, max-image-preview:large, max-video-preview:-1\" \/>\n<link rel=\"canonical\" href=\"https:\/\/www.upjs.sk\/pracoviska\/univerzitna-kniznica\/anotacia-51\/\" \/>\n<meta property=\"og:locale\" content=\"sk_SK\" \/>\n<meta property=\"og:type\" content=\"article\" \/>\n<meta property=\"og:title\" content=\"Anot\u00e1cia - Univerzitn\u00e1 kni\u017enica | UPJ\u0160\" \/>\n<meta property=\"og:description\" content=\"Pavol Jozef \u0160af\u00e1rik nap\u00edsal, \u017ee Staro\u017eitnosti mali \u00falohu \u201estru\u010dne predstavi\u0165 v\u0161etko, \u010do z hodnovern\u00fdch prame\u0148ov, po usilovnom a s\u00fadnom rozbore, o p\u00f4vode, prvotn\u00fdch s\u00eddlach, rozvetven\u00ed, dejoch, povahe, \u017eivotnosti, n\u00e1bo\u017eenstve, poriadku, jazyku, p\u00edsme a umen\u00ed slovansk\u00e9ho pran\u00e1roda v nov\u0161ej dobe bolo bu\u010f in\u00fdmi, alebo nami vy\u0161etren\u00e9 a uznan\u00e9 za prav\u00e9\u201c. \u0160af\u00e1rikova koncepcia a zacielen\u00fd program v\u00fdskumu &hellip; \u010c\u00edta\u0165 \u010falej\" \/>\n<meta property=\"og:url\" content=\"https:\/\/www.upjs.sk\/pracoviska\/univerzitna-kniznica\/anotacia-51\/\" \/>\n<meta property=\"og:site_name\" content=\"Univerzitn\u00e1 kni\u017enica | UPJ\u0160\" \/>\n<meta property=\"article:modified_time\" content=\"2022-11-08T16:15:21+00:00\" \/>\n<meta name=\"twitter:card\" content=\"summary_large_image\" \/>\n<meta name=\"twitter:label1\" content=\"Predpokladan\u00fd \u010das \u010d\u00edtania\" \/>\n\t<meta name=\"twitter:data1\" content=\"1 min\u00fata\" \/>\n<script type=\"application\/ld+json\" class=\"yoast-schema-graph\">{\"@context\":\"https:\\\/\\\/schema.org\",\"@graph\":[{\"@type\":\"WebPage\",\"@id\":\"https:\\\/\\\/www.upjs.sk\\\/pracoviska\\\/univerzitna-kniznica\\\/anotacia-51\\\/\",\"url\":\"https:\\\/\\\/www.upjs.sk\\\/pracoviska\\\/univerzitna-kniznica\\\/anotacia-51\\\/\",\"name\":\"Anot\u00e1cia - Univerzitn\u00e1 kni\u017enica | UPJ\u0160\",\"isPartOf\":{\"@id\":\"https:\\\/\\\/www.upjs.sk\\\/pracoviska\\\/univerzitna-kniznica\\\/#website\"},\"datePublished\":\"2020-02-25T14:58:33+00:00\",\"dateModified\":\"2022-11-08T16:15:21+00:00\",\"breadcrumb\":{\"@id\":\"https:\\\/\\\/www.upjs.sk\\\/pracoviska\\\/univerzitna-kniznica\\\/anotacia-51\\\/#breadcrumb\"},\"inLanguage\":\"sk-SK\",\"potentialAction\":[{\"@type\":\"ReadAction\",\"target\":[\"https:\\\/\\\/www.upjs.sk\\\/pracoviska\\\/univerzitna-kniznica\\\/anotacia-51\\\/\"]}]},{\"@type\":\"BreadcrumbList\",\"@id\":\"https:\\\/\\\/www.upjs.sk\\\/pracoviska\\\/univerzitna-kniznica\\\/anotacia-51\\\/#breadcrumb\",\"itemListElement\":[{\"@type\":\"ListItem\",\"position\":1,\"name\":\"Home\",\"item\":\"https:\\\/\\\/www.upjs.sk\\\/pracoviska\\\/univerzitna-kniznica\\\/\"},{\"@type\":\"ListItem\",\"position\":2,\"name\":\"Anot\u00e1cia\"}]},{\"@type\":\"WebSite\",\"@id\":\"https:\\\/\\\/www.upjs.sk\\\/pracoviska\\\/univerzitna-kniznica\\\/#website\",\"url\":\"https:\\\/\\\/www.upjs.sk\\\/pracoviska\\\/univerzitna-kniznica\\\/\",\"name\":\"Univerzitn\u00e1 kni\u017enica | UPJ\u0160\",\"description\":\"Dr\u017e\u00edme v\u00e1s nad vodou v mori inform\u00e1ci\u00ed\",\"publisher\":{\"@id\":\"https:\\\/\\\/www.upjs.sk\\\/pracoviska\\\/univerzitna-kniznica\\\/#organization\"},\"potentialAction\":[{\"@type\":\"SearchAction\",\"target\":{\"@type\":\"EntryPoint\",\"urlTemplate\":\"https:\\\/\\\/www.upjs.sk\\\/pracoviska\\\/univerzitna-kniznica\\\/?s={search_term_string}\"},\"query-input\":{\"@type\":\"PropertyValueSpecification\",\"valueRequired\":true,\"valueName\":\"search_term_string\"}}],\"inLanguage\":\"sk-SK\"},{\"@type\":\"Organization\",\"@id\":\"https:\\\/\\\/www.upjs.sk\\\/pracoviska\\\/univerzitna-kniznica\\\/#organization\",\"name\":\"Univerzitn\u00e1 kni\u017enica | UPJ\u0160\",\"url\":\"https:\\\/\\\/www.upjs.sk\\\/pracoviska\\\/univerzitna-kniznica\\\/\",\"logo\":{\"@type\":\"ImageObject\",\"inLanguage\":\"sk-SK\",\"@id\":\"https:\\\/\\\/www.upjs.sk\\\/pracoviska\\\/univerzitna-kniznica\\\/#\\\/schema\\\/logo\\\/image\\\/\",\"url\":\"https:\\\/\\\/www.upjs.sk\\\/app\\\/uploads\\\/sites\\\/16\\\/2023\\\/01\\\/UK-1.svg\",\"contentUrl\":\"https:\\\/\\\/www.upjs.sk\\\/app\\\/uploads\\\/sites\\\/16\\\/2023\\\/01\\\/UK-1.svg\",\"width\":500,\"height\":138,\"caption\":\"Univerzitn\u00e1 kni\u017enica | UPJ\u0160\"},\"image\":{\"@id\":\"https:\\\/\\\/www.upjs.sk\\\/pracoviska\\\/univerzitna-kniznica\\\/#\\\/schema\\\/logo\\\/image\\\/\"}}]}<\/script>\n<!-- \/ Yoast SEO plugin. -->","yoast_head_json":{"title":"Anot\u00e1cia - Univerzitn\u00e1 kni\u017enica | UPJ\u0160","robots":{"index":"index","follow":"follow","max-snippet":"max-snippet:-1","max-image-preview":"max-image-preview:large","max-video-preview":"max-video-preview:-1"},"canonical":"https:\/\/www.upjs.sk\/pracoviska\/univerzitna-kniznica\/anotacia-51\/","og_locale":"sk_SK","og_type":"article","og_title":"Anot\u00e1cia - Univerzitn\u00e1 kni\u017enica | UPJ\u0160","og_description":"Pavol Jozef \u0160af\u00e1rik nap\u00edsal, \u017ee Staro\u017eitnosti mali \u00falohu \u201estru\u010dne predstavi\u0165 v\u0161etko, \u010do z hodnovern\u00fdch prame\u0148ov, po usilovnom a s\u00fadnom rozbore, o p\u00f4vode, prvotn\u00fdch s\u00eddlach, rozvetven\u00ed, dejoch, povahe, \u017eivotnosti, n\u00e1bo\u017eenstve, poriadku, jazyku, p\u00edsme a umen\u00ed slovansk\u00e9ho pran\u00e1roda v nov\u0161ej dobe bolo bu\u010f in\u00fdmi, alebo nami vy\u0161etren\u00e9 a uznan\u00e9 za prav\u00e9\u201c. \u0160af\u00e1rikova koncepcia a zacielen\u00fd program v\u00fdskumu &hellip; \u010c\u00edta\u0165 \u010falej","og_url":"https:\/\/www.upjs.sk\/pracoviska\/univerzitna-kniznica\/anotacia-51\/","og_site_name":"Univerzitn\u00e1 kni\u017enica | UPJ\u0160","article_modified_time":"2022-11-08T16:15:21+00:00","twitter_card":"summary_large_image","twitter_misc":{"Predpokladan\u00fd \u010das \u010d\u00edtania":"1 min\u00fata"},"schema":{"@context":"https:\/\/schema.org","@graph":[{"@type":"WebPage","@id":"https:\/\/www.upjs.sk\/pracoviska\/univerzitna-kniznica\/anotacia-51\/","url":"https:\/\/www.upjs.sk\/pracoviska\/univerzitna-kniznica\/anotacia-51\/","name":"Anot\u00e1cia - Univerzitn\u00e1 kni\u017enica | UPJ\u0160","isPartOf":{"@id":"https:\/\/www.upjs.sk\/pracoviska\/univerzitna-kniznica\/#website"},"datePublished":"2020-02-25T14:58:33+00:00","dateModified":"2022-11-08T16:15:21+00:00","breadcrumb":{"@id":"https:\/\/www.upjs.sk\/pracoviska\/univerzitna-kniznica\/anotacia-51\/#breadcrumb"},"inLanguage":"sk-SK","potentialAction":[{"@type":"ReadAction","target":["https:\/\/www.upjs.sk\/pracoviska\/univerzitna-kniznica\/anotacia-51\/"]}]},{"@type":"BreadcrumbList","@id":"https:\/\/www.upjs.sk\/pracoviska\/univerzitna-kniznica\/anotacia-51\/#breadcrumb","itemListElement":[{"@type":"ListItem","position":1,"name":"Home","item":"https:\/\/www.upjs.sk\/pracoviska\/univerzitna-kniznica\/"},{"@type":"ListItem","position":2,"name":"Anot\u00e1cia"}]},{"@type":"WebSite","@id":"https:\/\/www.upjs.sk\/pracoviska\/univerzitna-kniznica\/#website","url":"https:\/\/www.upjs.sk\/pracoviska\/univerzitna-kniznica\/","name":"Univerzitn\u00e1 kni\u017enica | UPJ\u0160","description":"Dr\u017e\u00edme v\u00e1s nad vodou v mori inform\u00e1ci\u00ed","publisher":{"@id":"https:\/\/www.upjs.sk\/pracoviska\/univerzitna-kniznica\/#organization"},"potentialAction":[{"@type":"SearchAction","target":{"@type":"EntryPoint","urlTemplate":"https:\/\/www.upjs.sk\/pracoviska\/univerzitna-kniznica\/?s={search_term_string}"},"query-input":{"@type":"PropertyValueSpecification","valueRequired":true,"valueName":"search_term_string"}}],"inLanguage":"sk-SK"},{"@type":"Organization","@id":"https:\/\/www.upjs.sk\/pracoviska\/univerzitna-kniznica\/#organization","name":"Univerzitn\u00e1 kni\u017enica | UPJ\u0160","url":"https:\/\/www.upjs.sk\/pracoviska\/univerzitna-kniznica\/","logo":{"@type":"ImageObject","inLanguage":"sk-SK","@id":"https:\/\/www.upjs.sk\/pracoviska\/univerzitna-kniznica\/#\/schema\/logo\/image\/","url":"https:\/\/www.upjs.sk\/app\/uploads\/sites\/16\/2023\/01\/UK-1.svg","contentUrl":"https:\/\/www.upjs.sk\/app\/uploads\/sites\/16\/2023\/01\/UK-1.svg","width":500,"height":138,"caption":"Univerzitn\u00e1 kni\u017enica | UPJ\u0160"},"image":{"@id":"https:\/\/www.upjs.sk\/pracoviska\/univerzitna-kniznica\/#\/schema\/logo\/image\/"}}]}},"_links":{"self":[{"href":"https:\/\/www.upjs.sk\/pracoviska\/univerzitna-kniznica\/wp-json\/wp\/v2\/pages\/13747","targetHints":{"allow":["GET"]}}],"collection":[{"href":"https:\/\/www.upjs.sk\/pracoviska\/univerzitna-kniznica\/wp-json\/wp\/v2\/pages"}],"about":[{"href":"https:\/\/www.upjs.sk\/pracoviska\/univerzitna-kniznica\/wp-json\/wp\/v2\/types\/page"}],"author":[{"embeddable":true,"href":"https:\/\/www.upjs.sk\/pracoviska\/univerzitna-kniznica\/wp-json\/wp\/v2\/users\/1"}],"replies":[{"embeddable":true,"href":"https:\/\/www.upjs.sk\/pracoviska\/univerzitna-kniznica\/wp-json\/wp\/v2\/comments?post=13747"}],"version-history":[{"count":1,"href":"https:\/\/www.upjs.sk\/pracoviska\/univerzitna-kniznica\/wp-json\/wp\/v2\/pages\/13747\/revisions"}],"predecessor-version":[{"id":15899,"href":"https:\/\/www.upjs.sk\/pracoviska\/univerzitna-kniznica\/wp-json\/wp\/v2\/pages\/13747\/revisions\/15899"}],"wp:attachment":[{"href":"https:\/\/www.upjs.sk\/pracoviska\/univerzitna-kniznica\/wp-json\/wp\/v2\/media?parent=13747"}],"wp:term":[{"taxonomy":"category","embeddable":true,"href":"https:\/\/www.upjs.sk\/pracoviska\/univerzitna-kniznica\/wp-json\/wp\/v2\/categories?post=13747"},{"taxonomy":"post_tag","embeddable":true,"href":"https:\/\/www.upjs.sk\/pracoviska\/univerzitna-kniznica\/wp-json\/wp\/v2\/tags?post=13747"}],"curies":[{"name":"wp","href":"https:\/\/api.w.org\/{rel}","templated":true}]}}