{"id":14179,"date":"2009-11-05T08:15:53","date_gmt":"2009-11-05T08:15:53","guid":{"rendered":"https:\/\/www.upjs.sk\/pracoviska\/univerzitna-kniznica\/root\/e-ziadanky\/dotaznik-spokojnosti\/"},"modified":"2022-11-08T16:16:50","modified_gmt":"2022-11-08T16:16:50","slug":"dotaznik-spokojnosti","status":"publish","type":"page","link":"https:\/\/www.upjs.sk\/pracoviska\/univerzitna-kniznica\/e-ziadanky\/dotaznik-spokojnosti\/","title":{"rendered":"Dotazn\u00edk spokojnosti"},"content":{"rendered":"<table width=\"100%\" cellspacing=\"5\" cellpadding=\"5\" border=\"1\">\n<tbody>\n<tr>\n<td>\n<form action=\"http:\/\/library.upjs.sk\/ziadanky\/odoslat-dotaznik-spokojnosti.php\" method=\"post\">\n<table cellspacing=\"1\" cellpadding=\"5\" border=\"0\">\n<tbody>\n<tr>\n<td><img decoding=\"async\" src=\"http:\/\/library.upjs.sk\/img\/ukupjs-logo.jpg\" alt=\"\" width=\"100\"><\/td>\n<td>\n<p align=\"justify\">V\u00e1\u017een\u00fd pou\u017e\u00edvate\u013e,<br \/>\nz\u00e1merom Univerzitnej kni\u017enice (UK) je poskytova\u0165 pre V\u00e1s \u010do najkvalitnej\u0161ie kni\u017eni\u010dn\u00e9 slu\u017eby. Z toho d\u00f4vodu je pre n\u00e1s ve\u013emi d\u00f4le\u017eit\u00e1 sp\u00e4tn\u00e1 v\u00e4zba od V\u00e1s. Dovo\u013eujeme si V\u00e1s preto po\u017eiada\u0165 o vyplnenie Dotazn\u00edka spokojnosti s&nbsp;na\u0161imi slu\u017ebami. Dotazn\u00edk je anonymn\u00fd a za jeho vyplnenie V\u00e1m vopred \u010fakujeme.<\/p>\n<\/td>\n<\/tr>\n<\/tbody>\n<\/table>\n<hr>\n<ol>\n<li><b>Pohlavie:<\/b><br \/>\n<input name=\"pohl\" type=\"radio\" value=\"1\">mu\u017e<br \/>\n<input name=\"pohl\" type=\"radio\" value=\"2\">\u017eena<\/li>\n<li><b>Kateg\u00f3ria:<\/b><br \/>\n<input name=\"zam\" type=\"radio\" value=\"1\">\u0161tudent &nbsp;&nbsp;&nbsp;fakulta <input name=\"fak\" size=\"25\" type=\"text\">&nbsp;&nbsp;&nbsp;ro\u010dn\u00edk <input name=\"roc\" size=\"5\" type=\"text\"><br \/>\n<input name=\"zam\" type=\"radio\" value=\"2\">pedag\u00f3g<br \/>\n<input name=\"zam\" type=\"radio\" value=\"3\">vedecko-v\u00fdskumn\u00fd&nbsp;pracovn\u00edk<br \/>\n<input name=\"zam\" type=\"radio\" value=\"4\">in\u00e1&nbsp;&#8211;&nbsp;uve\u010fte: <input name=\"odbor\" size=\"40\" type=\"text\"><\/li>\n<li><b>Ak\u00e9 kni\u017eni\u010dno-informa\u010dn\u00e9 slu\u017eby UK vyu\u017e\u00edvate?<\/b> (mo\u017enos\u0165 viacn\u00e1sobn\u00e9ho v\u00fdberu)<br \/>\n<table cellspacing=\"5\" cellpadding=\"0\">\n<tbody>\n<tr>\n<td><input name=\"sluz1\" type=\"checkbox\" value=\"on\">v\u00fdpo\u017ei\u010dn\u00e9<\/td>\n<td><input name=\"sluz2\" type=\"checkbox\" value=\"on\">reprografick\u00e9<\/td>\n<td><input name=\"sluz3\" type=\"checkbox\" value=\"on\">\u0161tudovne\/prezen\u010dn\u00e9<\/td>\n<\/tr>\n<tr>\n<td><input name=\"sluz4\" type=\"checkbox\" value=\"on\">re\u0161er\u0161n\u00e9<\/td>\n<td><input name=\"sluz5\" type=\"checkbox\" value=\"on\">medzikni\u017eni\u010dn\u00e1 v\u00fdpo\u017ei\u010dn\u00e1 slu\u017eba<\/td>\n<\/tr>\n<tr>\n<td><input name=\"sluz6\" type=\"checkbox\" value=\"on\">kurzy, \u0161kolenia<\/td>\n<td><input name=\"sluz7\" type=\"checkbox\" value=\"on\">konzulta\u010dn\u00e9, referen\u010dn\u00e9<\/td>\n<td><\/td>\n<\/tr>\n<\/tbody>\n<\/table>\n<\/li>\n<li><b>Ako ste spokojn\u00fd s poskytovan\u00fdmi kni\u017eni\u010dno-informa\u010dn\u00fdmi slu\u017ebami UK?<\/b><br \/>\n<input name=\"spok\" type=\"radio\" value=\"1\">som spokojn\u00fd<br \/>\n<input name=\"spok\" type=\"radio\" value=\"2\">som \u010diasto\u010dne spokojn\u00fd<br \/>\n<input name=\"spok\" type=\"radio\" value=\"3\">som nespokojn\u00fd&nbsp;&#8211; uve\u010fte d\u00f4vody:&nbsp;&nbsp;<input name=\"spokd\" size=\"25\" type=\"text\"><\/li>\n<li><b>Ako \u010dasto vyu\u017e\u00edvate kni\u017eni\u010dno-informa\u010dn\u00e9 slu\u017eby UK?<\/b>&nbsp;&nbsp;<select name=\"casto\" size=\"1\"><option selected=\"selected\" value=\"0\">denne<\/option><option value=\"1\">1x&nbsp;za&nbsp;t\u00fd\u017ede\u0148<\/option><option value=\"2\">1x&nbsp;za&nbsp;mesiac<\/option><option value=\"3\">1x&nbsp;za&nbsp;semester<\/option><option value=\"4\">nepravidelne<\/option><option value=\"5\">in\u00e9<\/option><\/select><\/li>\n<li><b>Vyhovuje V\u00e1m skladba kni\u017eni\u010dn\u00e9ho fondu? (napr. dostatok odbornej literat\u00fary, tla\u010den\u00fdch odborn\u00fdch period\u00edk, pokrytie odborov, viac exempl\u00e1rov \u0161tudijnej literat\u00fary, multim\u00e9di\u00e1, on-line zdroje&#8230;)<\/b><br \/>\n<input name=\"lit\" type=\"radio\" value=\"1\">\u00e1no<br \/>\n<input name=\"lit\" type=\"radio\" value=\"2\">nie&nbsp;&#8211;&nbsp;ak\u00e1 literat\u00fara V\u00e1m ch\u00fdba:&nbsp;&nbsp;<textarea cols=\"30\" name=\"litchyba\"><\/textarea><\/li>\n<li><b>Vyhovuje V\u00e1m otv\u00e1rac\u00ed \u010das pracov\u00edsk UK?<\/b><br \/>\n<input name=\"otv\" type=\"radio\" value=\"1\">\u00e1no<br \/>\n<input name=\"otv\" type=\"radio\" value=\"2\">nie&nbsp;&#8211;&nbsp;uve\u010fte Va\u0161e n\u00e1rhy:&nbsp;&nbsp;<textarea cols=\"30\" name=\"otvnavrh\"><\/textarea><\/li>\n<li><b>Vyhovuje V\u00e1m technick\u00e9 vybavenie pracoviska UK na Va\u0161ej fakulte? (napr. IT zariadenia a programov\u00e9 vybavenie, po\u010d\u00edta\u010de, tla\u010diarne, skenery, napa\u013eova\u010dky, kop\u00edrovacie stroje, wifi&#8230;)<\/b><br \/>\n<input name=\"vyb\" type=\"radio\" value=\"1\">\u00e1no<br \/>\n<input name=\"vyb\" type=\"radio\" value=\"2\">nie&nbsp;&#8211;&nbsp;uve\u010fte Va\u0161e n\u00e1rhy:&nbsp;&nbsp;<textarea cols=\"30\" name=\"vybnavrh\"><\/textarea><\/li>\n<li><b>Akou zn\u00e1mkou od 1 po 5 by ste hodnotili celkov\u00fa kvalitu kni\u017eni\u010dno-informa\u010dn\u00fdch slu\u017eieb UK?<\/b><br \/>\n<input name=\"kvalita\" type=\"radio\" value=\"1\">1&nbsp;&nbsp;&nbsp;&nbsp;&nbsp;&nbsp; <input name=\"kvalita\" type=\"radio\" value=\"2\">2&nbsp;&nbsp;&nbsp;&nbsp;&nbsp;&nbsp; <input name=\"kvalita\" type=\"radio\" value=\"3\">3&nbsp;&nbsp;&nbsp;&nbsp;&nbsp;&nbsp; <input name=\"kvalita\" type=\"radio\" value=\"4\">4&nbsp;&nbsp;&nbsp;&nbsp;&nbsp;&nbsp; <input name=\"kvalita\" type=\"radio\" value=\"5\">5<\/li>\n<li><b>Uve\u010fte pr\u00edpadne aj Va\u0161e \u010fal\u0161ie n\u00e1vrhy a pripomienky ku kni\u017eni\u010dno-informa\u010dn\u00fdm slu\u017eb\u00e1m UK:<\/b><br \/>\n<textarea cols=\"60\" name=\"doplninfo\" rows=\"3\"><\/textarea><\/li>\n<\/ol>\n<p align=\"center\"><input style=\"font-size: 100%;\" type=\"submit\" value=\"Odosla\u0165 dotazn\u00edk\"> <input style=\"font-size: 100%;\" type=\"reset\" value=\"Vymaza\u0165 dotazn\u00edk\"><\/p>\n<p><i><b>\u010eakujeme za spolupr\u00e1cu!<\/b><\/i><\/p>\n<\/form>\n<\/td>\n<\/tr>\n<\/tbody>\n<\/table>\n","protected":false},"excerpt":{"rendered":"<p>V\u00e1\u017een\u00fd pou\u017e\u00edvate\u013e, z\u00e1merom Univerzitnej kni\u017enice (UK) je poskytova\u0165 pre V\u00e1s \u010do najkvalitnej\u0161ie kni\u017eni\u010dn\u00e9 slu\u017eby. Z toho d\u00f4vodu je pre n\u00e1s ve\u013emi d\u00f4le\u017eit\u00e1 sp\u00e4tn\u00e1 v\u00e4zba od V\u00e1s. Dovo\u013eujeme si V\u00e1s preto po\u017eiada\u0165 o vyplnenie Dotazn\u00edka spokojnosti s&nbsp;na\u0161imi slu\u017ebami. Dotazn\u00edk je anonymn\u00fd a za jeho vyplnenie V\u00e1m vopred \u010fakujeme. Pohlavie: mu\u017e \u017eena Kateg\u00f3ria: \u0161tudent &nbsp;&nbsp;&nbsp;fakulta &nbsp;&nbsp;&nbsp;ro\u010dn\u00edk pedag\u00f3g &hellip; <a href=\"https:\/\/www.upjs.sk\/pracoviska\/univerzitna-kniznica\/e-ziadanky\/dotaznik-spokojnosti\/\">\u010c\u00edta\u0165 \u010falej<\/a><\/p>\n","protected":false},"author":1,"featured_media":0,"parent":14158,"menu_order":0,"comment_status":"closed","ping_status":"closed","template":"","meta":{"_acf_changed":false,"_editorskit_title_hidden":false,"_editorskit_reading_time":0,"_editorskit_is_block_options_detached":false,"_editorskit_block_options_position":"{}","footnotes":""},"categories":[],"tags":[],"class_list":["post-14179","page","type-page","status-publish","hentry"],"acf":{"acf_link_na_externy_obsah":""},"yoast_head":"<!-- This site is optimized with the Yoast SEO plugin v27.2 - https:\/\/yoast.com\/product\/yoast-seo-wordpress\/ -->\n<title>Dotazn\u00edk spokojnosti - Univerzitn\u00e1 kni\u017enica | UPJ\u0160<\/title>\n<meta name=\"robots\" content=\"index, follow, max-snippet:-1, max-image-preview:large, max-video-preview:-1\" \/>\n<link rel=\"canonical\" href=\"https:\/\/www.upjs.sk\/pracoviska\/univerzitna-kniznica\/e-ziadanky\/dotaznik-spokojnosti\/\" \/>\n<meta property=\"og:locale\" content=\"sk_SK\" \/>\n<meta property=\"og:type\" content=\"article\" \/>\n<meta property=\"og:title\" content=\"Dotazn\u00edk spokojnosti - Univerzitn\u00e1 kni\u017enica | UPJ\u0160\" \/>\n<meta property=\"og:description\" content=\"V\u00e1\u017een\u00fd pou\u017e\u00edvate\u013e, z\u00e1merom Univerzitnej kni\u017enice (UK) je poskytova\u0165 pre V\u00e1s \u010do najkvalitnej\u0161ie kni\u017eni\u010dn\u00e9 slu\u017eby. Z toho d\u00f4vodu je pre n\u00e1s ve\u013emi d\u00f4le\u017eit\u00e1 sp\u00e4tn\u00e1 v\u00e4zba od V\u00e1s. Dovo\u013eujeme si V\u00e1s preto po\u017eiada\u0165 o vyplnenie Dotazn\u00edka spokojnosti s&nbsp;na\u0161imi slu\u017ebami. Dotazn\u00edk je anonymn\u00fd a za jeho vyplnenie V\u00e1m vopred \u010fakujeme. Pohlavie: mu\u017e \u017eena Kateg\u00f3ria: \u0161tudent &nbsp;&nbsp;&nbsp;fakulta &nbsp;&nbsp;&nbsp;ro\u010dn\u00edk pedag\u00f3g &hellip; \u010c\u00edta\u0165 \u010falej\" \/>\n<meta property=\"og:url\" content=\"https:\/\/www.upjs.sk\/pracoviska\/univerzitna-kniznica\/e-ziadanky\/dotaznik-spokojnosti\/\" \/>\n<meta property=\"og:site_name\" content=\"Univerzitn\u00e1 kni\u017enica | UPJ\u0160\" \/>\n<meta property=\"article:modified_time\" content=\"2022-11-08T16:16:50+00:00\" \/>\n<meta property=\"og:image\" content=\"http:\/\/library.upjs.sk\/img\/ukupjs-logo.jpg\" \/>\n<meta name=\"twitter:card\" content=\"summary_large_image\" \/>\n<meta name=\"twitter:label1\" content=\"Predpokladan\u00fd \u010das \u010d\u00edtania\" \/>\n\t<meta name=\"twitter:data1\" content=\"2 min\u00faty\" \/>\n<script type=\"application\/ld+json\" class=\"yoast-schema-graph\">{\"@context\":\"https:\/\/schema.org\",\"@graph\":[{\"@type\":\"WebPage\",\"@id\":\"https:\/\/www.upjs.sk\/pracoviska\/univerzitna-kniznica\/e-ziadanky\/dotaznik-spokojnosti\/\",\"url\":\"https:\/\/www.upjs.sk\/pracoviska\/univerzitna-kniznica\/e-ziadanky\/dotaznik-spokojnosti\/\",\"name\":\"Dotazn\u00edk spokojnosti - Univerzitn\u00e1 kni\u017enica | UPJ\u0160\",\"isPartOf\":{\"@id\":\"https:\/\/www.upjs.sk\/pracoviska\/univerzitna-kniznica\/#website\"},\"primaryImageOfPage\":{\"@id\":\"https:\/\/www.upjs.sk\/pracoviska\/univerzitna-kniznica\/e-ziadanky\/dotaznik-spokojnosti\/#primaryimage\"},\"image\":{\"@id\":\"https:\/\/www.upjs.sk\/pracoviska\/univerzitna-kniznica\/e-ziadanky\/dotaznik-spokojnosti\/#primaryimage\"},\"thumbnailUrl\":\"http:\/\/library.upjs.sk\/img\/ukupjs-logo.jpg\",\"datePublished\":\"2009-11-05T08:15:53+00:00\",\"dateModified\":\"2022-11-08T16:16:50+00:00\",\"breadcrumb\":{\"@id\":\"https:\/\/www.upjs.sk\/pracoviska\/univerzitna-kniznica\/e-ziadanky\/dotaznik-spokojnosti\/#breadcrumb\"},\"inLanguage\":\"sk-SK\",\"potentialAction\":[{\"@type\":\"ReadAction\",\"target\":[\"https:\/\/www.upjs.sk\/pracoviska\/univerzitna-kniznica\/e-ziadanky\/dotaznik-spokojnosti\/\"]}]},{\"@type\":\"ImageObject\",\"inLanguage\":\"sk-SK\",\"@id\":\"https:\/\/www.upjs.sk\/pracoviska\/univerzitna-kniznica\/e-ziadanky\/dotaznik-spokojnosti\/#primaryimage\",\"url\":\"http:\/\/library.upjs.sk\/img\/ukupjs-logo.jpg\",\"contentUrl\":\"http:\/\/library.upjs.sk\/img\/ukupjs-logo.jpg\"},{\"@type\":\"BreadcrumbList\",\"@id\":\"https:\/\/www.upjs.sk\/pracoviska\/univerzitna-kniznica\/e-ziadanky\/dotaznik-spokojnosti\/#breadcrumb\",\"itemListElement\":[{\"@type\":\"ListItem\",\"position\":1,\"name\":\"Home\",\"item\":\"https:\/\/www.upjs.sk\/pracoviska\/univerzitna-kniznica\/\"},{\"@type\":\"ListItem\",\"position\":2,\"name\":\"E-\u017eiadanky\",\"item\":\"https:\/\/www.upjs.sk\/pracoviska\/univerzitna-kniznica\/e-ziadanky\/\"},{\"@type\":\"ListItem\",\"position\":3,\"name\":\"Dotazn\u00edk spokojnosti\"}]},{\"@type\":\"WebSite\",\"@id\":\"https:\/\/www.upjs.sk\/pracoviska\/univerzitna-kniznica\/#website\",\"url\":\"https:\/\/www.upjs.sk\/pracoviska\/univerzitna-kniznica\/\",\"name\":\"Univerzitn\u00e1 kni\u017enica | UPJ\u0160\",\"description\":\"Dr\u017e\u00edme v\u00e1s nad vodou v mori inform\u00e1ci\u00ed\",\"publisher\":{\"@id\":\"https:\/\/www.upjs.sk\/pracoviska\/univerzitna-kniznica\/#organization\"},\"potentialAction\":[{\"@type\":\"SearchAction\",\"target\":{\"@type\":\"EntryPoint\",\"urlTemplate\":\"https:\/\/www.upjs.sk\/pracoviska\/univerzitna-kniznica\/?s={search_term_string}\"},\"query-input\":{\"@type\":\"PropertyValueSpecification\",\"valueRequired\":true,\"valueName\":\"search_term_string\"}}],\"inLanguage\":\"sk-SK\"},{\"@type\":\"Organization\",\"@id\":\"https:\/\/www.upjs.sk\/pracoviska\/univerzitna-kniznica\/#organization\",\"name\":\"Univerzitn\u00e1 kni\u017enica | UPJ\u0160\",\"url\":\"https:\/\/www.upjs.sk\/pracoviska\/univerzitna-kniznica\/\",\"logo\":{\"@type\":\"ImageObject\",\"inLanguage\":\"sk-SK\",\"@id\":\"https:\/\/www.upjs.sk\/pracoviska\/univerzitna-kniznica\/#\/schema\/logo\/image\/\",\"url\":\"https:\/\/www.upjs.sk\/app\/uploads\/sites\/16\/2023\/01\/UK-1.svg\",\"contentUrl\":\"https:\/\/www.upjs.sk\/app\/uploads\/sites\/16\/2023\/01\/UK-1.svg\",\"width\":500,\"height\":138,\"caption\":\"Univerzitn\u00e1 kni\u017enica | UPJ\u0160\"},\"image\":{\"@id\":\"https:\/\/www.upjs.sk\/pracoviska\/univerzitna-kniznica\/#\/schema\/logo\/image\/\"}}]}<\/script>\n<!-- \/ Yoast SEO plugin. -->","yoast_head_json":{"title":"Dotazn\u00edk spokojnosti - Univerzitn\u00e1 kni\u017enica | UPJ\u0160","robots":{"index":"index","follow":"follow","max-snippet":"max-snippet:-1","max-image-preview":"max-image-preview:large","max-video-preview":"max-video-preview:-1"},"canonical":"https:\/\/www.upjs.sk\/pracoviska\/univerzitna-kniznica\/e-ziadanky\/dotaznik-spokojnosti\/","og_locale":"sk_SK","og_type":"article","og_title":"Dotazn\u00edk spokojnosti - Univerzitn\u00e1 kni\u017enica | UPJ\u0160","og_description":"V\u00e1\u017een\u00fd pou\u017e\u00edvate\u013e, z\u00e1merom Univerzitnej kni\u017enice (UK) je poskytova\u0165 pre V\u00e1s \u010do najkvalitnej\u0161ie kni\u017eni\u010dn\u00e9 slu\u017eby. Z toho d\u00f4vodu je pre n\u00e1s ve\u013emi d\u00f4le\u017eit\u00e1 sp\u00e4tn\u00e1 v\u00e4zba od V\u00e1s. Dovo\u013eujeme si V\u00e1s preto po\u017eiada\u0165 o vyplnenie Dotazn\u00edka spokojnosti s&nbsp;na\u0161imi slu\u017ebami. Dotazn\u00edk je anonymn\u00fd a za jeho vyplnenie V\u00e1m vopred \u010fakujeme. Pohlavie: mu\u017e \u017eena Kateg\u00f3ria: \u0161tudent &nbsp;&nbsp;&nbsp;fakulta &nbsp;&nbsp;&nbsp;ro\u010dn\u00edk pedag\u00f3g &hellip; \u010c\u00edta\u0165 \u010falej","og_url":"https:\/\/www.upjs.sk\/pracoviska\/univerzitna-kniznica\/e-ziadanky\/dotaznik-spokojnosti\/","og_site_name":"Univerzitn\u00e1 kni\u017enica | UPJ\u0160","article_modified_time":"2022-11-08T16:16:50+00:00","og_image":[{"url":"http:\/\/library.upjs.sk\/img\/ukupjs-logo.jpg","type":"","width":"","height":""}],"twitter_card":"summary_large_image","twitter_misc":{"Predpokladan\u00fd \u010das \u010d\u00edtania":"2 min\u00faty"},"schema":{"@context":"https:\/\/schema.org","@graph":[{"@type":"WebPage","@id":"https:\/\/www.upjs.sk\/pracoviska\/univerzitna-kniznica\/e-ziadanky\/dotaznik-spokojnosti\/","url":"https:\/\/www.upjs.sk\/pracoviska\/univerzitna-kniznica\/e-ziadanky\/dotaznik-spokojnosti\/","name":"Dotazn\u00edk spokojnosti - Univerzitn\u00e1 kni\u017enica | UPJ\u0160","isPartOf":{"@id":"https:\/\/www.upjs.sk\/pracoviska\/univerzitna-kniznica\/#website"},"primaryImageOfPage":{"@id":"https:\/\/www.upjs.sk\/pracoviska\/univerzitna-kniznica\/e-ziadanky\/dotaznik-spokojnosti\/#primaryimage"},"image":{"@id":"https:\/\/www.upjs.sk\/pracoviska\/univerzitna-kniznica\/e-ziadanky\/dotaznik-spokojnosti\/#primaryimage"},"thumbnailUrl":"http:\/\/library.upjs.sk\/img\/ukupjs-logo.jpg","datePublished":"2009-11-05T08:15:53+00:00","dateModified":"2022-11-08T16:16:50+00:00","breadcrumb":{"@id":"https:\/\/www.upjs.sk\/pracoviska\/univerzitna-kniznica\/e-ziadanky\/dotaznik-spokojnosti\/#breadcrumb"},"inLanguage":"sk-SK","potentialAction":[{"@type":"ReadAction","target":["https:\/\/www.upjs.sk\/pracoviska\/univerzitna-kniznica\/e-ziadanky\/dotaznik-spokojnosti\/"]}]},{"@type":"ImageObject","inLanguage":"sk-SK","@id":"https:\/\/www.upjs.sk\/pracoviska\/univerzitna-kniznica\/e-ziadanky\/dotaznik-spokojnosti\/#primaryimage","url":"http:\/\/library.upjs.sk\/img\/ukupjs-logo.jpg","contentUrl":"http:\/\/library.upjs.sk\/img\/ukupjs-logo.jpg"},{"@type":"BreadcrumbList","@id":"https:\/\/www.upjs.sk\/pracoviska\/univerzitna-kniznica\/e-ziadanky\/dotaznik-spokojnosti\/#breadcrumb","itemListElement":[{"@type":"ListItem","position":1,"name":"Home","item":"https:\/\/www.upjs.sk\/pracoviska\/univerzitna-kniznica\/"},{"@type":"ListItem","position":2,"name":"E-\u017eiadanky","item":"https:\/\/www.upjs.sk\/pracoviska\/univerzitna-kniznica\/e-ziadanky\/"},{"@type":"ListItem","position":3,"name":"Dotazn\u00edk spokojnosti"}]},{"@type":"WebSite","@id":"https:\/\/www.upjs.sk\/pracoviska\/univerzitna-kniznica\/#website","url":"https:\/\/www.upjs.sk\/pracoviska\/univerzitna-kniznica\/","name":"Univerzitn\u00e1 kni\u017enica | UPJ\u0160","description":"Dr\u017e\u00edme v\u00e1s nad vodou v mori inform\u00e1ci\u00ed","publisher":{"@id":"https:\/\/www.upjs.sk\/pracoviska\/univerzitna-kniznica\/#organization"},"potentialAction":[{"@type":"SearchAction","target":{"@type":"EntryPoint","urlTemplate":"https:\/\/www.upjs.sk\/pracoviska\/univerzitna-kniznica\/?s={search_term_string}"},"query-input":{"@type":"PropertyValueSpecification","valueRequired":true,"valueName":"search_term_string"}}],"inLanguage":"sk-SK"},{"@type":"Organization","@id":"https:\/\/www.upjs.sk\/pracoviska\/univerzitna-kniznica\/#organization","name":"Univerzitn\u00e1 kni\u017enica | UPJ\u0160","url":"https:\/\/www.upjs.sk\/pracoviska\/univerzitna-kniznica\/","logo":{"@type":"ImageObject","inLanguage":"sk-SK","@id":"https:\/\/www.upjs.sk\/pracoviska\/univerzitna-kniznica\/#\/schema\/logo\/image\/","url":"https:\/\/www.upjs.sk\/app\/uploads\/sites\/16\/2023\/01\/UK-1.svg","contentUrl":"https:\/\/www.upjs.sk\/app\/uploads\/sites\/16\/2023\/01\/UK-1.svg","width":500,"height":138,"caption":"Univerzitn\u00e1 kni\u017enica | UPJ\u0160"},"image":{"@id":"https:\/\/www.upjs.sk\/pracoviska\/univerzitna-kniznica\/#\/schema\/logo\/image\/"}}]}},"_links":{"self":[{"href":"https:\/\/www.upjs.sk\/pracoviska\/univerzitna-kniznica\/wp-json\/wp\/v2\/pages\/14179","targetHints":{"allow":["GET"]}}],"collection":[{"href":"https:\/\/www.upjs.sk\/pracoviska\/univerzitna-kniznica\/wp-json\/wp\/v2\/pages"}],"about":[{"href":"https:\/\/www.upjs.sk\/pracoviska\/univerzitna-kniznica\/wp-json\/wp\/v2\/types\/page"}],"author":[{"embeddable":true,"href":"https:\/\/www.upjs.sk\/pracoviska\/univerzitna-kniznica\/wp-json\/wp\/v2\/users\/1"}],"replies":[{"embeddable":true,"href":"https:\/\/www.upjs.sk\/pracoviska\/univerzitna-kniznica\/wp-json\/wp\/v2\/comments?post=14179"}],"version-history":[{"count":4,"href":"https:\/\/www.upjs.sk\/pracoviska\/univerzitna-kniznica\/wp-json\/wp\/v2\/pages\/14179\/revisions"}],"predecessor-version":[{"id":16789,"href":"https:\/\/www.upjs.sk\/pracoviska\/univerzitna-kniznica\/wp-json\/wp\/v2\/pages\/14179\/revisions\/16789"}],"up":[{"embeddable":true,"href":"https:\/\/www.upjs.sk\/pracoviska\/univerzitna-kniznica\/wp-json\/wp\/v2\/pages\/14158"}],"wp:attachment":[{"href":"https:\/\/www.upjs.sk\/pracoviska\/univerzitna-kniznica\/wp-json\/wp\/v2\/media?parent=14179"}],"wp:term":[{"taxonomy":"category","embeddable":true,"href":"https:\/\/www.upjs.sk\/pracoviska\/univerzitna-kniznica\/wp-json\/wp\/v2\/categories?post=14179"},{"taxonomy":"post_tag","embeddable":true,"href":"https:\/\/www.upjs.sk\/pracoviska\/univerzitna-kniznica\/wp-json\/wp\/v2\/tags?post=14179"}],"curies":[{"name":"wp","href":"https:\/\/api.w.org\/{rel}","templated":true}]}}