{"id":31357,"date":"2023-06-27T08:47:58","date_gmt":"2023-06-27T08:47:58","guid":{"rendered":"https:\/\/www.upjs.sk\/pracoviska\/univerzitna-kniznica\/?page_id=31357"},"modified":"2023-06-27T12:08:19","modified_gmt":"2023-06-27T12:08:19","slug":"n","status":"publish","type":"page","link":"https:\/\/www.upjs.sk\/pracoviska\/univerzitna-kniznica\/n\/","title":{"rendered":"N"},"content":{"rendered":"\n<figure class=\"wp-block-table caption-align-left is-style-stripes\"><table><tbody><tr><td><strong><a href=\"https:\/\/www.npd.cz\/\" target=\"_blank\" rel=\"noreferrer noopener\">N\u00e1rodn\u00ed pr\u00e1vn\u00ed d\u011bdictv\u00ed (NPD)<\/a><\/strong><\/td><td>VO\u013dNE DOSTUPN\u00c1<\/td><td><strong>PR\u00c1VO<\/strong><\/td><td class=\"has-text-align-left\" data-align=\"left\"><br>Projekt na uchovanie a spr\u00edstupnenie \u010desk\u00e9ho n\u00e1rodn\u00e9ho pr\u00e1vneho dedi\u010dstva. Pon\u00faka zdigitalizovan\u00e9&nbsp;v\u00fdznamn\u00e9 HISTORICK\u00c9 \u2013 pr\u00edru\u010dky, \u010dasopisy, zbierky s\u00fadnych&nbsp;rozhodnut\u00ed, dobov\u00e9 zborn\u00edky, odborn\u00e9 monografie, slovn\u00edky, encyklop\u00e9die. Datab\u00e1za umo\u017e\u0148uje fulltextov\u00e9 vyh\u013ead\u00e1vanie.<br><br><\/td><\/tr><tr><td><strong><a href=\"http:\/\/nyjm.albany.edu\/nyjm.html\" target=\"_blank\" rel=\"noreferrer noopener\">New York Journal of Mathemati<\/a><\/strong><a href=\"http:\/\/nyjm.albany.edu\/nyjm.html\" target=\"_blank\" rel=\"noreferrer noopener\"><strong>cs<\/strong>&nbsp;<\/a><\/td><td>VO\u013dNE DOSTUPN\u00c1<\/td><td><strong>MATEMATIKA<\/strong>&nbsp;<\/td><td class=\"has-text-align-left\" data-align=\"left\"><br>Vo\u013ene dostupn\u00fd plnotextov\u00fd elektronick\u00fd \u010dasopis z odboru matematiky.\u00a0Bol zalo\u017een\u00fd v roku 1993 ako prv\u00fd elektronick\u00fd \u010dasopis o v\u0161eobecnej matematike na svete. <br><br><\/td><\/tr><\/tbody><\/table><\/figure>\n","protected":false},"excerpt":{"rendered":"<p>N\u00e1rodn\u00ed pr\u00e1vn\u00ed d\u011bdictv\u00ed (NPD) VO\u013dNE DOSTUPN\u00c1 PR\u00c1VO Projekt na uchovanie a spr\u00edstupnenie \u010desk\u00e9ho n\u00e1rodn\u00e9ho pr\u00e1vneho dedi\u010dstva. Pon\u00faka zdigitalizovan\u00e9&nbsp;v\u00fdznamn\u00e9 HISTORICK\u00c9 \u2013 pr\u00edru\u010dky, \u010dasopisy, zbierky s\u00fadnych&nbsp;rozhodnut\u00ed, dobov\u00e9 zborn\u00edky, odborn\u00e9 monografie, slovn\u00edky, encyklop\u00e9die. Datab\u00e1za umo\u017e\u0148uje fulltextov\u00e9 vyh\u013ead\u00e1vanie. New York Journal of Mathematics&nbsp; VO\u013dNE DOSTUPN\u00c1 MATEMATIKA&nbsp; Vo\u013ene dostupn\u00fd plnotextov\u00fd elektronick\u00fd \u010dasopis z odboru matematiky.\u00a0Bol zalo\u017een\u00fd v roku 1993 ako &hellip; <a href=\"https:\/\/www.upjs.sk\/pracoviska\/univerzitna-kniznica\/n\/\">\u010c\u00edta\u0165 \u010falej<\/a><\/p>\n","protected":false},"author":23,"featured_media":0,"parent":0,"menu_order":0,"comment_status":"closed","ping_status":"closed","template":"","meta":{"_acf_changed":false,"_editorskit_title_hidden":false,"_editorskit_reading_time":0,"_editorskit_is_block_options_detached":false,"_editorskit_block_options_position":"{}","footnotes":""},"categories":[],"tags":[],"class_list":["post-31357","page","type-page","status-publish","hentry"],"acf":{"acf_link_na_externy_obsah":""},"yoast_head":"<!-- This site is optimized with the Yoast SEO plugin v27.4 - https:\/\/yoast.com\/product\/yoast-seo-wordpress\/ -->\n<title>N - Univerzitn\u00e1 kni\u017enica | UPJ\u0160<\/title>\n<meta name=\"robots\" content=\"index, follow, max-snippet:-1, max-image-preview:large, max-video-preview:-1\" \/>\n<link rel=\"canonical\" href=\"https:\/\/www.upjs.sk\/pracoviska\/univerzitna-kniznica\/n\/\" \/>\n<meta property=\"og:locale\" content=\"sk_SK\" \/>\n<meta property=\"og:type\" content=\"article\" \/>\n<meta property=\"og:title\" content=\"N - Univerzitn\u00e1 kni\u017enica | UPJ\u0160\" \/>\n<meta property=\"og:description\" content=\"N\u00e1rodn\u00ed pr\u00e1vn\u00ed d\u011bdictv\u00ed (NPD) VO\u013dNE DOSTUPN\u00c1 PR\u00c1VO Projekt na uchovanie a spr\u00edstupnenie \u010desk\u00e9ho n\u00e1rodn\u00e9ho pr\u00e1vneho dedi\u010dstva. Pon\u00faka zdigitalizovan\u00e9&nbsp;v\u00fdznamn\u00e9 HISTORICK\u00c9 \u2013 pr\u00edru\u010dky, \u010dasopisy, zbierky s\u00fadnych&nbsp;rozhodnut\u00ed, dobov\u00e9 zborn\u00edky, odborn\u00e9 monografie, slovn\u00edky, encyklop\u00e9die. Datab\u00e1za umo\u017e\u0148uje fulltextov\u00e9 vyh\u013ead\u00e1vanie. New York Journal of Mathematics&nbsp; VO\u013dNE DOSTUPN\u00c1 MATEMATIKA&nbsp; Vo\u013ene dostupn\u00fd plnotextov\u00fd elektronick\u00fd \u010dasopis z odboru matematiky.\u00a0Bol zalo\u017een\u00fd v roku 1993 ako &hellip; \u010c\u00edta\u0165 \u010falej\" \/>\n<meta property=\"og:url\" content=\"https:\/\/www.upjs.sk\/pracoviska\/univerzitna-kniznica\/n\/\" \/>\n<meta property=\"og:site_name\" content=\"Univerzitn\u00e1 kni\u017enica | UPJ\u0160\" \/>\n<meta property=\"article:modified_time\" content=\"2023-06-27T12:08:19+00:00\" \/>\n<meta name=\"twitter:card\" content=\"summary_large_image\" \/>\n<meta name=\"twitter:label1\" content=\"Predpokladan\u00fd \u010das \u010d\u00edtania\" \/>\n\t<meta name=\"twitter:data1\" content=\"1 min\u00fata\" \/>\n<script type=\"application\/ld+json\" class=\"yoast-schema-graph\">{\"@context\":\"https:\\\/\\\/schema.org\",\"@graph\":[{\"@type\":\"WebPage\",\"@id\":\"https:\\\/\\\/www.upjs.sk\\\/pracoviska\\\/univerzitna-kniznica\\\/n\\\/\",\"url\":\"https:\\\/\\\/www.upjs.sk\\\/pracoviska\\\/univerzitna-kniznica\\\/n\\\/\",\"name\":\"N - Univerzitn\u00e1 kni\u017enica | UPJ\u0160\",\"isPartOf\":{\"@id\":\"https:\\\/\\\/www.upjs.sk\\\/pracoviska\\\/univerzitna-kniznica\\\/#website\"},\"datePublished\":\"2023-06-27T08:47:58+00:00\",\"dateModified\":\"2023-06-27T12:08:19+00:00\",\"breadcrumb\":{\"@id\":\"https:\\\/\\\/www.upjs.sk\\\/pracoviska\\\/univerzitna-kniznica\\\/n\\\/#breadcrumb\"},\"inLanguage\":\"sk-SK\",\"potentialAction\":[{\"@type\":\"ReadAction\",\"target\":[\"https:\\\/\\\/www.upjs.sk\\\/pracoviska\\\/univerzitna-kniznica\\\/n\\\/\"]}]},{\"@type\":\"BreadcrumbList\",\"@id\":\"https:\\\/\\\/www.upjs.sk\\\/pracoviska\\\/univerzitna-kniznica\\\/n\\\/#breadcrumb\",\"itemListElement\":[{\"@type\":\"ListItem\",\"position\":1,\"name\":\"Home\",\"item\":\"https:\\\/\\\/www.upjs.sk\\\/pracoviska\\\/univerzitna-kniznica\\\/\"},{\"@type\":\"ListItem\",\"position\":2,\"name\":\"N\"}]},{\"@type\":\"WebSite\",\"@id\":\"https:\\\/\\\/www.upjs.sk\\\/pracoviska\\\/univerzitna-kniznica\\\/#website\",\"url\":\"https:\\\/\\\/www.upjs.sk\\\/pracoviska\\\/univerzitna-kniznica\\\/\",\"name\":\"Univerzitn\u00e1 kni\u017enica | UPJ\u0160\",\"description\":\"Dr\u017e\u00edme v\u00e1s nad vodou v mori inform\u00e1ci\u00ed\",\"publisher\":{\"@id\":\"https:\\\/\\\/www.upjs.sk\\\/pracoviska\\\/univerzitna-kniznica\\\/#organization\"},\"potentialAction\":[{\"@type\":\"SearchAction\",\"target\":{\"@type\":\"EntryPoint\",\"urlTemplate\":\"https:\\\/\\\/www.upjs.sk\\\/pracoviska\\\/univerzitna-kniznica\\\/?s={search_term_string}\"},\"query-input\":{\"@type\":\"PropertyValueSpecification\",\"valueRequired\":true,\"valueName\":\"search_term_string\"}}],\"inLanguage\":\"sk-SK\"},{\"@type\":\"Organization\",\"@id\":\"https:\\\/\\\/www.upjs.sk\\\/pracoviska\\\/univerzitna-kniznica\\\/#organization\",\"name\":\"Univerzitn\u00e1 kni\u017enica | UPJ\u0160\",\"url\":\"https:\\\/\\\/www.upjs.sk\\\/pracoviska\\\/univerzitna-kniznica\\\/\",\"logo\":{\"@type\":\"ImageObject\",\"inLanguage\":\"sk-SK\",\"@id\":\"https:\\\/\\\/www.upjs.sk\\\/pracoviska\\\/univerzitna-kniznica\\\/#\\\/schema\\\/logo\\\/image\\\/\",\"url\":\"https:\\\/\\\/www.upjs.sk\\\/app\\\/uploads\\\/sites\\\/16\\\/2023\\\/01\\\/UK-1.svg\",\"contentUrl\":\"https:\\\/\\\/www.upjs.sk\\\/app\\\/uploads\\\/sites\\\/16\\\/2023\\\/01\\\/UK-1.svg\",\"width\":500,\"height\":138,\"caption\":\"Univerzitn\u00e1 kni\u017enica | UPJ\u0160\"},\"image\":{\"@id\":\"https:\\\/\\\/www.upjs.sk\\\/pracoviska\\\/univerzitna-kniznica\\\/#\\\/schema\\\/logo\\\/image\\\/\"}}]}<\/script>\n<!-- \/ Yoast SEO plugin. -->","yoast_head_json":{"title":"N - Univerzitn\u00e1 kni\u017enica | UPJ\u0160","robots":{"index":"index","follow":"follow","max-snippet":"max-snippet:-1","max-image-preview":"max-image-preview:large","max-video-preview":"max-video-preview:-1"},"canonical":"https:\/\/www.upjs.sk\/pracoviska\/univerzitna-kniznica\/n\/","og_locale":"sk_SK","og_type":"article","og_title":"N - Univerzitn\u00e1 kni\u017enica | UPJ\u0160","og_description":"N\u00e1rodn\u00ed pr\u00e1vn\u00ed d\u011bdictv\u00ed (NPD) VO\u013dNE DOSTUPN\u00c1 PR\u00c1VO Projekt na uchovanie a spr\u00edstupnenie \u010desk\u00e9ho n\u00e1rodn\u00e9ho pr\u00e1vneho dedi\u010dstva. Pon\u00faka zdigitalizovan\u00e9&nbsp;v\u00fdznamn\u00e9 HISTORICK\u00c9 \u2013 pr\u00edru\u010dky, \u010dasopisy, zbierky s\u00fadnych&nbsp;rozhodnut\u00ed, dobov\u00e9 zborn\u00edky, odborn\u00e9 monografie, slovn\u00edky, encyklop\u00e9die. Datab\u00e1za umo\u017e\u0148uje fulltextov\u00e9 vyh\u013ead\u00e1vanie. New York Journal of Mathematics&nbsp; VO\u013dNE DOSTUPN\u00c1 MATEMATIKA&nbsp; Vo\u013ene dostupn\u00fd plnotextov\u00fd elektronick\u00fd \u010dasopis z odboru matematiky.\u00a0Bol zalo\u017een\u00fd v roku 1993 ako &hellip; \u010c\u00edta\u0165 \u010falej","og_url":"https:\/\/www.upjs.sk\/pracoviska\/univerzitna-kniznica\/n\/","og_site_name":"Univerzitn\u00e1 kni\u017enica | UPJ\u0160","article_modified_time":"2023-06-27T12:08:19+00:00","twitter_card":"summary_large_image","twitter_misc":{"Predpokladan\u00fd \u010das \u010d\u00edtania":"1 min\u00fata"},"schema":{"@context":"https:\/\/schema.org","@graph":[{"@type":"WebPage","@id":"https:\/\/www.upjs.sk\/pracoviska\/univerzitna-kniznica\/n\/","url":"https:\/\/www.upjs.sk\/pracoviska\/univerzitna-kniznica\/n\/","name":"N - Univerzitn\u00e1 kni\u017enica | UPJ\u0160","isPartOf":{"@id":"https:\/\/www.upjs.sk\/pracoviska\/univerzitna-kniznica\/#website"},"datePublished":"2023-06-27T08:47:58+00:00","dateModified":"2023-06-27T12:08:19+00:00","breadcrumb":{"@id":"https:\/\/www.upjs.sk\/pracoviska\/univerzitna-kniznica\/n\/#breadcrumb"},"inLanguage":"sk-SK","potentialAction":[{"@type":"ReadAction","target":["https:\/\/www.upjs.sk\/pracoviska\/univerzitna-kniznica\/n\/"]}]},{"@type":"BreadcrumbList","@id":"https:\/\/www.upjs.sk\/pracoviska\/univerzitna-kniznica\/n\/#breadcrumb","itemListElement":[{"@type":"ListItem","position":1,"name":"Home","item":"https:\/\/www.upjs.sk\/pracoviska\/univerzitna-kniznica\/"},{"@type":"ListItem","position":2,"name":"N"}]},{"@type":"WebSite","@id":"https:\/\/www.upjs.sk\/pracoviska\/univerzitna-kniznica\/#website","url":"https:\/\/www.upjs.sk\/pracoviska\/univerzitna-kniznica\/","name":"Univerzitn\u00e1 kni\u017enica | UPJ\u0160","description":"Dr\u017e\u00edme v\u00e1s nad vodou v mori inform\u00e1ci\u00ed","publisher":{"@id":"https:\/\/www.upjs.sk\/pracoviska\/univerzitna-kniznica\/#organization"},"potentialAction":[{"@type":"SearchAction","target":{"@type":"EntryPoint","urlTemplate":"https:\/\/www.upjs.sk\/pracoviska\/univerzitna-kniznica\/?s={search_term_string}"},"query-input":{"@type":"PropertyValueSpecification","valueRequired":true,"valueName":"search_term_string"}}],"inLanguage":"sk-SK"},{"@type":"Organization","@id":"https:\/\/www.upjs.sk\/pracoviska\/univerzitna-kniznica\/#organization","name":"Univerzitn\u00e1 kni\u017enica | UPJ\u0160","url":"https:\/\/www.upjs.sk\/pracoviska\/univerzitna-kniznica\/","logo":{"@type":"ImageObject","inLanguage":"sk-SK","@id":"https:\/\/www.upjs.sk\/pracoviska\/univerzitna-kniznica\/#\/schema\/logo\/image\/","url":"https:\/\/www.upjs.sk\/app\/uploads\/sites\/16\/2023\/01\/UK-1.svg","contentUrl":"https:\/\/www.upjs.sk\/app\/uploads\/sites\/16\/2023\/01\/UK-1.svg","width":500,"height":138,"caption":"Univerzitn\u00e1 kni\u017enica | UPJ\u0160"},"image":{"@id":"https:\/\/www.upjs.sk\/pracoviska\/univerzitna-kniznica\/#\/schema\/logo\/image\/"}}]}},"_links":{"self":[{"href":"https:\/\/www.upjs.sk\/pracoviska\/univerzitna-kniznica\/wp-json\/wp\/v2\/pages\/31357","targetHints":{"allow":["GET"]}}],"collection":[{"href":"https:\/\/www.upjs.sk\/pracoviska\/univerzitna-kniznica\/wp-json\/wp\/v2\/pages"}],"about":[{"href":"https:\/\/www.upjs.sk\/pracoviska\/univerzitna-kniznica\/wp-json\/wp\/v2\/types\/page"}],"author":[{"embeddable":true,"href":"https:\/\/www.upjs.sk\/pracoviska\/univerzitna-kniznica\/wp-json\/wp\/v2\/users\/23"}],"replies":[{"embeddable":true,"href":"https:\/\/www.upjs.sk\/pracoviska\/univerzitna-kniznica\/wp-json\/wp\/v2\/comments?post=31357"}],"version-history":[{"count":5,"href":"https:\/\/www.upjs.sk\/pracoviska\/univerzitna-kniznica\/wp-json\/wp\/v2\/pages\/31357\/revisions"}],"predecessor-version":[{"id":31401,"href":"https:\/\/www.upjs.sk\/pracoviska\/univerzitna-kniznica\/wp-json\/wp\/v2\/pages\/31357\/revisions\/31401"}],"wp:attachment":[{"href":"https:\/\/www.upjs.sk\/pracoviska\/univerzitna-kniznica\/wp-json\/wp\/v2\/media?parent=31357"}],"wp:term":[{"taxonomy":"category","embeddable":true,"href":"https:\/\/www.upjs.sk\/pracoviska\/univerzitna-kniznica\/wp-json\/wp\/v2\/categories?post=31357"},{"taxonomy":"post_tag","embeddable":true,"href":"https:\/\/www.upjs.sk\/pracoviska\/univerzitna-kniznica\/wp-json\/wp\/v2\/tags?post=31357"}],"curies":[{"name":"wp","href":"https:\/\/api.w.org\/{rel}","templated":true}]}}