{"id":40056,"date":"2026-05-06T08:58:56","date_gmt":"2026-05-06T08:58:56","guid":{"rendered":"https:\/\/www.upjs.sk\/pracoviska\/univerzitna-kniznica\/?page_id=40056"},"modified":"2026-05-06T08:58:58","modified_gmt":"2026-05-06T08:58:58","slug":"epc-legislativa","status":"publish","type":"page","link":"https:\/\/www.upjs.sk\/pracoviska\/univerzitna-kniznica\/epc-legislativa\/","title":{"rendered":"EP\u010c legislat\u00edva"},"content":{"rendered":"\n<p><strong><a href=\"https:\/\/www.upjs.sk\/app\/uploads\/sites\/16\/2023\/01\/vyhlaska397-2020.pdf\">Vyhl\u00e1\u0161ka M\u0160VVa\u0160 SR 397\/2020<\/a><\/strong> z 5. decembra 2020 <strong>o centr\u00e1lnom registri evidencie publika\u010dnej \u010dinnosti a centr\u00e1lnom registri evidencie umeleckej \u010dinnosti\u00a0 <\/strong><em>Pozn\u00e1mka<\/em>:<strong>Evidencia v\u00fdstupov publika\u010dnej \u010dinnosti pod\u013ea vyhl\u00e1\u0161ky je\u00a0platn\u00e1 od 1.2.2022<\/strong><\/p>\n\n\n\n<p><strong><a href=\"https:\/\/www.upjs.sk\/app\/uploads\/sites\/16\/2023\/01\/zakonovs_455_2012_crepc_creuc.pdf\" target=\"_blank\" rel=\"noreferrer noopener\">Z\u00e1kon \u010d. 455\/2012<\/a><\/strong> z 13.decembra 2012, ktor\u00fdm sa men\u00ed a dop\u013a\u0148a z\u00e1kon \u010d. 131\/2002 Z. z. <strong>o vysok\u00fdch \u0161kol\u00e1ch<\/strong> a o zmene a doplnen\u00ed niektor\u00fdch z\u00e1konov v znen\u00ed neskor\u0161\u00edch predpisov, a ktor\u00fdm sa men\u00ed z\u00e1kon \u010d. 455\/2004 Z. z. o zriaden\u00ed Akad\u00e9mie ozbrojen\u00fdch s\u00edl gener\u00e1la Milana Rastislava \u0160tef\u00e1nika, o zl\u00fa\u010den\u00ed Vojenskej leteckej akad\u00e9mie gener\u00e1la Milana Rastislava \u0160tef\u00e1nika v Ko\u0161iciach s Technickou univerzitou v Ko\u0161iciach, o zriaden\u00ed N\u00e1rodnej akad\u00e9mie obrany mar\u0161ala Andreja Hadika a o zmene a doplnen\u00ed niektor\u00fdch z\u00e1konov v znen\u00ed z\u00e1kona \u010d. 144\/2008 Z. z. <\/p>\n\n\n\n<p><strong><a href=\"https:\/\/www.upjs.sk\/app\/uploads\/sites\/16\/2023\/01\/ZZ_2018_270_20181101.pdf\">Z\u00e1kon \u010d. 270\/2018<\/a><\/strong> z 11. septembra 2018,\u00a0ktor\u00fdm sa men\u00ed a\u00a0dop\u013a\u0148a z\u00e1kon \u010d. 131\/2002 Z. z. o\u00a0vysok\u00fdch \u0161kol\u00e1ch a\u00a0o\u00a0zmene a\u00a0doplnen\u00ed niektor\u00fdch z\u00e1konov v\u00a0znen\u00ed neskor\u0161\u00edch predpisov a\u00a0ktor\u00fdm sa menia a\u00a0dop\u013a\u0148aj\u00fa niektor\u00e9 z\u00e1kony <\/p>\n\n\n\n<p><strong><a href=\"https:\/\/www.slov-lex.sk\/pravne-predpisy\/SK\/ZZ\/2002\/131\/20220425\">Z\u00e1kon \u010d. 131\/2002<\/a> <\/strong>Z.z.\u00a0z 21. febru\u00e1ra 2002 o vysok\u00fdch \u0161kol\u00e1ch a o zmene a doplnen\u00ed niektor\u00fdch z\u00e1konov <\/p>\n\n\n\n<p><strong><a href=\"https:\/\/www.upjs.sk\/app\/uploads\/sites\/16\/2022\/10\/ZZ_2005_172_20220425.pdf\">Z\u00e1kon \u010d. 172\/2005<\/a><\/strong> Z.z.\u00a0\u00a0\u00a0z 21. marca 2005 o organiz\u00e1cii\u00a0\u0161t\u00e1tnej podpory v\u00fdskumu a v\u00fdvoja a o doplnen\u00ed z\u00e1kona \u010d. 575\/2001 Z. z. o organiz\u00e1cii \u010dinnosti vl\u00e1dy a organiz\u00e1cii \u00fastrednej \u0161t\u00e1tnej spr\u00e1vy v znen\u00ed neskor\u0161\u00edch predpisov <\/p>\n\n\n\n<p><strong><a href=\"https:\/\/www.upjs.sk\/app\/uploads\/sites\/16\/2023\/01\/Smernica-1_2022_EPC-telo-1.pdf\">Smernica \u010d. 1\/20<\/a><\/strong><a href=\"https:\/\/www.upjs.sk\/public\/media\/2731\/Smernica 1_2022_EPC telo.pdf\"><strong>22<\/strong><\/a>\u00a0z 31. janu\u00e1ra\u00a02022\u00a0<strong>o evidencii v\u00fdstupov publika\u010dnej \u010dinnosti a ohlasov na Univerzite Pavla Jozefa \u0160af\u00e1rika v Ko\u0161iciach<\/strong> a jej s\u00fa\u010dastiach<\/p>\n\n\n\n<ul class=\"wp-block-list\">\n<li><\/li>\n<\/ul>\n\n\n\n<ul class=\"wp-block-list\">\n<li><strong><a href=\"https:\/\/www.upjs.sk\/app\/uploads\/sites\/16\/2022\/10\/Priloha-c.1_1.pdf\" target=\"_blank\" rel=\"noreferrer noopener\">Pr\u00edloha \u010d. 1<\/a> \u2013 Kateg\u00f3rie publika\u010dnej \u010dinnosti<\/strong><\/li>\n\n\n\n<li><strong><a href=\"https:\/\/www.upjs.sk\/app\/uploads\/sites\/16\/2023\/01\/Priloha-c.-2_1-1.pdf\" target=\"_blank\" rel=\"noreferrer noopener\">Pr\u00edloha \u010d. 2<\/a> \u2013 Kateg\u00f3rie ohlasov<\/strong><\/li>\n\n\n\n<li><strong><a href=\"https:\/\/www.upjs.sk\/app\/uploads\/sites\/16\/2023\/01\/Priloha-c.-3_1.pdf\" target=\"_blank\" rel=\"noreferrer noopener\">Pr\u00edloha \u010d. 3<\/a> \u2013 Charakteristika vybran\u00fdch pojmov<\/strong><\/li>\n<\/ul>\n","protected":false},"excerpt":{"rendered":"<p>Vyhl\u00e1\u0161ka M\u0160VVa\u0160 SR 397\/2020 z 5. decembra 2020 o centr\u00e1lnom registri evidencie publika\u010dnej \u010dinnosti a centr\u00e1lnom registri evidencie umeleckej \u010dinnosti\u00a0 Pozn\u00e1mka:Evidencia v\u00fdstupov publika\u010dnej \u010dinnosti pod\u013ea vyhl\u00e1\u0161ky je\u00a0platn\u00e1 od 1.2.2022 Z\u00e1kon \u010d. 455\/2012 z 13.decembra 2012, ktor\u00fdm sa men\u00ed a dop\u013a\u0148a z\u00e1kon \u010d. 131\/2002 Z. z. o vysok\u00fdch \u0161kol\u00e1ch a o zmene a doplnen\u00ed niektor\u00fdch z\u00e1konov &hellip; <a href=\"https:\/\/www.upjs.sk\/pracoviska\/univerzitna-kniznica\/epc-legislativa\/\">\u010c\u00edta\u0165 \u010falej<\/a><\/p>\n","protected":false},"author":23,"featured_media":0,"parent":0,"menu_order":0,"comment_status":"closed","ping_status":"closed","template":"","meta":{"_acf_changed":false,"_editorskit_title_hidden":false,"_editorskit_reading_time":0,"_editorskit_is_block_options_detached":false,"_editorskit_block_options_position":"{}","footnotes":""},"categories":[],"tags":[],"class_list":["post-40056","page","type-page","status-publish","hentry"],"acf":{"acf_link_na_externy_obsah":""},"yoast_head":"<!-- This site is optimized with the Yoast SEO plugin v27.5 - https:\/\/yoast.com\/product\/yoast-seo-wordpress\/ -->\n<title>EP\u010c legislat\u00edva - Univerzitn\u00e1 kni\u017enica | UPJ\u0160<\/title>\n<meta name=\"robots\" content=\"index, follow, max-snippet:-1, max-image-preview:large, max-video-preview:-1\" \/>\n<link rel=\"canonical\" href=\"https:\/\/www.upjs.sk\/pracoviska\/univerzitna-kniznica\/epc-legislativa\/\" \/>\n<meta property=\"og:locale\" content=\"sk_SK\" \/>\n<meta property=\"og:type\" content=\"article\" \/>\n<meta property=\"og:title\" content=\"EP\u010c legislat\u00edva - Univerzitn\u00e1 kni\u017enica | UPJ\u0160\" \/>\n<meta property=\"og:description\" content=\"Vyhl\u00e1\u0161ka M\u0160VVa\u0160 SR 397\/2020 z 5. decembra 2020 o centr\u00e1lnom registri evidencie publika\u010dnej \u010dinnosti a centr\u00e1lnom registri evidencie umeleckej \u010dinnosti\u00a0 Pozn\u00e1mka:Evidencia v\u00fdstupov publika\u010dnej \u010dinnosti pod\u013ea vyhl\u00e1\u0161ky je\u00a0platn\u00e1 od 1.2.2022 Z\u00e1kon \u010d. 455\/2012 z 13.decembra 2012, ktor\u00fdm sa men\u00ed a dop\u013a\u0148a z\u00e1kon \u010d. 131\/2002 Z. z. o vysok\u00fdch \u0161kol\u00e1ch a o zmene a doplnen\u00ed niektor\u00fdch z\u00e1konov &hellip; \u010c\u00edta\u0165 \u010falej\" \/>\n<meta property=\"og:url\" content=\"https:\/\/www.upjs.sk\/pracoviska\/univerzitna-kniznica\/epc-legislativa\/\" \/>\n<meta property=\"og:site_name\" content=\"Univerzitn\u00e1 kni\u017enica | UPJ\u0160\" \/>\n<meta property=\"article:modified_time\" content=\"2026-05-06T08:58:58+00:00\" \/>\n<meta name=\"twitter:card\" content=\"summary_large_image\" \/>\n<meta name=\"twitter:label1\" content=\"Predpokladan\u00fd \u010das \u010d\u00edtania\" \/>\n\t<meta name=\"twitter:data1\" content=\"2 min\u00faty\" \/>\n<script type=\"application\/ld+json\" class=\"yoast-schema-graph\">{\"@context\":\"https:\\\/\\\/schema.org\",\"@graph\":[{\"@type\":\"WebPage\",\"@id\":\"https:\\\/\\\/www.upjs.sk\\\/pracoviska\\\/univerzitna-kniznica\\\/epc-legislativa\\\/\",\"url\":\"https:\\\/\\\/www.upjs.sk\\\/pracoviska\\\/univerzitna-kniznica\\\/epc-legislativa\\\/\",\"name\":\"EP\u010c legislat\u00edva - Univerzitn\u00e1 kni\u017enica | UPJ\u0160\",\"isPartOf\":{\"@id\":\"https:\\\/\\\/www.upjs.sk\\\/pracoviska\\\/univerzitna-kniznica\\\/#website\"},\"datePublished\":\"2026-05-06T08:58:56+00:00\",\"dateModified\":\"2026-05-06T08:58:58+00:00\",\"breadcrumb\":{\"@id\":\"https:\\\/\\\/www.upjs.sk\\\/pracoviska\\\/univerzitna-kniznica\\\/epc-legislativa\\\/#breadcrumb\"},\"inLanguage\":\"sk-SK\",\"potentialAction\":[{\"@type\":\"ReadAction\",\"target\":[\"https:\\\/\\\/www.upjs.sk\\\/pracoviska\\\/univerzitna-kniznica\\\/epc-legislativa\\\/\"]}]},{\"@type\":\"BreadcrumbList\",\"@id\":\"https:\\\/\\\/www.upjs.sk\\\/pracoviska\\\/univerzitna-kniznica\\\/epc-legislativa\\\/#breadcrumb\",\"itemListElement\":[{\"@type\":\"ListItem\",\"position\":1,\"name\":\"Home\",\"item\":\"https:\\\/\\\/www.upjs.sk\\\/pracoviska\\\/univerzitna-kniznica\\\/\"},{\"@type\":\"ListItem\",\"position\":2,\"name\":\"EP\u010c legislat\u00edva\"}]},{\"@type\":\"WebSite\",\"@id\":\"https:\\\/\\\/www.upjs.sk\\\/pracoviska\\\/univerzitna-kniznica\\\/#website\",\"url\":\"https:\\\/\\\/www.upjs.sk\\\/pracoviska\\\/univerzitna-kniznica\\\/\",\"name\":\"Univerzitn\u00e1 kni\u017enica | UPJ\u0160\",\"description\":\"Dr\u017e\u00edme v\u00e1s nad vodou v mori inform\u00e1ci\u00ed\",\"publisher\":{\"@id\":\"https:\\\/\\\/www.upjs.sk\\\/pracoviska\\\/univerzitna-kniznica\\\/#organization\"},\"potentialAction\":[{\"@type\":\"SearchAction\",\"target\":{\"@type\":\"EntryPoint\",\"urlTemplate\":\"https:\\\/\\\/www.upjs.sk\\\/pracoviska\\\/univerzitna-kniznica\\\/?s={search_term_string}\"},\"query-input\":{\"@type\":\"PropertyValueSpecification\",\"valueRequired\":true,\"valueName\":\"search_term_string\"}}],\"inLanguage\":\"sk-SK\"},{\"@type\":\"Organization\",\"@id\":\"https:\\\/\\\/www.upjs.sk\\\/pracoviska\\\/univerzitna-kniznica\\\/#organization\",\"name\":\"Univerzitn\u00e1 kni\u017enica | UPJ\u0160\",\"url\":\"https:\\\/\\\/www.upjs.sk\\\/pracoviska\\\/univerzitna-kniznica\\\/\",\"logo\":{\"@type\":\"ImageObject\",\"inLanguage\":\"sk-SK\",\"@id\":\"https:\\\/\\\/www.upjs.sk\\\/pracoviska\\\/univerzitna-kniznica\\\/#\\\/schema\\\/logo\\\/image\\\/\",\"url\":\"https:\\\/\\\/www.upjs.sk\\\/app\\\/uploads\\\/sites\\\/16\\\/2023\\\/01\\\/UK-1.svg\",\"contentUrl\":\"https:\\\/\\\/www.upjs.sk\\\/app\\\/uploads\\\/sites\\\/16\\\/2023\\\/01\\\/UK-1.svg\",\"width\":500,\"height\":138,\"caption\":\"Univerzitn\u00e1 kni\u017enica | UPJ\u0160\"},\"image\":{\"@id\":\"https:\\\/\\\/www.upjs.sk\\\/pracoviska\\\/univerzitna-kniznica\\\/#\\\/schema\\\/logo\\\/image\\\/\"}}]}<\/script>\n<!-- \/ Yoast SEO plugin. -->","yoast_head_json":{"title":"EP\u010c legislat\u00edva - Univerzitn\u00e1 kni\u017enica | UPJ\u0160","robots":{"index":"index","follow":"follow","max-snippet":"max-snippet:-1","max-image-preview":"max-image-preview:large","max-video-preview":"max-video-preview:-1"},"canonical":"https:\/\/www.upjs.sk\/pracoviska\/univerzitna-kniznica\/epc-legislativa\/","og_locale":"sk_SK","og_type":"article","og_title":"EP\u010c legislat\u00edva - Univerzitn\u00e1 kni\u017enica | UPJ\u0160","og_description":"Vyhl\u00e1\u0161ka M\u0160VVa\u0160 SR 397\/2020 z 5. decembra 2020 o centr\u00e1lnom registri evidencie publika\u010dnej \u010dinnosti a centr\u00e1lnom registri evidencie umeleckej \u010dinnosti\u00a0 Pozn\u00e1mka:Evidencia v\u00fdstupov publika\u010dnej \u010dinnosti pod\u013ea vyhl\u00e1\u0161ky je\u00a0platn\u00e1 od 1.2.2022 Z\u00e1kon \u010d. 455\/2012 z 13.decembra 2012, ktor\u00fdm sa men\u00ed a dop\u013a\u0148a z\u00e1kon \u010d. 131\/2002 Z. z. o vysok\u00fdch \u0161kol\u00e1ch a o zmene a doplnen\u00ed niektor\u00fdch z\u00e1konov &hellip; \u010c\u00edta\u0165 \u010falej","og_url":"https:\/\/www.upjs.sk\/pracoviska\/univerzitna-kniznica\/epc-legislativa\/","og_site_name":"Univerzitn\u00e1 kni\u017enica | UPJ\u0160","article_modified_time":"2026-05-06T08:58:58+00:00","twitter_card":"summary_large_image","twitter_misc":{"Predpokladan\u00fd \u010das \u010d\u00edtania":"2 min\u00faty"},"schema":{"@context":"https:\/\/schema.org","@graph":[{"@type":"WebPage","@id":"https:\/\/www.upjs.sk\/pracoviska\/univerzitna-kniznica\/epc-legislativa\/","url":"https:\/\/www.upjs.sk\/pracoviska\/univerzitna-kniznica\/epc-legislativa\/","name":"EP\u010c legislat\u00edva - Univerzitn\u00e1 kni\u017enica | UPJ\u0160","isPartOf":{"@id":"https:\/\/www.upjs.sk\/pracoviska\/univerzitna-kniznica\/#website"},"datePublished":"2026-05-06T08:58:56+00:00","dateModified":"2026-05-06T08:58:58+00:00","breadcrumb":{"@id":"https:\/\/www.upjs.sk\/pracoviska\/univerzitna-kniznica\/epc-legislativa\/#breadcrumb"},"inLanguage":"sk-SK","potentialAction":[{"@type":"ReadAction","target":["https:\/\/www.upjs.sk\/pracoviska\/univerzitna-kniznica\/epc-legislativa\/"]}]},{"@type":"BreadcrumbList","@id":"https:\/\/www.upjs.sk\/pracoviska\/univerzitna-kniznica\/epc-legislativa\/#breadcrumb","itemListElement":[{"@type":"ListItem","position":1,"name":"Home","item":"https:\/\/www.upjs.sk\/pracoviska\/univerzitna-kniznica\/"},{"@type":"ListItem","position":2,"name":"EP\u010c legislat\u00edva"}]},{"@type":"WebSite","@id":"https:\/\/www.upjs.sk\/pracoviska\/univerzitna-kniznica\/#website","url":"https:\/\/www.upjs.sk\/pracoviska\/univerzitna-kniznica\/","name":"Univerzitn\u00e1 kni\u017enica | UPJ\u0160","description":"Dr\u017e\u00edme v\u00e1s nad vodou v mori inform\u00e1ci\u00ed","publisher":{"@id":"https:\/\/www.upjs.sk\/pracoviska\/univerzitna-kniznica\/#organization"},"potentialAction":[{"@type":"SearchAction","target":{"@type":"EntryPoint","urlTemplate":"https:\/\/www.upjs.sk\/pracoviska\/univerzitna-kniznica\/?s={search_term_string}"},"query-input":{"@type":"PropertyValueSpecification","valueRequired":true,"valueName":"search_term_string"}}],"inLanguage":"sk-SK"},{"@type":"Organization","@id":"https:\/\/www.upjs.sk\/pracoviska\/univerzitna-kniznica\/#organization","name":"Univerzitn\u00e1 kni\u017enica | UPJ\u0160","url":"https:\/\/www.upjs.sk\/pracoviska\/univerzitna-kniznica\/","logo":{"@type":"ImageObject","inLanguage":"sk-SK","@id":"https:\/\/www.upjs.sk\/pracoviska\/univerzitna-kniznica\/#\/schema\/logo\/image\/","url":"https:\/\/www.upjs.sk\/app\/uploads\/sites\/16\/2023\/01\/UK-1.svg","contentUrl":"https:\/\/www.upjs.sk\/app\/uploads\/sites\/16\/2023\/01\/UK-1.svg","width":500,"height":138,"caption":"Univerzitn\u00e1 kni\u017enica | UPJ\u0160"},"image":{"@id":"https:\/\/www.upjs.sk\/pracoviska\/univerzitna-kniznica\/#\/schema\/logo\/image\/"}}]}},"_links":{"self":[{"href":"https:\/\/www.upjs.sk\/pracoviska\/univerzitna-kniznica\/wp-json\/wp\/v2\/pages\/40056","targetHints":{"allow":["GET"]}}],"collection":[{"href":"https:\/\/www.upjs.sk\/pracoviska\/univerzitna-kniznica\/wp-json\/wp\/v2\/pages"}],"about":[{"href":"https:\/\/www.upjs.sk\/pracoviska\/univerzitna-kniznica\/wp-json\/wp\/v2\/types\/page"}],"author":[{"embeddable":true,"href":"https:\/\/www.upjs.sk\/pracoviska\/univerzitna-kniznica\/wp-json\/wp\/v2\/users\/23"}],"replies":[{"embeddable":true,"href":"https:\/\/www.upjs.sk\/pracoviska\/univerzitna-kniznica\/wp-json\/wp\/v2\/comments?post=40056"}],"version-history":[{"count":1,"href":"https:\/\/www.upjs.sk\/pracoviska\/univerzitna-kniznica\/wp-json\/wp\/v2\/pages\/40056\/revisions"}],"predecessor-version":[{"id":40057,"href":"https:\/\/www.upjs.sk\/pracoviska\/univerzitna-kniznica\/wp-json\/wp\/v2\/pages\/40056\/revisions\/40057"}],"wp:attachment":[{"href":"https:\/\/www.upjs.sk\/pracoviska\/univerzitna-kniznica\/wp-json\/wp\/v2\/media?parent=40056"}],"wp:term":[{"taxonomy":"category","embeddable":true,"href":"https:\/\/www.upjs.sk\/pracoviska\/univerzitna-kniznica\/wp-json\/wp\/v2\/categories?post=40056"},{"taxonomy":"post_tag","embeddable":true,"href":"https:\/\/www.upjs.sk\/pracoviska\/univerzitna-kniznica\/wp-json\/wp\/v2\/tags?post=40056"}],"curies":[{"name":"wp","href":"https:\/\/api.w.org\/{rel}","templated":true}]}}