{"id":13522,"date":"2021-06-09T09:41:25","date_gmt":"2021-06-09T09:41:25","guid":{"rendered":"https:\/\/www.upjs.sk\/pracoviska\/ustav-telesnej-vychovy\/verejnost\/"},"modified":"2026-02-18T14:16:45","modified_gmt":"2026-02-18T13:16:45","slug":"verejnost","status":"publish","type":"page","link":"https:\/\/www.upjs.sk\/pracoviska\/ustav-telesnej-vychovy\/sluzby\/verejnost\/","title":{"rendered":"Slu\u017eby pre verejnos\u0165"},"content":{"rendered":"\n<p class=\"has-medium-font-size\"><strong><mark style=\"background-color:rgba(0, 0, 0, 0)\" class=\"has-inline-color has-zakladna-modra-color\">Slu\u017eby<\/mark><\/strong><\/p>\n\n\n\n<p><mark style=\"background-color:rgba(0, 0, 0, 0)\" class=\"has-inline-color has-zakladna-modra-color\">\u27a4<\/mark>&nbsp;<a href=\"https:\/\/www.upjs.sk\/app\/uploads\/sites\/14\/2023\/09\/cenovy-vymer-utvs-2023.pdf\" target=\"_blank\" rel=\"noreferrer noopener\" class=\"ek-link\">Cenov\u00fd v\u00fdmer za posil\u0148ovanie a pohybov\u00e9 aktivity<\/a>&nbsp; (od 1.9.2023)<\/p>\n\n\n<style>.wp-block-kadence-spacer.kt-block-spacer-13522_748379-39 .kt-block-spacer{height:6px;}.wp-block-kadence-spacer.kt-block-spacer-13522_748379-39 .kt-divider{border-top-width:1px;height:1px;border-top-color:#164082;width:100%;border-top-style:solid;}<\/style>\n<div class=\"wp-block-kadence-spacer aligncenter kt-block-spacer-13522_748379-39\"><div class=\"kt-block-spacer kt-block-spacer-halign-center\"><hr class=\"kt-divider\"\/><\/div><\/div>\n\n\n\n<p class=\"has-medium-font-size\"><strong><strong><mark style=\"background-color:rgba(0, 0, 0, 0)\" class=\"has-inline-color has-zakladna-modra-color\">Ponuka \u0161portov\u00fdch aktiv\u00edt<\/mark><\/strong><\/strong><\/p>\n\n\n\n<p><mark style=\"background-color:rgba(0, 0, 0, 0)\" class=\"has-inline-color has-zakladna-modra-color\">\u27a4<\/mark> <a href=\"https:\/\/www.upjs.sk\/app\/uploads\/sites\/14\/2026\/02\/Moznosti-pohybovych-aktivit-zamestnancov-LS-AR-25_26.pdf\" target=\"_blank\" rel=\"noreferrer noopener\">Pohybov\u00e9 aktivity pre zamestnancov UPJ\u0160<\/a> &#8211; <strong><mark style=\"background-color:rgba(0, 0, 0, 0)\" class=\"has-inline-color has-zakladna-modra-color\">od 16.02.2026 &#8211; 08.05.2026<\/mark><\/strong><\/p>\n\n\n\n<p><mark style=\"background-color:rgba(0, 0, 0, 0)\" class=\"has-inline-color has-zakladna-modra-color\">\u25bc<\/mark> <strong>Ponuka \u0161portov\u00fdch aktiv\u00edt nad r\u00e1mec kreditov<\/strong><\/p>\n\n\n\n<p>\u0160portov\u00e9 aktivity \u2013 cvi\u010denie v posil\u0148ovni, \u0161portov\u00e9 lezenie a skupinov\u00e9 cvi\u010denia, s\u00fa ur\u010den\u00e9 pre \u0161tudentov, zamestnancov a \u010dlenov TJ Sl\u00e1via UPJ\u0160 Ko\u0161ice. Ceny za pohybov\u00e9 aktivity s\u00fa ur\u010den\u00e9 v cenovom v\u00fdmere (platn\u00fd od 1.9.2023).<\/p>\n\n\n\n<p>Rozpis pohybov\u00fdch aktiv\u00edt v Letnom semestri 2025\/2026:<\/p>\n\n\n\n<figure class=\"wp-block-table aligncenter is-style-stripes\"><table class=\"has-fixed-layout\"><tbody><tr><td><strong><mark style=\"background-color:rgba(0, 0, 0, 0)\" class=\"has-inline-color has-zakladna-zlata-color\">Mimo v\u00fdu\u010dby:<\/mark><\/strong><\/td><td><\/td><td><\/td><\/tr><tr><td><strong>POSIL\u0147OVANIE<\/strong><\/td><td>Pondelok<br>Streda<\/td><td>18:30 \u2013 20:00<br>18:30 \u2013 20:00<\/td><\/tr><tr><td><strong>LEZECK\u00c1 STENA<\/strong><\/td><td>Utorok<br>\u0160tvrtok<\/td><td>17:00 \u2013 20:00<br>17:00 \u2013 19:00<\/td><\/tr><tr><td><\/td><td><\/td><td><\/td><\/tr><tr><td><strong><mark style=\"background-color:rgba(0, 0, 0, 0)\" class=\"has-inline-color has-zakladna-zlata-color\">V&nbsp;r\u00e1mci v\u00fdu\u010dby na skupinov\u00fdch cvi\u010deniach:<\/mark><\/strong><\/td><td><\/td><td><\/td><\/tr><tr><td><strong>BODY FORM \u2013 women<\/strong><\/td><td>Pondelok<\/td><td>18:30 \u2013 20:00<\/td><\/tr><tr><td><strong>STEP AEROBIK<\/strong><\/td><td>Pondelok<\/td><td>17:00 \u2013 18:30<\/td><\/tr><tr><td><strong>AEROBIK<\/strong><\/td><td>Streda<\/td><td>17:00 \u2013 18:30<\/td><\/tr><tr><td><strong>KRUHOV\u00dd TR\u00c9NING<\/strong><\/td><td>Streda<\/td><td>18:30 \u2013 20:00<\/td><\/tr><tr><td><strong>PILATES<\/strong><\/td><td>Streda<\/td><td>14:00 \u2013 15:30<\/td><\/tr><tr><td><strong>JOGA<\/strong><\/td><td>Pondelok<br>\u0160tvrtok<\/td><td>15:30 \u2013 17:00\u00a0<br>12:30 \u2013 14:00<\/td><\/tr><tr><td><strong><strong>TABATA<\/strong><\/strong><\/td><td>Utorok<br>Streda<\/td><td>14:00 \u2013 15:30<br>12:30 \u2013 14:00<\/td><\/tr><tr><td><strong>NETRADI\u010cN\u00c9 \u0160PORTY<\/strong><\/td><td>\u0160tvrtok<\/td><td>13:00 \u2013 14:30<\/td><\/tr><\/tbody><\/table><\/figure>\n\n\n\n<p><br><mark style=\"background-color:rgba(0, 0, 0, 0)\" class=\"has-inline-color has-zakladna-modra-color\">\u27a4<\/mark>  <a aria-label=\"defin\u00edcia \u0161portov\u00fdch aktiv\u00edt (opens in a new tab)\" href=\"https:\/\/www.upjs.sk\/app\/uploads\/sites\/14\/2023\/10\/definicia-sport-aktivit.pdf\" target=\"_blank\" rel=\"noreferrer noopener\" class=\"ek-link\">Defin\u00edcia \u0161portov\u00fdch aktiv\u00edt<\/a><br><mark style=\"background-color:rgba(0, 0, 0, 0)\" class=\"has-inline-color has-zakladna-modra-color\">\u27a4<\/mark>  <a aria-label=\"\u010do je to BodyForm - women (opens in a new tab)\" href=\"https:\/\/www.upjs.sk\/app\/uploads\/sites\/14\/2023\/10\/co-je-to-body-form.pdf\" target=\"_blank\" rel=\"noreferrer noopener\" class=\"ek-link\">\u010co je to BodyForm &#8211; women<\/a><\/p>\n\n\n<style>.wp-block-kadence-spacer.kt-block-spacer-13522_336f00-5a .kt-block-spacer{height:6px;}.wp-block-kadence-spacer.kt-block-spacer-13522_336f00-5a .kt-divider{border-top-width:1px;height:1px;border-top-color:#164082;width:100%;border-top-style:solid;}<\/style>\n<div class=\"wp-block-kadence-spacer aligncenter kt-block-spacer-13522_336f00-5a\"><div class=\"kt-block-spacer kt-block-spacer-halign-center\"><hr class=\"kt-divider\"\/><\/div><\/div>\n\n\n\n<p class=\"has-medium-font-size\"><strong><mark style=\"background-color:rgba(0, 0, 0, 0)\" class=\"has-inline-color has-zakladna-modra-color\">Ponuka pre verejnos\u0165 &#8211; TJ Sl\u00e1via UPJ\u0160<\/mark><\/strong><\/p>\n\n\n\n<p><mark style=\"background-color:rgba(0, 0, 0, 0)\" class=\"has-inline-color has-zakladna-modra-color\">\u27a4<\/mark> <a href=\"https:\/\/www.upjs.sk\/public\/media\/1317\/tj-slavia-formy-cviceni-utvs-2014.docx\" target=\"_blank\" rel=\"noopener\">Ponuka cvi\u010den\u00ed pre \u0161tudentov a verejnos\u0165<\/a><\/p>\n","protected":false},"excerpt":{"rendered":"<p>Slu\u017eby \u27a4&nbsp;Cenov\u00fd v\u00fdmer za posil\u0148ovanie a pohybov\u00e9 aktivity&nbsp; (od 1.9.2023) Ponuka \u0161portov\u00fdch aktiv\u00edt \u27a4 Pohybov\u00e9 aktivity pre zamestnancov UPJ\u0160 &#8211; od 16.02.2026 &#8211; 08.05.2026 \u25bc Ponuka \u0161portov\u00fdch aktiv\u00edt nad r\u00e1mec kreditov \u0160portov\u00e9 aktivity \u2013 cvi\u010denie v posil\u0148ovni, \u0161portov\u00e9 lezenie a skupinov\u00e9 cvi\u010denia, s\u00fa ur\u010den\u00e9 pre \u0161tudentov, zamestnancov a \u010dlenov TJ Sl\u00e1via UPJ\u0160 Ko\u0161ice. Ceny za &hellip; <a href=\"https:\/\/www.upjs.sk\/pracoviska\/ustav-telesnej-vychovy\/sluzby\/verejnost\/\">\u010c\u00edta\u0165 \u010falej<\/a><\/p>\n","protected":false},"author":1,"featured_media":0,"parent":13652,"menu_order":0,"comment_status":"closed","ping_status":"closed","template":"","meta":{"_acf_changed":false,"_editorskit_title_hidden":false,"_editorskit_reading_time":0,"_editorskit_is_block_options_detached":false,"_editorskit_block_options_position":"{}","footnotes":""},"categories":[],"tags":[],"class_list":["post-13522","page","type-page","status-publish","hentry"],"acf":{"acf_link_na_externy_obsah":""},"yoast_head":"<!-- This site is optimized with the Yoast SEO plugin v27.4 - https:\/\/yoast.com\/product\/yoast-seo-wordpress\/ -->\n<title>Slu\u017eby pre verejnos\u0165 - \u00dastav telesnej v\u00fdchovy a \u0161portu | UPJ\u0160<\/title>\n<meta name=\"robots\" content=\"index, follow, max-snippet:-1, max-image-preview:large, max-video-preview:-1\" \/>\n<link rel=\"canonical\" href=\"https:\/\/www.upjs.sk\/pracoviska\/ustav-telesnej-vychovy\/sluzby\/verejnost\/\" \/>\n<meta property=\"og:locale\" content=\"sk_SK\" \/>\n<meta property=\"og:type\" content=\"article\" \/>\n<meta property=\"og:title\" content=\"Slu\u017eby pre verejnos\u0165 - \u00dastav telesnej v\u00fdchovy a \u0161portu | UPJ\u0160\" \/>\n<meta property=\"og:description\" content=\"Slu\u017eby \u27a4&nbsp;Cenov\u00fd v\u00fdmer za posil\u0148ovanie a pohybov\u00e9 aktivity&nbsp; (od 1.9.2023) Ponuka \u0161portov\u00fdch aktiv\u00edt \u27a4 Pohybov\u00e9 aktivity pre zamestnancov UPJ\u0160 &#8211; od 16.02.2026 &#8211; 08.05.2026 \u25bc Ponuka \u0161portov\u00fdch aktiv\u00edt nad r\u00e1mec kreditov \u0160portov\u00e9 aktivity \u2013 cvi\u010denie v posil\u0148ovni, \u0161portov\u00e9 lezenie a skupinov\u00e9 cvi\u010denia, s\u00fa ur\u010den\u00e9 pre \u0161tudentov, zamestnancov a \u010dlenov TJ Sl\u00e1via UPJ\u0160 Ko\u0161ice. Ceny za &hellip; \u010c\u00edta\u0165 \u010falej\" \/>\n<meta property=\"og:url\" content=\"https:\/\/www.upjs.sk\/pracoviska\/ustav-telesnej-vychovy\/sluzby\/verejnost\/\" \/>\n<meta property=\"og:site_name\" content=\"\u00dastav telesnej v\u00fdchovy a \u0161portu | UPJ\u0160\" \/>\n<meta property=\"article:modified_time\" content=\"2026-02-18T13:16:45+00:00\" \/>\n<meta name=\"twitter:card\" content=\"summary_large_image\" \/>\n<meta name=\"twitter:label1\" content=\"Predpokladan\u00fd \u010das \u010d\u00edtania\" \/>\n\t<meta name=\"twitter:data1\" content=\"1 min\u00fata\" \/>\n<script type=\"application\/ld+json\" class=\"yoast-schema-graph\">{\"@context\":\"https:\\\/\\\/schema.org\",\"@graph\":[{\"@type\":\"WebPage\",\"@id\":\"https:\\\/\\\/www.upjs.sk\\\/pracoviska\\\/ustav-telesnej-vychovy\\\/sluzby\\\/verejnost\\\/\",\"url\":\"https:\\\/\\\/www.upjs.sk\\\/pracoviska\\\/ustav-telesnej-vychovy\\\/sluzby\\\/verejnost\\\/\",\"name\":\"Slu\u017eby pre verejnos\u0165 - \u00dastav telesnej v\u00fdchovy a \u0161portu | UPJ\u0160\",\"isPartOf\":{\"@id\":\"https:\\\/\\\/www.upjs.sk\\\/pracoviska\\\/ustav-telesnej-vychovy\\\/#website\"},\"datePublished\":\"2021-06-09T09:41:25+00:00\",\"dateModified\":\"2026-02-18T13:16:45+00:00\",\"breadcrumb\":{\"@id\":\"https:\\\/\\\/www.upjs.sk\\\/pracoviska\\\/ustav-telesnej-vychovy\\\/sluzby\\\/verejnost\\\/#breadcrumb\"},\"inLanguage\":\"sk-SK\",\"potentialAction\":[{\"@type\":\"ReadAction\",\"target\":[\"https:\\\/\\\/www.upjs.sk\\\/pracoviska\\\/ustav-telesnej-vychovy\\\/sluzby\\\/verejnost\\\/\"]}]},{\"@type\":\"BreadcrumbList\",\"@id\":\"https:\\\/\\\/www.upjs.sk\\\/pracoviska\\\/ustav-telesnej-vychovy\\\/sluzby\\\/verejnost\\\/#breadcrumb\",\"itemListElement\":[{\"@type\":\"ListItem\",\"position\":1,\"name\":\"Home\",\"item\":\"https:\\\/\\\/www.upjs.sk\\\/pracoviska\\\/ustav-telesnej-vychovy\\\/\"},{\"@type\":\"ListItem\",\"position\":2,\"name\":\"Slu\u017eby a n\u00e1jmy\",\"item\":\"https:\\\/\\\/www.upjs.sk\\\/pracoviska\\\/ustav-telesnej-vychovy\\\/sluzby\\\/\"},{\"@type\":\"ListItem\",\"position\":3,\"name\":\"Slu\u017eby pre verejnos\u0165\"}]},{\"@type\":\"WebSite\",\"@id\":\"https:\\\/\\\/www.upjs.sk\\\/pracoviska\\\/ustav-telesnej-vychovy\\\/#website\",\"url\":\"https:\\\/\\\/www.upjs.sk\\\/pracoviska\\\/ustav-telesnej-vychovy\\\/\",\"name\":\"\u00dastav telesnej v\u00fdchovy a \u0161portu | UPJ\u0160\",\"description\":\"\",\"publisher\":{\"@id\":\"https:\\\/\\\/www.upjs.sk\\\/pracoviska\\\/ustav-telesnej-vychovy\\\/#organization\"},\"potentialAction\":[{\"@type\":\"SearchAction\",\"target\":{\"@type\":\"EntryPoint\",\"urlTemplate\":\"https:\\\/\\\/www.upjs.sk\\\/pracoviska\\\/ustav-telesnej-vychovy\\\/?s={search_term_string}\"},\"query-input\":{\"@type\":\"PropertyValueSpecification\",\"valueRequired\":true,\"valueName\":\"search_term_string\"}}],\"inLanguage\":\"sk-SK\"},{\"@type\":\"Organization\",\"@id\":\"https:\\\/\\\/www.upjs.sk\\\/pracoviska\\\/ustav-telesnej-vychovy\\\/#organization\",\"name\":\"\u00dastav telesnej v\u00fdchovy a \u0161portu | UPJ\u0160\",\"url\":\"https:\\\/\\\/www.upjs.sk\\\/pracoviska\\\/ustav-telesnej-vychovy\\\/\",\"logo\":{\"@type\":\"ImageObject\",\"inLanguage\":\"sk-SK\",\"@id\":\"https:\\\/\\\/www.upjs.sk\\\/pracoviska\\\/ustav-telesnej-vychovy\\\/#\\\/schema\\\/logo\\\/image\\\/\",\"url\":\"https:\\\/\\\/www.upjs.sk\\\/app\\\/uploads\\\/sites\\\/14\\\/2023\\\/01\\\/UTVS.svg\",\"contentUrl\":\"https:\\\/\\\/www.upjs.sk\\\/app\\\/uploads\\\/sites\\\/14\\\/2023\\\/01\\\/UTVS.svg\",\"width\":500,\"height\":138,\"caption\":\"\u00dastav telesnej v\u00fdchovy a \u0161portu | UPJ\u0160\"},\"image\":{\"@id\":\"https:\\\/\\\/www.upjs.sk\\\/pracoviska\\\/ustav-telesnej-vychovy\\\/#\\\/schema\\\/logo\\\/image\\\/\"}}]}<\/script>\n<!-- \/ Yoast SEO plugin. -->","yoast_head_json":{"title":"Slu\u017eby pre verejnos\u0165 - \u00dastav telesnej v\u00fdchovy a \u0161portu | UPJ\u0160","robots":{"index":"index","follow":"follow","max-snippet":"max-snippet:-1","max-image-preview":"max-image-preview:large","max-video-preview":"max-video-preview:-1"},"canonical":"https:\/\/www.upjs.sk\/pracoviska\/ustav-telesnej-vychovy\/sluzby\/verejnost\/","og_locale":"sk_SK","og_type":"article","og_title":"Slu\u017eby pre verejnos\u0165 - \u00dastav telesnej v\u00fdchovy a \u0161portu | UPJ\u0160","og_description":"Slu\u017eby \u27a4&nbsp;Cenov\u00fd v\u00fdmer za posil\u0148ovanie a pohybov\u00e9 aktivity&nbsp; (od 1.9.2023) Ponuka \u0161portov\u00fdch aktiv\u00edt \u27a4 Pohybov\u00e9 aktivity pre zamestnancov UPJ\u0160 &#8211; od 16.02.2026 &#8211; 08.05.2026 \u25bc Ponuka \u0161portov\u00fdch aktiv\u00edt nad r\u00e1mec kreditov \u0160portov\u00e9 aktivity \u2013 cvi\u010denie v posil\u0148ovni, \u0161portov\u00e9 lezenie a skupinov\u00e9 cvi\u010denia, s\u00fa ur\u010den\u00e9 pre \u0161tudentov, zamestnancov a \u010dlenov TJ Sl\u00e1via UPJ\u0160 Ko\u0161ice. Ceny za &hellip; \u010c\u00edta\u0165 \u010falej","og_url":"https:\/\/www.upjs.sk\/pracoviska\/ustav-telesnej-vychovy\/sluzby\/verejnost\/","og_site_name":"\u00dastav telesnej v\u00fdchovy a \u0161portu | UPJ\u0160","article_modified_time":"2026-02-18T13:16:45+00:00","twitter_card":"summary_large_image","twitter_misc":{"Predpokladan\u00fd \u010das \u010d\u00edtania":"1 min\u00fata"},"schema":{"@context":"https:\/\/schema.org","@graph":[{"@type":"WebPage","@id":"https:\/\/www.upjs.sk\/pracoviska\/ustav-telesnej-vychovy\/sluzby\/verejnost\/","url":"https:\/\/www.upjs.sk\/pracoviska\/ustav-telesnej-vychovy\/sluzby\/verejnost\/","name":"Slu\u017eby pre verejnos\u0165 - \u00dastav telesnej v\u00fdchovy a \u0161portu | UPJ\u0160","isPartOf":{"@id":"https:\/\/www.upjs.sk\/pracoviska\/ustav-telesnej-vychovy\/#website"},"datePublished":"2021-06-09T09:41:25+00:00","dateModified":"2026-02-18T13:16:45+00:00","breadcrumb":{"@id":"https:\/\/www.upjs.sk\/pracoviska\/ustav-telesnej-vychovy\/sluzby\/verejnost\/#breadcrumb"},"inLanguage":"sk-SK","potentialAction":[{"@type":"ReadAction","target":["https:\/\/www.upjs.sk\/pracoviska\/ustav-telesnej-vychovy\/sluzby\/verejnost\/"]}]},{"@type":"BreadcrumbList","@id":"https:\/\/www.upjs.sk\/pracoviska\/ustav-telesnej-vychovy\/sluzby\/verejnost\/#breadcrumb","itemListElement":[{"@type":"ListItem","position":1,"name":"Home","item":"https:\/\/www.upjs.sk\/pracoviska\/ustav-telesnej-vychovy\/"},{"@type":"ListItem","position":2,"name":"Slu\u017eby a n\u00e1jmy","item":"https:\/\/www.upjs.sk\/pracoviska\/ustav-telesnej-vychovy\/sluzby\/"},{"@type":"ListItem","position":3,"name":"Slu\u017eby pre verejnos\u0165"}]},{"@type":"WebSite","@id":"https:\/\/www.upjs.sk\/pracoviska\/ustav-telesnej-vychovy\/#website","url":"https:\/\/www.upjs.sk\/pracoviska\/ustav-telesnej-vychovy\/","name":"\u00dastav telesnej v\u00fdchovy a \u0161portu | UPJ\u0160","description":"","publisher":{"@id":"https:\/\/www.upjs.sk\/pracoviska\/ustav-telesnej-vychovy\/#organization"},"potentialAction":[{"@type":"SearchAction","target":{"@type":"EntryPoint","urlTemplate":"https:\/\/www.upjs.sk\/pracoviska\/ustav-telesnej-vychovy\/?s={search_term_string}"},"query-input":{"@type":"PropertyValueSpecification","valueRequired":true,"valueName":"search_term_string"}}],"inLanguage":"sk-SK"},{"@type":"Organization","@id":"https:\/\/www.upjs.sk\/pracoviska\/ustav-telesnej-vychovy\/#organization","name":"\u00dastav telesnej v\u00fdchovy a \u0161portu | UPJ\u0160","url":"https:\/\/www.upjs.sk\/pracoviska\/ustav-telesnej-vychovy\/","logo":{"@type":"ImageObject","inLanguage":"sk-SK","@id":"https:\/\/www.upjs.sk\/pracoviska\/ustav-telesnej-vychovy\/#\/schema\/logo\/image\/","url":"https:\/\/www.upjs.sk\/app\/uploads\/sites\/14\/2023\/01\/UTVS.svg","contentUrl":"https:\/\/www.upjs.sk\/app\/uploads\/sites\/14\/2023\/01\/UTVS.svg","width":500,"height":138,"caption":"\u00dastav telesnej v\u00fdchovy a \u0161portu | UPJ\u0160"},"image":{"@id":"https:\/\/www.upjs.sk\/pracoviska\/ustav-telesnej-vychovy\/#\/schema\/logo\/image\/"}}]}},"_links":{"self":[{"href":"https:\/\/www.upjs.sk\/pracoviska\/ustav-telesnej-vychovy\/wp-json\/wp\/v2\/pages\/13522","targetHints":{"allow":["GET"]}}],"collection":[{"href":"https:\/\/www.upjs.sk\/pracoviska\/ustav-telesnej-vychovy\/wp-json\/wp\/v2\/pages"}],"about":[{"href":"https:\/\/www.upjs.sk\/pracoviska\/ustav-telesnej-vychovy\/wp-json\/wp\/v2\/types\/page"}],"author":[{"embeddable":true,"href":"https:\/\/www.upjs.sk\/pracoviska\/ustav-telesnej-vychovy\/wp-json\/wp\/v2\/users\/1"}],"replies":[{"embeddable":true,"href":"https:\/\/www.upjs.sk\/pracoviska\/ustav-telesnej-vychovy\/wp-json\/wp\/v2\/comments?post=13522"}],"version-history":[{"count":19,"href":"https:\/\/www.upjs.sk\/pracoviska\/ustav-telesnej-vychovy\/wp-json\/wp\/v2\/pages\/13522\/revisions"}],"predecessor-version":[{"id":23731,"href":"https:\/\/www.upjs.sk\/pracoviska\/ustav-telesnej-vychovy\/wp-json\/wp\/v2\/pages\/13522\/revisions\/23731"}],"up":[{"embeddable":true,"href":"https:\/\/www.upjs.sk\/pracoviska\/ustav-telesnej-vychovy\/wp-json\/wp\/v2\/pages\/13652"}],"wp:attachment":[{"href":"https:\/\/www.upjs.sk\/pracoviska\/ustav-telesnej-vychovy\/wp-json\/wp\/v2\/media?parent=13522"}],"wp:term":[{"taxonomy":"category","embeddable":true,"href":"https:\/\/www.upjs.sk\/pracoviska\/ustav-telesnej-vychovy\/wp-json\/wp\/v2\/categories?post=13522"},{"taxonomy":"post_tag","embeddable":true,"href":"https:\/\/www.upjs.sk\/pracoviska\/ustav-telesnej-vychovy\/wp-json\/wp\/v2\/tags?post=13522"}],"curies":[{"name":"wp","href":"https:\/\/api.w.org\/{rel}","templated":true}]}}