{"id":13341,"date":"2023-05-11T07:13:20","date_gmt":"2023-05-11T07:13:20","guid":{"rendered":"https:\/\/www.upjs.sk\/pracoviska\/uvz-danisovce\/?page_id=13341"},"modified":"2025-04-09T05:10:31","modified_gmt":"2025-04-09T05:10:31","slug":"mapa-stranok","status":"publish","type":"page","link":"https:\/\/www.upjs.sk\/pracoviska\/uvz-danisovce\/mapa-stranok\/","title":{"rendered":"Mapa str\u00e1nok"},"content":{"rendered":"<div class=\"accordion-section\">\r\n      <h2 class=\"accordion-header mt-5 mb-1\">\r\n        Pracovisk\u00e1\r\n        <span class=\"accordion-icon\">+<\/span>\r\n      <\/h2>\r\n      <div class=\"accordion-content\">\r\n                    <ul><li><a href=\"https:\/\/www.upjs.sk\/pracoviska\/uvz-danisovce\/pracoviska\/root\/\">root<\/a><\/li><\/ul>              <\/div>\r\n    <\/div>\r\n        <div class=\"accordion-section\">\r\n      <h2 class=\"accordion-header mt-5 mb-1\">\r\n        \u010cl\u00e1nky\r\n        <span class=\"accordion-icon\">+<\/span>\r\n      <\/h2>\r\n      <div class=\"accordion-content\">\r\n                    <ul class=\"mt-2\">\r\n                                    <li>\r\n                        <a href=\"https:\/\/www.upjs.sk\/pracoviska\/uvz-danisovce\/hello-world\/\">Hello world!<\/a>\r\n                    <\/li>\r\n                            <\/ul>\r\n              <\/div>\r\n    <\/div>\r\n        <div class=\"accordion-section\">\r\n      <h2 class=\"accordion-header mt-5 mb-1\">\r\n        Str\u00e1nky\r\n        <span class=\"accordion-icon\">+<\/span>\r\n      <\/h2>\r\n      <div class=\"accordion-content\">\r\n                    <ul><li><a href=\"https:\/\/www.upjs.sk\/pracoviska\/uvz-danisovce\/informacie\/\">Inform\u00e1cie<\/a><\/li><li><a href=\"https:\/\/www.upjs.sk\/pracoviska\/uvz-danisovce\/cennik\/\">Cenn\u00edk<\/a><\/li><li><a href=\"https:\/\/www.upjs.sk\/pracoviska\/uvz-danisovce\/prihlaska-na-pobyt\/\">Prihl\u00e1\u0161ka na pobyt<\/a><\/li><li><a href=\"https:\/\/www.upjs.sk\/pracoviska\/uvz-danisovce\/obsadenost\/\">Obsadenos\u0165<\/a><\/li><li><a href=\"https:\/\/www.upjs.sk\/pracoviska\/uvz-danisovce\/fotogaleria\/\">Fotogal\u00e9ria<\/a><\/li><li><a href=\"https:\/\/www.upjs.sk\/pracoviska\/uvz-danisovce\/virtualna-prehliadka-objektu\/\">Virtu\u00e1lna prehliadka objektu<\/a><\/li><li><a href=\"https:\/\/www.upjs.sk\/pracoviska\/uvz-danisovce\/mapa-stranok\/\">Mapa str\u00e1nok<\/a><\/li><li><a href=\"https:\/\/www.upjs.sk\/pracoviska\/uvz-danisovce\/kontakt\/\">Kontakt<\/a><\/li><\/ul>              <\/div>\r\n    <\/div>\r\n\r\n\r\n\r\n<style type=\"text\/css\">\r\n    .content-single-content{\r\n        margin-top: 2em;\r\n    }\r\n    .content-single ul,\r\n    .content-single ul ul {\r\n    margin: inherit;\r\n    }\r\n    .accordion-header {\r\n    cursor: pointer;\r\n    background: #f1f1f1;\r\n    padding: 10px;\r\n    margin: 0;\r\n    transition: background 0.3s;\r\n    display: flex;\r\n    justify-content: space-between;\r\n    align-items: center;\r\n    }\r\n    .accordion-header:hover {\r\n    background: #e2e2e2;\r\n    }\r\n    .accordion-icon {\r\n    font-weight: bold;\r\n    margin-left: 10px;\r\n    }\r\n    .accordion-content {\r\n    overflow: hidden;\r\n    max-height: 0;\r\n    transition: max-height 0.35s ease;\r\n    }\r\n    .accordion-content ul,\r\n    .accordion-content ul ul {\r\n    margin: inherit;\r\n    }\r\n<\/style>\r\n\r\n<script>\r\n    document.addEventListener('DOMContentLoaded', function () {\r\n    const headers = document.querySelectorAll('.accordion-header');\r\n    \r\n    headers.forEach(header => {\r\n        header.addEventListener('click', function() {\r\n        \/\/ Zatvor\u00edme v\u0161etky otvoren\u00e9 sekcie okrem aktu\u00e1lnej\r\n        document.querySelectorAll('.accordion-content.active').forEach(content => {\r\n            if (content !== header.nextElementSibling) {\r\n            content.style.maxHeight = null;\r\n            content.classList.remove('active');\r\n            const otherHeader = content.previousElementSibling;\r\n            if (otherHeader) {\r\n                const otherIcon = otherHeader.querySelector('.accordion-icon');\r\n                if(otherIcon) {\r\n                otherIcon.textContent = '+';\r\n                }\r\n            }\r\n            }\r\n        });\r\n        \r\n        const content = header.nextElementSibling;\r\n        const icon = header.querySelector('.accordion-icon');\r\n        \/\/ Prepnutie aktu\u00e1lnej sekcie\r\n        if (content.classList.contains('active')) {\r\n            content.style.maxHeight = null;\r\n            content.classList.remove('active');\r\n            if (icon) {\r\n                icon.textContent = '+';\r\n            }\r\n        } else {\r\n            content.style.maxHeight = content.scrollHeight + 'px';\r\n            content.classList.add('active');\r\n            if (icon) {\r\n                icon.textContent = '-';\r\n            }\r\n        }\r\n        });\r\n    });\r\n    });\r\n<\/script>\r\n    \r\n","protected":false},"excerpt":{"rendered":"","protected":false},"author":14,"featured_media":0,"parent":0,"menu_order":6,"comment_status":"closed","ping_status":"closed","template":"","meta":{"_acf_changed":false,"_editorskit_title_hidden":false,"_editorskit_reading_time":1,"_editorskit_is_block_options_detached":false,"_editorskit_block_options_position":"{}","footnotes":""},"categories":[],"tags":[],"class_list":["post-13341","page","type-page","status-publish","hentry"],"acf":{"acf_link_na_externy_obsah":""},"yoast_head":"<!-- This site is optimized with the Yoast SEO plugin v27.4 - https:\/\/yoast.com\/product\/yoast-seo-wordpress\/ -->\n<title>Mapa str\u00e1nok - U\u010debno-v\u00fdcvikov\u00e9 zariadenie Dani\u0161ovce | UPJ\u0160<\/title>\n<meta name=\"robots\" content=\"index, follow, max-snippet:-1, max-image-preview:large, max-video-preview:-1\" \/>\n<link rel=\"canonical\" href=\"https:\/\/www.upjs.sk\/pracoviska\/uvz-danisovce\/mapa-stranok\/\" \/>\n<meta property=\"og:locale\" content=\"sk_SK\" \/>\n<meta property=\"og:type\" content=\"article\" \/>\n<meta property=\"og:title\" content=\"Mapa str\u00e1nok - U\u010debno-v\u00fdcvikov\u00e9 zariadenie Dani\u0161ovce | UPJ\u0160\" \/>\n<meta property=\"og:url\" content=\"https:\/\/www.upjs.sk\/pracoviska\/uvz-danisovce\/mapa-stranok\/\" \/>\n<meta property=\"og:site_name\" content=\"U\u010debno-v\u00fdcvikov\u00e9 zariadenie Dani\u0161ovce | UPJ\u0160\" \/>\n<meta property=\"article:modified_time\" content=\"2025-04-09T05:10:31+00:00\" \/>\n<meta name=\"twitter:card\" content=\"summary_large_image\" \/>\n<script type=\"application\/ld+json\" class=\"yoast-schema-graph\">{\"@context\":\"https:\\\/\\\/schema.org\",\"@graph\":[{\"@type\":\"WebPage\",\"@id\":\"https:\\\/\\\/www.upjs.sk\\\/pracoviska\\\/uvz-danisovce\\\/mapa-stranok\\\/\",\"url\":\"https:\\\/\\\/www.upjs.sk\\\/pracoviska\\\/uvz-danisovce\\\/mapa-stranok\\\/\",\"name\":\"Mapa str\u00e1nok - U\u010debno-v\u00fdcvikov\u00e9 zariadenie Dani\u0161ovce | UPJ\u0160\",\"isPartOf\":{\"@id\":\"https:\\\/\\\/www.upjs.sk\\\/pracoviska\\\/uvz-danisovce\\\/#website\"},\"datePublished\":\"2023-05-11T07:13:20+00:00\",\"dateModified\":\"2025-04-09T05:10:31+00:00\",\"breadcrumb\":{\"@id\":\"https:\\\/\\\/www.upjs.sk\\\/pracoviska\\\/uvz-danisovce\\\/mapa-stranok\\\/#breadcrumb\"},\"inLanguage\":\"sk-SK\",\"potentialAction\":[{\"@type\":\"ReadAction\",\"target\":[\"https:\\\/\\\/www.upjs.sk\\\/pracoviska\\\/uvz-danisovce\\\/mapa-stranok\\\/\"]}]},{\"@type\":\"BreadcrumbList\",\"@id\":\"https:\\\/\\\/www.upjs.sk\\\/pracoviska\\\/uvz-danisovce\\\/mapa-stranok\\\/#breadcrumb\",\"itemListElement\":[{\"@type\":\"ListItem\",\"position\":1,\"name\":\"Home\",\"item\":\"https:\\\/\\\/www.upjs.sk\\\/pracoviska\\\/uvz-danisovce\\\/\"},{\"@type\":\"ListItem\",\"position\":2,\"name\":\"Mapa str\u00e1nok\"}]},{\"@type\":\"WebSite\",\"@id\":\"https:\\\/\\\/www.upjs.sk\\\/pracoviska\\\/uvz-danisovce\\\/#website\",\"url\":\"https:\\\/\\\/www.upjs.sk\\\/pracoviska\\\/uvz-danisovce\\\/\",\"name\":\"U\u010debno-v\u00fdcvikov\u00e9 zariadenie Dani\u0161ovce | UPJ\u0160\",\"description\":\"\",\"publisher\":{\"@id\":\"https:\\\/\\\/www.upjs.sk\\\/pracoviska\\\/uvz-danisovce\\\/#organization\"},\"potentialAction\":[{\"@type\":\"SearchAction\",\"target\":{\"@type\":\"EntryPoint\",\"urlTemplate\":\"https:\\\/\\\/www.upjs.sk\\\/pracoviska\\\/uvz-danisovce\\\/?s={search_term_string}\"},\"query-input\":{\"@type\":\"PropertyValueSpecification\",\"valueRequired\":true,\"valueName\":\"search_term_string\"}}],\"inLanguage\":\"sk-SK\"},{\"@type\":\"Organization\",\"@id\":\"https:\\\/\\\/www.upjs.sk\\\/pracoviska\\\/uvz-danisovce\\\/#organization\",\"name\":\"U\u010debno-v\u00fdcvikov\u00e9 zariadenie Dani\u0161ovce | UPJ\u0160\",\"url\":\"https:\\\/\\\/www.upjs.sk\\\/pracoviska\\\/uvz-danisovce\\\/\",\"logo\":{\"@type\":\"ImageObject\",\"inLanguage\":\"sk-SK\",\"@id\":\"https:\\\/\\\/www.upjs.sk\\\/pracoviska\\\/uvz-danisovce\\\/#\\\/schema\\\/logo\\\/image\\\/\",\"url\":\"https:\\\/\\\/www.upjs.sk\\\/app\\\/uploads\\\/sites\\\/19\\\/2023\\\/01\\\/DANISOVCE.svg\",\"contentUrl\":\"https:\\\/\\\/www.upjs.sk\\\/app\\\/uploads\\\/sites\\\/19\\\/2023\\\/01\\\/DANISOVCE.svg\",\"width\":500,\"height\":138,\"caption\":\"U\u010debno-v\u00fdcvikov\u00e9 zariadenie Dani\u0161ovce | UPJ\u0160\"},\"image\":{\"@id\":\"https:\\\/\\\/www.upjs.sk\\\/pracoviska\\\/uvz-danisovce\\\/#\\\/schema\\\/logo\\\/image\\\/\"}}]}<\/script>\n<!-- \/ Yoast SEO plugin. -->","yoast_head_json":{"title":"Mapa str\u00e1nok - U\u010debno-v\u00fdcvikov\u00e9 zariadenie Dani\u0161ovce | UPJ\u0160","robots":{"index":"index","follow":"follow","max-snippet":"max-snippet:-1","max-image-preview":"max-image-preview:large","max-video-preview":"max-video-preview:-1"},"canonical":"https:\/\/www.upjs.sk\/pracoviska\/uvz-danisovce\/mapa-stranok\/","og_locale":"sk_SK","og_type":"article","og_title":"Mapa str\u00e1nok - U\u010debno-v\u00fdcvikov\u00e9 zariadenie Dani\u0161ovce | UPJ\u0160","og_url":"https:\/\/www.upjs.sk\/pracoviska\/uvz-danisovce\/mapa-stranok\/","og_site_name":"U\u010debno-v\u00fdcvikov\u00e9 zariadenie Dani\u0161ovce | UPJ\u0160","article_modified_time":"2025-04-09T05:10:31+00:00","twitter_card":"summary_large_image","schema":{"@context":"https:\/\/schema.org","@graph":[{"@type":"WebPage","@id":"https:\/\/www.upjs.sk\/pracoviska\/uvz-danisovce\/mapa-stranok\/","url":"https:\/\/www.upjs.sk\/pracoviska\/uvz-danisovce\/mapa-stranok\/","name":"Mapa str\u00e1nok - U\u010debno-v\u00fdcvikov\u00e9 zariadenie Dani\u0161ovce | UPJ\u0160","isPartOf":{"@id":"https:\/\/www.upjs.sk\/pracoviska\/uvz-danisovce\/#website"},"datePublished":"2023-05-11T07:13:20+00:00","dateModified":"2025-04-09T05:10:31+00:00","breadcrumb":{"@id":"https:\/\/www.upjs.sk\/pracoviska\/uvz-danisovce\/mapa-stranok\/#breadcrumb"},"inLanguage":"sk-SK","potentialAction":[{"@type":"ReadAction","target":["https:\/\/www.upjs.sk\/pracoviska\/uvz-danisovce\/mapa-stranok\/"]}]},{"@type":"BreadcrumbList","@id":"https:\/\/www.upjs.sk\/pracoviska\/uvz-danisovce\/mapa-stranok\/#breadcrumb","itemListElement":[{"@type":"ListItem","position":1,"name":"Home","item":"https:\/\/www.upjs.sk\/pracoviska\/uvz-danisovce\/"},{"@type":"ListItem","position":2,"name":"Mapa str\u00e1nok"}]},{"@type":"WebSite","@id":"https:\/\/www.upjs.sk\/pracoviska\/uvz-danisovce\/#website","url":"https:\/\/www.upjs.sk\/pracoviska\/uvz-danisovce\/","name":"U\u010debno-v\u00fdcvikov\u00e9 zariadenie Dani\u0161ovce | UPJ\u0160","description":"","publisher":{"@id":"https:\/\/www.upjs.sk\/pracoviska\/uvz-danisovce\/#organization"},"potentialAction":[{"@type":"SearchAction","target":{"@type":"EntryPoint","urlTemplate":"https:\/\/www.upjs.sk\/pracoviska\/uvz-danisovce\/?s={search_term_string}"},"query-input":{"@type":"PropertyValueSpecification","valueRequired":true,"valueName":"search_term_string"}}],"inLanguage":"sk-SK"},{"@type":"Organization","@id":"https:\/\/www.upjs.sk\/pracoviska\/uvz-danisovce\/#organization","name":"U\u010debno-v\u00fdcvikov\u00e9 zariadenie Dani\u0161ovce | UPJ\u0160","url":"https:\/\/www.upjs.sk\/pracoviska\/uvz-danisovce\/","logo":{"@type":"ImageObject","inLanguage":"sk-SK","@id":"https:\/\/www.upjs.sk\/pracoviska\/uvz-danisovce\/#\/schema\/logo\/image\/","url":"https:\/\/www.upjs.sk\/app\/uploads\/sites\/19\/2023\/01\/DANISOVCE.svg","contentUrl":"https:\/\/www.upjs.sk\/app\/uploads\/sites\/19\/2023\/01\/DANISOVCE.svg","width":500,"height":138,"caption":"U\u010debno-v\u00fdcvikov\u00e9 zariadenie Dani\u0161ovce | UPJ\u0160"},"image":{"@id":"https:\/\/www.upjs.sk\/pracoviska\/uvz-danisovce\/#\/schema\/logo\/image\/"}}]}},"_links":{"self":[{"href":"https:\/\/www.upjs.sk\/pracoviska\/uvz-danisovce\/wp-json\/wp\/v2\/pages\/13341","targetHints":{"allow":["GET"]}}],"collection":[{"href":"https:\/\/www.upjs.sk\/pracoviska\/uvz-danisovce\/wp-json\/wp\/v2\/pages"}],"about":[{"href":"https:\/\/www.upjs.sk\/pracoviska\/uvz-danisovce\/wp-json\/wp\/v2\/types\/page"}],"author":[{"embeddable":true,"href":"https:\/\/www.upjs.sk\/pracoviska\/uvz-danisovce\/wp-json\/wp\/v2\/users\/14"}],"replies":[{"embeddable":true,"href":"https:\/\/www.upjs.sk\/pracoviska\/uvz-danisovce\/wp-json\/wp\/v2\/comments?post=13341"}],"version-history":[{"count":2,"href":"https:\/\/www.upjs.sk\/pracoviska\/uvz-danisovce\/wp-json\/wp\/v2\/pages\/13341\/revisions"}],"predecessor-version":[{"id":13444,"href":"https:\/\/www.upjs.sk\/pracoviska\/uvz-danisovce\/wp-json\/wp\/v2\/pages\/13341\/revisions\/13444"}],"wp:attachment":[{"href":"https:\/\/www.upjs.sk\/pracoviska\/uvz-danisovce\/wp-json\/wp\/v2\/media?parent=13341"}],"wp:term":[{"taxonomy":"category","embeddable":true,"href":"https:\/\/www.upjs.sk\/pracoviska\/uvz-danisovce\/wp-json\/wp\/v2\/categories?post=13341"},{"taxonomy":"post_tag","embeddable":true,"href":"https:\/\/www.upjs.sk\/pracoviska\/uvz-danisovce\/wp-json\/wp\/v2\/tags?post=13341"}],"curies":[{"name":"wp","href":"https:\/\/api.w.org\/{rel}","templated":true}]}}