{"version":"1.0","provider_name":"Pr\u00e1vnick\u00e1 fakulta | UPJ\u0160","provider_url":"https:\/\/www.upjs.sk\/pravnicka-fakulta","title":"APVV-0823-11 - Pr\u00e1vnick\u00e1 fakulta | UPJ\u0160","type":"rich","width":600,"height":338,"html":"<blockquote class=\"wp-embedded-content\" data-secret=\"fPEGCn3lq4\"><a href=\"https:\/\/www.upjs.sk\/pravnicka-fakulta\/vedecky-vyskum\/vedecke-projekty\/14072-2\/anotacia-7\/\">APVV-0823-11<\/a><\/blockquote><iframe sandbox=\"allow-scripts\" security=\"restricted\" src=\"https:\/\/www.upjs.sk\/pravnicka-fakulta\/vedecky-vyskum\/vedecke-projekty\/14072-2\/anotacia-7\/embed\/#?secret=fPEGCn3lq4\" width=\"600\" height=\"338\" title=\"&#8220;APVV-0823-11&#8221; &#8212; Pr\u00e1vnick\u00e1 fakulta | UPJ\u0160\" data-secret=\"fPEGCn3lq4\" frameborder=\"0\" marginwidth=\"0\" marginheight=\"0\" scrolling=\"no\" class=\"wp-embedded-content\"><\/iframe><script>\n\/*! This file is auto-generated *\/\n!function(d,l){\"use strict\";l.querySelector&&d.addEventListener&&\"undefined\"!=typeof URL&&(d.wp=d.wp||{},d.wp.receiveEmbedMessage||(d.wp.receiveEmbedMessage=function(e){var t=e.data;if((t||t.secret||t.message||t.value)&&!\/[^a-zA-Z0-9]\/.test(t.secret)){for(var s,r,n,a=l.querySelectorAll('iframe[data-secret=\"'+t.secret+'\"]'),o=l.querySelectorAll('blockquote[data-secret=\"'+t.secret+'\"]'),c=new RegExp(\"^https?:$\",\"i\"),i=0;i<o.length;i++)o[i].style.display=\"none\";for(i=0;i<a.length;i++)s=a[i],e.source===s.contentWindow&&(s.removeAttribute(\"style\"),\"height\"===t.message?(1e3<(r=parseInt(t.value,10))?r=1e3:~~r<200&&(r=200),s.height=r):\"link\"===t.message&&(r=new URL(s.getAttribute(\"src\")),n=new URL(t.value),c.test(n.protocol))&&n.host===r.host&&l.activeElement===s&&(d.top.location.href=t.value))}},d.addEventListener(\"message\",d.wp.receiveEmbedMessage,!1),l.addEventListener(\"DOMContentLoaded\",function(){for(var e,t,s=l.querySelectorAll(\"iframe.wp-embedded-content\"),r=0;r<s.length;r++)(t=(e=s[r]).getAttribute(\"data-secret\"))||(t=Math.random().toString(36).substring(2,12),e.src+=\"#?secret=\"+t,e.setAttribute(\"data-secret\",t)),e.contentWindow.postMessage({message:\"ready\",secret:t},\"*\")},!1)))}(window,document);\n\/\/# sourceURL=https:\/\/www.upjs.sk\/pravnicka-fakulta\/wp-includes\/js\/wp-embed.min.js\n<\/script>\n","description":"Anot\u00e1cia: V r\u00e1mci projektu presk\u00fama rie\u0161ite\u013esk\u00fd kolekt\u00edv hist\u00f3riu, s\u00fa\u010dasnos\u0165 a perspekt\u00edvy postavenia regional\u00e1nych syst\u00e9mov medzin\u00e1rodn\u00e9ho pr\u00e1va verejn\u00e9ho, s oh\u013eadom na jeho fragment\u00e1ciu. Presk\u00faman\u00e9 bud\u00fa tendencie t\u00fdchto region\u00e1lnych syst\u00e9mov k in\u0161titucionaliz\u00e1cii a vplyv takto vzniknut\u00fdch in\u0161tit\u00faci\u00ed na \u010fal\u0161\u00ed rozvoj a implement\u00e1ciu medzin\u00e1rodn\u00e9ho pr\u00e1va verejn\u00e9ho. pozornos\u0165 bude venovan\u00e1 aj kompeten\u010dn\u00fdm, jurisdik\u010dn\u00fdm a normat\u00edvnym konfliktom medzi jednotliv\u00fdmi region\u00e1lnymi &hellip; \u010c\u00edta\u0165 \u010falej"}

Právnická fakulta | UPJŠ

APVV-0823-11 - Právnická fakulta | UPJŠ

<blockquote class="wp-embedded-content" data-secret="fPEGCn3lq4"><a href="https://www.upjs.sk/pravnicka-fakulta/vedecky-vyskum/vedecke-projekty/14072-2/anotacia-7/">APVV-0823-11</a></blockquote><iframe sandbox="allow-scripts" security="restricted" src="https://www.upjs.sk/pravnicka-fakulta/vedecky-vyskum/vedecke-projekty/14072-2/anotacia-7/embed/#?secret=fPEGCn3lq4" width="600" height="338" title="&#8220;APVV-0823-11&#8221; &#8212; Právnická fakulta | UPJŠ" data-secret="fPEGCn3lq4" frameborder="0" marginwidth="0" marginheight="0" scrolling="no" class="wp-embedded-content"></iframe><script>
/*! This file is auto-generated */
!function(d,l){"use strict";l.querySelector&&d.addEventListener&&"undefined"!=typeof URL&&(d.wp=d.wp||{},d.wp.receiveEmbedMessage||(d.wp.receiveEmbedMessage=function(e){var t=e.data;if((t||t.secret||t.message||t.value)&&!/[^a-zA-Z0-9]/.test(t.secret)){for(var s,r,n,a=l.querySelectorAll('iframe[data-secret="'+t.secret+'"]'),o=l.querySelectorAll('blockquote[data-secret="'+t.secret+'"]'),c=new RegExp("^https?:$","i"),i=0;i<o.length;i++)o[i].style.display="none";for(i=0;i<a.length;i++)s=a[i],e.source===s.contentWindow&&(s.removeAttribute("style"),"height"===t.message?(1e3<(r=parseInt(t.value,10))?r=1e3:~~r<200&&(r=200),s.height=r):"link"===t.message&&(r=new URL(s.getAttribute("src")),n=new URL(t.value),c.test(n.protocol))&&n.host===r.host&&l.activeElement===s&&(d.top.location.href=t.value))}},d.addEventListener("message",d.wp.receiveEmbedMessage,!1),l.addEventListener("DOMContentLoaded",function(){for(var e,t,s=l.querySelectorAll("iframe.wp-embedded-content"),r=0;r<s.length;r++)(t=(e=s[r]).getAttribute("data-secret"))||(t=Math.random().toString(36).substring(2,12),e.src+="#?secret="+t,e.setAttribute("data-secret",t)),e.contentWindow.postMessage({message:"ready",secret:t},"*")},!1)))}(window,document);
//# sourceURL=https://www.upjs.sk/pravnicka-fakulta/wp-includes/js/wp-embed.min.js
</script>

Anotácia: V rámci projektu preskúma riešiteľský kolektív históriu, súčasnosť a perspektívy postavenia regionalánych systémov medzinárodného práva verejného, s ohľadom na jeho fragmentáciu. Preskúmané budú tendencie týchto regionálnych systémov k inštitucionalizácii a vplyv takto vzniknutých inštitúcií na ďalší rozvoj a implementáciu medzinárodného práva verejného. pozornosť bude venovaná aj kompetenčným, jurisdikčným a normatívnym konfliktom medzi jednotlivými regionálnymi &hellip; Čítať ďalej
