{"id":12948,"date":"2022-09-27T10:58:10","date_gmt":"2022-09-27T10:58:10","guid":{"rendered":"https:\/\/www.upjs.sk\/pravnicka-fakulta\/informacie-pre-zaujemcov-o-studium\/"},"modified":"2023-04-04T13:25:08","modified_gmt":"2023-04-04T12:25:08","slug":"informacie-pre-zaujemcov-o-studium","status":"publish","type":"page","link":"https:\/\/www.upjs.sk\/pravnicka-fakulta\/informacie-pre-zaujemcov-o-studium\/","title":{"rendered":"Inform\u00e1cie pre z\u00e1ujemcov o \u0161t\u00fadium"},"content":{"rendered":"<p><strong><span style=\"color: #800080;\">PRIJ\u00cdMACIE KONANIE a \u010fal\u0161ie podmienky pre prij\u00edmanie na:<\/span><br \/><\/strong><span style=\"color: #000000;\"><a href=\"https:\/\/www.upjs.sk\/app\/uploads\/sites\/11\/2022\/11\/Podmienky-PK-Pbd-2023-2024.pdf\"><strong>Denn\u00e9 bakal\u00e1rske \u0161t\u00fadium<\/strong><\/a> v odbore pr\u00e1vo pre \u0161tudijn\u00fd program Pr\u00e1vo so \u0161tandardnou d\u013a\u017ekou \u0161t\u00fadia<strong> 3 roky, poskytovanom v slovenskom jazyku<\/strong> v akademickom roku 2023\/2024,<\/span><br \/><span style=\"color: #000000;\"><a href=\"https:\/\/www.upjs.sk\/app\/uploads\/sites\/11\/2022\/11\/Podmienky-PK-PLb4d-2023-2024.pdf\"><strong>Denn\u00e9 bakal\u00e1rske \u0161t\u00fadium<\/strong><\/a> v odbore pr\u00e1vo pre \u0161tudijn\u00fd program Pr\u00e1vo so \u0161tandardnou d\u013a\u017ekou \u0161t\u00fadia <strong>4 roky, poskytovanom v slovenskom, anglickom a franc\u00fazskom jazyku<\/strong> v akademickom roku 2023\/2024,<br \/><\/span><span style=\"color: #000000;\"><a href=\"https:\/\/www.upjs.sk\/app\/uploads\/sites\/11\/2022\/11\/Podmienky-PK-Pbe-2023-2024.pdf\"><strong>Extern\u00e9 bakal\u00e1rske \u0161t\u00fadium<\/strong><\/a> v odbore pr\u00e1vo pre \u0161tudijn\u00fd program Pr\u00e1vo v akademickom roku 2023\/2024.<br \/><a href=\"https:\/\/www.upjs.sk\/app\/uploads\/sites\/11\/2023\/04\/Podmienky-PK-Mgr.-2023-2024.pdf\"><strong>Denn\u00e9 a extern\u00e9 magistersk\u00e9 \u0161t\u00fadium<\/strong><\/a> v odbore pr\u00e1vo pre \u0161tudijn\u00fd program Pr\u00e1vo v akademickom roku 2023\/2024.<\/span><\/p>\n<p><strong><a href=\"https:\/\/www.upjs.sk\/pravnicka-fakulta\/all-in-one\/prihlaska\/\"><span style=\"color: #800080;\"><span style=\"color: #000000;\"><span style=\"color: #800080;\">ELEKTRONICK\u00c1 prihl\u00e1\u0161ka<\/span><\/span><\/span><\/a><br \/><span style=\"color: #800080;\"><a style=\"color: #800080;\" href=\"https:\/\/www.upjs.sk\/pravnicka-fakulta\/all-in-one\/skolne-a-poplatky\/\">\u0160KOLN\u00c9 za spoplatnen\u00e9 \u0161tudijn\u00e9 programy v externej forme \u0161t\u00fadia<\/a><\/span><\/strong><\/p>\n<h6><em><span style=\"color: #ff0000;\"><strong>Inform\u00e1cie k denn\u00e9mu bakal\u00e1rskemu \u0161t\u00fadiu:<\/strong><\/span><\/em><\/h6>\n<p><strong>Kedy som prijat\u00e1\/\u00fd bez prij\u00edmacej sk\u00fa\u0161ky? <\/strong><\/p>\n<p>&#8211; Ak m\u00e1m <u>\u0161tudijn\u00fd priemer do 1,50 <\/u>vr\u00e1tane (priemer koncoro\u010dn\u00fdch \u0161tudijn\u00fdch priemerov za posledn\u00e9 3 roky \u0161t\u00fadia na strednej \u0161kole predch\u00e1dzaj\u00face roku, v\u00a0ktorom sa kon\u00e1 maturitn\u00e1 sk\u00fa\u0161ka &#8211; napr. 4-ro\u010dn\u00e9 gymn\u00e1zium &#8211; 1.- 3. ro\u010dn\u00edk; 8-ro\u010dn\u00e9 gymn\u00e1zium &#8211; 5.- 7. ro\u010dn\u00edk)<\/p>\n<p>V\u00a0pr\u00edpade \u0161tudijn\u00e9ho programu <strong>Pr\u00e1vo so \u0161tandardnou d\u013a\u017ekou \u0161t\u00fadia 4 roky poskytovanom v\u00a0slovenskom, anglickom a franc\u00fazskom jazyku<\/strong> naviac:<\/p>\n<p>&#8211; Ak predlo\u017e\u00edm <u>certifik\u00e1t z\u00a0anglick\u00e9ho jazyka<\/u> (najmenej \u00farove\u0148 B2, napr. TOEFL, IELTS, \u00faspe\u0161n\u00e1 \u0161t\u00e1tna jazykov\u00e1 sk\u00fa\u0161ka alebo olympi\u00e1da)<br \/>&#8211; Ak predlo\u017e\u00edm <u>certifik\u00e1t z\u00a0franc\u00fazskeho jazyka<\/u> (najmenej \u00farove\u0148 B1, napr. DELF B1 a\u00a0TCF B1, \u00faspe\u0161n\u00e1 \u0161t\u00e1tna jazykov\u00e1 sk\u00fa\u0161ka alebo olympi\u00e1da)<\/p>\n<p>V\u00a0pr\u00edpade <strong>extern\u00e9ho \u0161t\u00fadia<\/strong> som prijat\u00e1\/\u00fd bez prij\u00edmacej sk\u00fa\u0161ky.<\/p>\n<p><strong>Kedy mus\u00edm absolvova\u0165 prij\u00edmaciu sk\u00fa\u0161ku?<br \/><\/strong>&#8211; Ak nesp\u013a\u0148am podmienky pre prijatie bez prij\u00edmacej sk\u00fa\u0161ky (s v\u00fdnimkou prihl\u00e1\u0161ky na\u00a0 extern\u00e9 \u0161t\u00fadium)<\/p>\n<p><strong>Term\u00edn prij\u00edmacej sk\u00fa\u0161ky?<\/strong><br \/><strong><span style=\"color: #ff0000;\">8. j\u00fan 2023<\/span><\/strong><\/p>\n<p><strong>Forma prij\u00edmacej sk\u00fa\u0161ky:<\/strong><br \/>P\u00edsomn\u00fd test<\/p>\n<p><strong>\u010co je obsahom prij\u00edmacej sk\u00fa\u0161ky?<\/strong><br \/>a) Dejepis v rozsahu stredo\u0161kolsk\u00e9ho u\u010diva,<br \/>b) Z\u00e1klady pr\u00e1va vr\u00e1tane \u00dastavy SR,<br \/>c) V\u0161eobecn\u00fd politick\u00fd a spolo\u010densk\u00fd preh\u013ead a z\u00e1klady logick\u00e9ho myslenia,<br \/>V\u00a0pr\u00edpade \u0161tudijn\u00e9ho programu <strong>Pr\u00e1vo so \u0161tandardnou d\u013a\u017ekou \u0161t\u00fadia 4 roky poskytovanom v\u00a0slovenskom, anglickom a franc\u00fazskom jazyku<\/strong> naviac:<br \/>d) Anglick\u00fd jazyk a\u00a0franc\u00fazsky jazyk.<\/p>\n<p><strong>Zhrnutie, \u010do je potrebn\u00e9 doru\u010di\u0165?<br \/><\/strong>&#8211; Riadne vyplnen\u00fa a podp\u00edsan\u00fa prihl\u00e1\u0161ku<br \/>&#8211; Overen\u00fa fotok\u00f3piu maturitn\u00e9ho vysved\u010denia (najnesk\u00f4r v de\u0148 prij\u00edmacej sk\u00fa\u0161ky)<br \/>&#8211; Ak sp\u013a\u0148am podmienky na prijatie bez prij\u00edmacej sk\u00fa\u0161ky:<br \/>&#8211; overen\u00e9 k\u00f3pie vysved\u010den\u00ed z posledn\u00fdch 3 rokov stredo\u0161kolsk\u00e9ho \u0161t\u00fadia predch\u00e1dzaj\u00facich roku, v ktorom sa kon\u00e1 maturitn\u00e1 sk\u00fa\u0161ka<\/p>\n<p>V\u00a0pr\u00edpade \u0161tudijn\u00e9ho programu <strong>Pr\u00e1vo so \u0161tandardnou d\u013a\u017ekou \u0161t\u00fadia 4 roky poskytovanom v\u00a0slovenskom, anglickom a franc\u00fazskom jazyku<\/strong> naviac:<br \/>&#8211; po\u017eadovan\u00fd certifik\u00e1t o \u00faspe\u0161nom absolvovan\u00ed sk\u00fa\u0161ky z anglick\u00e9ho a franc\u00fazskeho jazyka<\/p>\n<p>Z\u00e1ujemcovia o \u0161t\u00fadium z Ukrajiny m\u00f4\u017eu n\u00e1js\u0165 bli\u017e\u0161ie inform\u00e1cie v ukrajinskom jazyku na str\u00e1nke UPJ\u0160:<br \/><a href=\"https:\/\/www.upjs.sk\/ua\/ua\/zaujemcovia-o-studium\/\" target=\"_blank\" rel=\"noopener\">https:\/\/www.upjs.sk\/ua\/ua\/zaujemcovia-o-studium\/<\/a><\/p>\n<p><strong>Pre\u010do \u0161tudova\u0165 na Pr\u00e1vnickej fakulte UPJ\u0160 v\u00a0Ko\u0161iciach?<\/strong><\/p>\n<ul>\n<li>Sme s\u00fa\u010das\u0165ou Univerzity P. J. \u0160af\u00e1rika, ktor\u00e1 v hodnoten\u00ed slovensk\u00fdch univerz\u00edt obsadzuje tradi\u010dne popredn\u00e9 miesta.<\/li>\n<li>Poskytujeme kvalitn\u00e9, modern\u00e9 a komplexn\u00e9 pr\u00e1vnick\u00e9 vzdel\u00e1vanie vo v\u0161etk\u00fdch stup\u0148och \u0161t\u00fadia (bakal\u00e1rske, magistersk\u00e9 a doktorandsk\u00e9).<\/li>\n<li>Na vzdel\u00e1van\u00ed na\u0161ich \u0161tudentov sa podie\u013eaj\u00fa nielen sk\u00fasen\u00ed vysoko\u0161kolsk\u00ed u\u010ditelia, ale aj re\u0161pektovan\u00ed odborn\u00edci z\u00a0pr\u00e1vnej praxe (sudcovia \u00dastavn\u00e9ho s\u00fadu Slovenskej republiky\u00a0 a\u00a0v\u0161eobecn\u00fdch s\u00fadov, z\u00e1stupcovia Slovenskej republiky v\u00a0eur\u00f3pskych a medzin\u00e1rodn\u00fdch s\u00fadnych org\u00e1noch, advok\u00e1ti, prokur\u00e1tori,\u00a0 exek\u00fatori).<\/li>\n<li>Na\u0161a fakulta po\u010das 45\u00a0rokov svojej existencie vychovala tis\u00edce odborn\u00edkov v\u00a0r\u00f4znych oblastiach pr\u00e1vnej praxe.<\/li>\n<li>Vzdel\u00e1vanie neorientujeme iba na poznanie platn\u00e9ho pr\u00e1va, ale aj na rozv\u00edjanie pr\u00e1vno-aplika\u010dn\u00fdch schopnost\u00ed a\u00a0zru\u010dnost\u00ed.<\/li>\n<li>Podporujeme a\u00a0rozv\u00edjame v\u0161etky inovat\u00edvne formy praktick\u00e9ho pr\u00e1vneho vzdel\u00e1vania s\u00a0cie\u013eom zodpovedne pripravi\u0165 absolventov fakulty na v\u00fdkon bud\u00faceho pr\u00e1vnick\u00e9ho povolania.<\/li>\n<li>Kladieme d\u00f4raz nielen na vn\u00fatro\u0161t\u00e1tne, ale aj medzin\u00e1rodn\u00e9 pr\u00e1vo a\u00a0osobitne pr\u00e1vo Eur\u00f3pskej \u00fanie.<\/li>\n<li>Vytv\u00e1rame vhodn\u00e9 podmienky pre realiz\u00e1ciu \u0161tudentsk\u00fdch symp\u00f3zi\u00ed, konferenci\u00ed, simulovan\u00fdch s\u00fadnych sporov a\u00a0p\u00f4sobenie \u0161tudentsk\u00fdch spolkov.<\/li>\n<li>Na\u0161a kni\u017enica obsahuje viac ako 12\u00a0000 dom\u00e1cich a\u00a0zahrani\u010dn\u00fdch titulov a\u00a0pr\u00edstup k\u00a0popredn\u00fdm datab\u00e1zam.<\/li>\n<li>\u0160tudenti na\u0161ej fakulty maj\u00fa mo\u017enos\u0165 absolvova\u0165 \u010das\u0165 \u0161t\u00fadia v\u00a0r\u00e1mci programu ERASMUS na niektorej z viac ne\u017e 20 partnersk\u00fdch univerz\u00edt (napr. R\u00edm, Salzburg, Nice, Sol\u00fan, Santiago de Compostela, Praha, Krakow, \u013dub\u013eana).<\/li>\n<li>Dok\u00e1\u017eeme zabezpe\u010di\u0165 dostupn\u00e9 intern\u00e1tne ubytovanie takmer v\u0161etk\u00fdm doch\u00e1dzaj\u00facim \u0161tudentom.<\/li>\n<li>A\u00a0mnoho \u010fal\u0161\u00edch dobr\u00fdch d\u00f4vodov&#8230;<\/li>\n<\/ul>\n<h4>\u00a0<\/h4>\n\n\n<p>Nahliadni za dvere na\u0161ej fakulty &#8211; <a href=\"https:\/\/upjs-my.sharepoint.com\/:v:\/g\/personal\/5238239_upjs_sk\/EVV7gokJf1hHlMkqMm5Zr2AB15zU96sF_raeiwaRAEyIHw?e=4%3apl37i8&amp;at=9\">Z\u00e1znam z D\u0148a otvoren\u00fdch dver\u00ed<\/a><\/p>\n","protected":false},"excerpt":{"rendered":"<p>PRIJ\u00cdMACIE KONANIE a \u010fal\u0161ie podmienky pre prij\u00edmanie na:Denn\u00e9 bakal\u00e1rske \u0161t\u00fadium v odbore pr\u00e1vo pre \u0161tudijn\u00fd program Pr\u00e1vo so \u0161tandardnou d\u013a\u017ekou \u0161t\u00fadia 3 roky, poskytovanom v slovenskom jazyku v akademickom roku 2023\/2024,Denn\u00e9 bakal\u00e1rske \u0161t\u00fadium v odbore pr\u00e1vo pre \u0161tudijn\u00fd program Pr\u00e1vo so \u0161tandardnou d\u013a\u017ekou \u0161t\u00fadia 4 roky, poskytovanom v slovenskom, anglickom a franc\u00fazskom jazyku v akademickom &hellip; <a href=\"https:\/\/www.upjs.sk\/pravnicka-fakulta\/informacie-pre-zaujemcov-o-studium\/\">\u010c\u00edta\u0165 \u010falej<\/a><\/p>\n","protected":false},"author":1,"featured_media":12953,"parent":0,"menu_order":6,"comment_status":"closed","ping_status":"closed","template":"","meta":{"_acf_changed":false,"_editorskit_title_hidden":false,"_editorskit_reading_time":2,"_editorskit_is_block_options_detached":false,"_editorskit_block_options_position":"{}","footnotes":""},"categories":[],"tags":[],"class_list":["post-12948","page","type-page","status-publish","has-post-thumbnail","hentry"],"acf":{"acf_link_na_externy_obsah":""},"yoast_head":"<!-- This site is optimized with the Yoast SEO plugin v27.4 - https:\/\/yoast.com\/product\/yoast-seo-wordpress\/ -->\n<title>Inform\u00e1cie pre z\u00e1ujemcov o \u0161t\u00fadium - Pr\u00e1vnick\u00e1 fakulta | UPJ\u0160<\/title>\n<meta name=\"robots\" content=\"index, follow, max-snippet:-1, max-image-preview:large, max-video-preview:-1\" \/>\n<link rel=\"canonical\" href=\"https:\/\/www.upjs.sk\/pravnicka-fakulta\/informacie-pre-zaujemcov-o-studium\/\" \/>\n<meta property=\"og:locale\" content=\"sk_SK\" \/>\n<meta property=\"og:type\" content=\"article\" \/>\n<meta property=\"og:title\" content=\"Inform\u00e1cie pre z\u00e1ujemcov o \u0161t\u00fadium - Pr\u00e1vnick\u00e1 fakulta | UPJ\u0160\" \/>\n<meta property=\"og:description\" content=\"PRIJ\u00cdMACIE KONANIE a \u010fal\u0161ie podmienky pre prij\u00edmanie na:Denn\u00e9 bakal\u00e1rske \u0161t\u00fadium v odbore pr\u00e1vo pre \u0161tudijn\u00fd program Pr\u00e1vo so \u0161tandardnou d\u013a\u017ekou \u0161t\u00fadia 3 roky, poskytovanom v slovenskom jazyku v akademickom roku 2023\/2024,Denn\u00e9 bakal\u00e1rske \u0161t\u00fadium v odbore pr\u00e1vo pre \u0161tudijn\u00fd program Pr\u00e1vo so \u0161tandardnou d\u013a\u017ekou \u0161t\u00fadia 4 roky, poskytovanom v slovenskom, anglickom a franc\u00fazskom jazyku v akademickom &hellip; \u010c\u00edta\u0165 \u010falej\" \/>\n<meta property=\"og:url\" content=\"https:\/\/www.upjs.sk\/pravnicka-fakulta\/informacie-pre-zaujemcov-o-studium\/\" \/>\n<meta property=\"og:site_name\" content=\"Pr\u00e1vnick\u00e1 fakulta | UPJ\u0160\" \/>\n<meta property=\"article:modified_time\" content=\"2023-04-04T12:25:08+00:00\" \/>\n<meta property=\"og:image\" content=\"https:\/\/www.upjs.sk\/app\/uploads\/sites\/11\/2022\/09\/Pravo-2-1.jpg\" \/>\n\t<meta property=\"og:image:width\" content=\"1600\" \/>\n\t<meta property=\"og:image:height\" content=\"2243\" \/>\n\t<meta property=\"og:image:type\" content=\"image\/jpeg\" \/>\n<meta name=\"twitter:card\" content=\"summary_large_image\" \/>\n<meta name=\"twitter:label1\" content=\"Predpokladan\u00fd \u010das \u010d\u00edtania\" \/>\n\t<meta name=\"twitter:data1\" content=\"4 min\u00faty\" \/>\n<script type=\"application\/ld+json\" class=\"yoast-schema-graph\">{\"@context\":\"https:\\\/\\\/schema.org\",\"@graph\":[{\"@type\":\"WebPage\",\"@id\":\"https:\\\/\\\/www.upjs.sk\\\/pravnicka-fakulta\\\/informacie-pre-zaujemcov-o-studium\\\/\",\"url\":\"https:\\\/\\\/www.upjs.sk\\\/pravnicka-fakulta\\\/informacie-pre-zaujemcov-o-studium\\\/\",\"name\":\"Inform\u00e1cie pre z\u00e1ujemcov o \u0161t\u00fadium - Pr\u00e1vnick\u00e1 fakulta | UPJ\u0160\",\"isPartOf\":{\"@id\":\"https:\\\/\\\/www.upjs.sk\\\/pravnicka-fakulta\\\/#website\"},\"primaryImageOfPage\":{\"@id\":\"https:\\\/\\\/www.upjs.sk\\\/pravnicka-fakulta\\\/informacie-pre-zaujemcov-o-studium\\\/#primaryimage\"},\"image\":{\"@id\":\"https:\\\/\\\/www.upjs.sk\\\/pravnicka-fakulta\\\/informacie-pre-zaujemcov-o-studium\\\/#primaryimage\"},\"thumbnailUrl\":\"https:\\\/\\\/www.upjs.sk\\\/app\\\/uploads\\\/sites\\\/11\\\/2022\\\/09\\\/Pravo-2-1.jpg\",\"datePublished\":\"2022-09-27T10:58:10+00:00\",\"dateModified\":\"2023-04-04T12:25:08+00:00\",\"breadcrumb\":{\"@id\":\"https:\\\/\\\/www.upjs.sk\\\/pravnicka-fakulta\\\/informacie-pre-zaujemcov-o-studium\\\/#breadcrumb\"},\"inLanguage\":\"sk-SK\",\"potentialAction\":[{\"@type\":\"ReadAction\",\"target\":[\"https:\\\/\\\/www.upjs.sk\\\/pravnicka-fakulta\\\/informacie-pre-zaujemcov-o-studium\\\/\"]}]},{\"@type\":\"ImageObject\",\"inLanguage\":\"sk-SK\",\"@id\":\"https:\\\/\\\/www.upjs.sk\\\/pravnicka-fakulta\\\/informacie-pre-zaujemcov-o-studium\\\/#primaryimage\",\"url\":\"https:\\\/\\\/www.upjs.sk\\\/app\\\/uploads\\\/sites\\\/11\\\/2022\\\/09\\\/Pravo-2-1.jpg\",\"contentUrl\":\"https:\\\/\\\/www.upjs.sk\\\/app\\\/uploads\\\/sites\\\/11\\\/2022\\\/09\\\/Pravo-2-1.jpg\",\"width\":1600,\"height\":2243,\"caption\":\"informacie-pre-zaujemcov-o-studium\"},{\"@type\":\"BreadcrumbList\",\"@id\":\"https:\\\/\\\/www.upjs.sk\\\/pravnicka-fakulta\\\/informacie-pre-zaujemcov-o-studium\\\/#breadcrumb\",\"itemListElement\":[{\"@type\":\"ListItem\",\"position\":1,\"name\":\"Home\",\"item\":\"https:\\\/\\\/www.upjs.sk\\\/pravnicka-fakulta\\\/\"},{\"@type\":\"ListItem\",\"position\":2,\"name\":\"Inform\u00e1cie pre z\u00e1ujemcov o \u0161t\u00fadium\"}]},{\"@type\":\"WebSite\",\"@id\":\"https:\\\/\\\/www.upjs.sk\\\/pravnicka-fakulta\\\/#website\",\"url\":\"https:\\\/\\\/www.upjs.sk\\\/pravnicka-fakulta\\\/\",\"name\":\"Pr\u00e1vnick\u00e1 fakulta | UPJ\u0160\",\"description\":\"\",\"publisher\":{\"@id\":\"https:\\\/\\\/www.upjs.sk\\\/pravnicka-fakulta\\\/#organization\"},\"potentialAction\":[{\"@type\":\"SearchAction\",\"target\":{\"@type\":\"EntryPoint\",\"urlTemplate\":\"https:\\\/\\\/www.upjs.sk\\\/pravnicka-fakulta\\\/?s={search_term_string}\"},\"query-input\":{\"@type\":\"PropertyValueSpecification\",\"valueRequired\":true,\"valueName\":\"search_term_string\"}}],\"inLanguage\":\"sk-SK\"},{\"@type\":\"Organization\",\"@id\":\"https:\\\/\\\/www.upjs.sk\\\/pravnicka-fakulta\\\/#organization\",\"name\":\"Pr\u00e1vnick\u00e1 fakulta | UPJ\u0160\",\"url\":\"https:\\\/\\\/www.upjs.sk\\\/pravnicka-fakulta\\\/\",\"logo\":{\"@type\":\"ImageObject\",\"inLanguage\":\"sk-SK\",\"@id\":\"https:\\\/\\\/www.upjs.sk\\\/pravnicka-fakulta\\\/#\\\/schema\\\/logo\\\/image\\\/\",\"url\":\"https:\\\/\\\/www.upjs.sk\\\/app\\\/uploads\\\/sites\\\/11\\\/2022\\\/09\\\/logo-pravnicka-fakulta.png\",\"contentUrl\":\"https:\\\/\\\/www.upjs.sk\\\/app\\\/uploads\\\/sites\\\/11\\\/2022\\\/09\\\/logo-pravnicka-fakulta.png\",\"width\":415,\"height\":87,\"caption\":\"Pr\u00e1vnick\u00e1 fakulta | UPJ\u0160\"},\"image\":{\"@id\":\"https:\\\/\\\/www.upjs.sk\\\/pravnicka-fakulta\\\/#\\\/schema\\\/logo\\\/image\\\/\"}}]}<\/script>\n<!-- \/ Yoast SEO plugin. -->","yoast_head_json":{"title":"Inform\u00e1cie pre z\u00e1ujemcov o \u0161t\u00fadium - Pr\u00e1vnick\u00e1 fakulta | UPJ\u0160","robots":{"index":"index","follow":"follow","max-snippet":"max-snippet:-1","max-image-preview":"max-image-preview:large","max-video-preview":"max-video-preview:-1"},"canonical":"https:\/\/www.upjs.sk\/pravnicka-fakulta\/informacie-pre-zaujemcov-o-studium\/","og_locale":"sk_SK","og_type":"article","og_title":"Inform\u00e1cie pre z\u00e1ujemcov o \u0161t\u00fadium - Pr\u00e1vnick\u00e1 fakulta | UPJ\u0160","og_description":"PRIJ\u00cdMACIE KONANIE a \u010fal\u0161ie podmienky pre prij\u00edmanie na:Denn\u00e9 bakal\u00e1rske \u0161t\u00fadium v odbore pr\u00e1vo pre \u0161tudijn\u00fd program Pr\u00e1vo so \u0161tandardnou d\u013a\u017ekou \u0161t\u00fadia 3 roky, poskytovanom v slovenskom jazyku v akademickom roku 2023\/2024,Denn\u00e9 bakal\u00e1rske \u0161t\u00fadium v odbore pr\u00e1vo pre \u0161tudijn\u00fd program Pr\u00e1vo so \u0161tandardnou d\u013a\u017ekou \u0161t\u00fadia 4 roky, poskytovanom v slovenskom, anglickom a franc\u00fazskom jazyku v akademickom &hellip; \u010c\u00edta\u0165 \u010falej","og_url":"https:\/\/www.upjs.sk\/pravnicka-fakulta\/informacie-pre-zaujemcov-o-studium\/","og_site_name":"Pr\u00e1vnick\u00e1 fakulta | UPJ\u0160","article_modified_time":"2023-04-04T12:25:08+00:00","og_image":[{"width":1600,"height":2243,"url":"https:\/\/www.upjs.sk\/app\/uploads\/sites\/11\/2022\/09\/Pravo-2-1.jpg","type":"image\/jpeg"}],"twitter_card":"summary_large_image","twitter_misc":{"Predpokladan\u00fd \u010das \u010d\u00edtania":"4 min\u00faty"},"schema":{"@context":"https:\/\/schema.org","@graph":[{"@type":"WebPage","@id":"https:\/\/www.upjs.sk\/pravnicka-fakulta\/informacie-pre-zaujemcov-o-studium\/","url":"https:\/\/www.upjs.sk\/pravnicka-fakulta\/informacie-pre-zaujemcov-o-studium\/","name":"Inform\u00e1cie pre z\u00e1ujemcov o \u0161t\u00fadium - Pr\u00e1vnick\u00e1 fakulta | UPJ\u0160","isPartOf":{"@id":"https:\/\/www.upjs.sk\/pravnicka-fakulta\/#website"},"primaryImageOfPage":{"@id":"https:\/\/www.upjs.sk\/pravnicka-fakulta\/informacie-pre-zaujemcov-o-studium\/#primaryimage"},"image":{"@id":"https:\/\/www.upjs.sk\/pravnicka-fakulta\/informacie-pre-zaujemcov-o-studium\/#primaryimage"},"thumbnailUrl":"https:\/\/www.upjs.sk\/app\/uploads\/sites\/11\/2022\/09\/Pravo-2-1.jpg","datePublished":"2022-09-27T10:58:10+00:00","dateModified":"2023-04-04T12:25:08+00:00","breadcrumb":{"@id":"https:\/\/www.upjs.sk\/pravnicka-fakulta\/informacie-pre-zaujemcov-o-studium\/#breadcrumb"},"inLanguage":"sk-SK","potentialAction":[{"@type":"ReadAction","target":["https:\/\/www.upjs.sk\/pravnicka-fakulta\/informacie-pre-zaujemcov-o-studium\/"]}]},{"@type":"ImageObject","inLanguage":"sk-SK","@id":"https:\/\/www.upjs.sk\/pravnicka-fakulta\/informacie-pre-zaujemcov-o-studium\/#primaryimage","url":"https:\/\/www.upjs.sk\/app\/uploads\/sites\/11\/2022\/09\/Pravo-2-1.jpg","contentUrl":"https:\/\/www.upjs.sk\/app\/uploads\/sites\/11\/2022\/09\/Pravo-2-1.jpg","width":1600,"height":2243,"caption":"informacie-pre-zaujemcov-o-studium"},{"@type":"BreadcrumbList","@id":"https:\/\/www.upjs.sk\/pravnicka-fakulta\/informacie-pre-zaujemcov-o-studium\/#breadcrumb","itemListElement":[{"@type":"ListItem","position":1,"name":"Home","item":"https:\/\/www.upjs.sk\/pravnicka-fakulta\/"},{"@type":"ListItem","position":2,"name":"Inform\u00e1cie pre z\u00e1ujemcov o \u0161t\u00fadium"}]},{"@type":"WebSite","@id":"https:\/\/www.upjs.sk\/pravnicka-fakulta\/#website","url":"https:\/\/www.upjs.sk\/pravnicka-fakulta\/","name":"Pr\u00e1vnick\u00e1 fakulta | UPJ\u0160","description":"","publisher":{"@id":"https:\/\/www.upjs.sk\/pravnicka-fakulta\/#organization"},"potentialAction":[{"@type":"SearchAction","target":{"@type":"EntryPoint","urlTemplate":"https:\/\/www.upjs.sk\/pravnicka-fakulta\/?s={search_term_string}"},"query-input":{"@type":"PropertyValueSpecification","valueRequired":true,"valueName":"search_term_string"}}],"inLanguage":"sk-SK"},{"@type":"Organization","@id":"https:\/\/www.upjs.sk\/pravnicka-fakulta\/#organization","name":"Pr\u00e1vnick\u00e1 fakulta | UPJ\u0160","url":"https:\/\/www.upjs.sk\/pravnicka-fakulta\/","logo":{"@type":"ImageObject","inLanguage":"sk-SK","@id":"https:\/\/www.upjs.sk\/pravnicka-fakulta\/#\/schema\/logo\/image\/","url":"https:\/\/www.upjs.sk\/app\/uploads\/sites\/11\/2022\/09\/logo-pravnicka-fakulta.png","contentUrl":"https:\/\/www.upjs.sk\/app\/uploads\/sites\/11\/2022\/09\/logo-pravnicka-fakulta.png","width":415,"height":87,"caption":"Pr\u00e1vnick\u00e1 fakulta | UPJ\u0160"},"image":{"@id":"https:\/\/www.upjs.sk\/pravnicka-fakulta\/#\/schema\/logo\/image\/"}}]}},"_links":{"self":[{"href":"https:\/\/www.upjs.sk\/pravnicka-fakulta\/wp-json\/wp\/v2\/pages\/12948","targetHints":{"allow":["GET"]}}],"collection":[{"href":"https:\/\/www.upjs.sk\/pravnicka-fakulta\/wp-json\/wp\/v2\/pages"}],"about":[{"href":"https:\/\/www.upjs.sk\/pravnicka-fakulta\/wp-json\/wp\/v2\/types\/page"}],"author":[{"embeddable":true,"href":"https:\/\/www.upjs.sk\/pravnicka-fakulta\/wp-json\/wp\/v2\/users\/1"}],"replies":[{"embeddable":true,"href":"https:\/\/www.upjs.sk\/pravnicka-fakulta\/wp-json\/wp\/v2\/comments?post=12948"}],"version-history":[{"count":55,"href":"https:\/\/www.upjs.sk\/pravnicka-fakulta\/wp-json\/wp\/v2\/pages\/12948\/revisions"}],"predecessor-version":[{"id":39058,"href":"https:\/\/www.upjs.sk\/pravnicka-fakulta\/wp-json\/wp\/v2\/pages\/12948\/revisions\/39058"}],"wp:featuredmedia":[{"embeddable":true,"href":"https:\/\/www.upjs.sk\/pravnicka-fakulta\/wp-json\/wp\/v2\/media\/12953"}],"wp:attachment":[{"href":"https:\/\/www.upjs.sk\/pravnicka-fakulta\/wp-json\/wp\/v2\/media?parent=12948"}],"wp:term":[{"taxonomy":"category","embeddable":true,"href":"https:\/\/www.upjs.sk\/pravnicka-fakulta\/wp-json\/wp\/v2\/categories?post=12948"},{"taxonomy":"post_tag","embeddable":true,"href":"https:\/\/www.upjs.sk\/pravnicka-fakulta\/wp-json\/wp\/v2\/tags?post=12948"}],"curies":[{"name":"wp","href":"https:\/\/api.w.org\/{rel}","templated":true}]}}