{"id":13518,"date":"2022-05-17T08:42:47","date_gmt":"2022-05-17T08:42:28","guid":{"rendered":"https:\/\/www.upjs.sk\/pravnicka-fakulta\/veda-a-vyskum\/doktorandske-studium\/5429-2\/"},"modified":"2023-01-11T14:45:57","modified_gmt":"2023-01-11T13:45:57","slug":"5429-2","status":"publish","type":"page","link":"https:\/\/www.upjs.sk\/pravnicka-fakulta\/studium\/doktorandske-studium\/zoznam-absolventov-a-temy\/5429-2\/","title":{"rendered":"2011"},"content":{"rendered":"<p><u><strong>Intern\u00e9 doktorandsk\u00e9 \u0161t\u00fadium:<\/strong><\/u><\/p>\n<p><strong>1. JUDr. Ivan Humen\u00edK &#8211;<\/strong> <strong>3.4.11\u00a0Ob\u010dianske pr\u00e1vo,\u00a0<\/strong>T\u00e9ma:<strong> <\/strong><em>&#8222;Ochrana osobnosti a medic\u00ednske pr\u00e1vo&#8220;, <\/em>obhajoba dizerta\u010dnej pr\u00e1ce d\u0148a\u00a010.1. 2011\u00a0na Pr\u00e1vnickej fakulte v Ko\u0161iciach.<\/p>\n<p><strong>2. JUDr. Peter Tane\u010dka &#8211; 3.4.7 Trestn\u00e9 pr\u00e1vo,<\/strong> T\u00e9ma: <em>&#8222;Okolnosti vylu\u010duj\u00face protipr\u00e1vnos\u0165&#8220;, <\/em>obhajoba dizerta\u010dnej pr\u00e1ce d\u0148a\u00a014.3. 2011\u00a0na Pr\u00e1vnickej fakulte v Ko\u0161iciach.<\/p>\n<p><strong>3. JUDr. Lucia Buj\u0148a\u010dkov\u00e1 Spi\u0161\u00e1kov\u00e1 &#8211; 3.4.2 Te\u00f3ria a dejiny \u0161t\u00e1tu a pr\u00e1va, <\/strong>T\u00e9ma: <em>&#8222;Pr\u00e1vna \u00faprava vlastn\u00edckeho pr\u00e1va na Slovensku v rokoch 1939 &#8211; 1944&#8220;<\/em>, obhajoba dizerta\u010dnej pr\u00e1ce d\u0148a 19.5. 2011 na Pr\u00e1vnickej fakulte v Ko\u0161iciach.<\/p>\n<p><strong>4. JUDr. Dana Per\u00fanov\u00e1 &#8211; 3.4.2 Te\u00f3ria a dejiny \u0161t\u00e1tu a pr\u00e1va,<\/strong> T\u00e9ma:<em> &#8222;V\u00fdvoj trestn\u00e9ho pr\u00e1va na Slovensku v rokoch 1944 &#8211; 1948&#8220;,<\/em> obhajoba dizerta\u010dnej pr\u00e1ce d\u0148a 19.5. 2011 na Pr\u00e1vnickej fakulte v Ko\u0161iciach.<\/p>\n<p><strong>5. JUDr. Diana Tre\u0161\u010d\u00e1kov\u00e1 &#8211; 3.4.10 Obchodn\u00e9 a finan\u010dn\u00e9 pr\u00e1vo,<\/strong> T\u00e9ma: <em>&#8222;Zodpovednos\u0165 za poru\u0161enie z\u00e1v\u00e4zkov z obchodn\u00fdch zml\u00fav &#8211; nov\u00e9 poh\u013eady&#8220;, <\/em>obhajoba dizerta\u010dnej pr\u00e1ce d\u0148a 31.5. 2011 na Pr\u00e1vnickej fakulte v Ko\u0161iciach.<\/p>\n<p><strong>6. Mgr. J\u00e1n \u010cipk\u00e1r &#8211; 3.4.2 Te\u00f3ria a dejiny \u0161t\u00e1tu a pr\u00e1va, <\/strong>T\u00e9ma:<em> &#8222;V\u0161eobecn\u00e9 pr\u00e1vne z\u00e1sady ako prame\u0148 komunit\u00e1rneho pr\u00e1va\/pr\u00e1va E\u00da&#8220;, <\/em>obhajoba dizerta\u010dnej pr\u00e1ce d\u0148a 23.9. 2011 na Pr\u00e1vnickej fakulte v Ko\u0161iciach.<\/p>\n<p><u><strong>Extern\u00e9 doktorandsk\u00e9 \u0161t\u00fadium:<\/strong><\/u><\/p>\n<p><strong>1. JUDr. Ren\u00e1ta Ba\u010d\u00e1rov\u00e1, LL.M. &#8211; 3.4.11\u00a0Ob\u010dianske pr\u00e1vo,\u00a0<\/strong>T\u00e9ma:<em>&#8222;Autorsk\u00e9 zmluvn\u00e9 pr\u00e1vo so zameran\u00edm na vytv\u00e1ranie a pou\u017e\u00edvanie autorsk\u00fdch diel na internete&#8220;, <\/em>obhajoba dizerta\u010dnej pr\u00e1ce d\u0148a\u00a010.1. 2011\u00a0na Pr\u00e1vnickej fakulte v Ko\u0161iciach.<\/p>\n<p><strong>2. JUDr. Marek Rajni\u010d &#8211; 3.4.7 Trestn\u00e9 pr\u00e1vo,<\/strong> T\u00e9ma:<em>&#8222;Alternat\u00edvne tresty&#8220;, <\/em>obhajoba dizerta\u010dnej pr\u00e1ce d\u0148a\u00a014.3. 2011\u00a0na Pr\u00e1vnickej fakulte v Ko\u0161iciach.<\/p>\n<p><strong>3. JUDr. Stanislav Gross &#8211; 3.4.7 Trestn\u00e9 pr\u00e1vo,<\/strong> T\u00e9ma:<em> &#8222;Globalizace, organizovan\u00e1 kriminalita a terorismus a faktory ovliv\u0148uj\u00edci mezin\u00e1rodn\u00ed kriminalitu&#8220;, <\/em>obhajoba dizerta\u010dnej pr\u00e1ce d\u0148a 16.5. 2011 na Pr\u00e1vnickej fakulte v Ko\u0161iciach.<\/p>\n<p><strong>4. JUDr. Alexandra Kotrecov\u00e1 &#8211; 3.4.7 Trestn\u00e9 pr\u00e1vo,<\/strong> T\u00e9ma: <em>&#8222;Zabezpe\u010denie n\u00e1rokov po\u0161koden\u00e9ho pri mimos\u00fadnom rie\u0161en\u00ed trestn\u00fdch vec\u00ed (Disquisitio Iuris)&#8220;<\/em>, obhajoba dizerta\u010dnej pr\u00e1ce d\u0148a 16.5. 2011 na Pr\u00e1vnickej fakulte v Ko\u0161iciach.<\/p>\n<p><strong>5. JUDr. Franti\u0161ek Sedla\u010dko &#8211; 3.4.11 Ob\u010dianske pr\u00e1vo,<\/strong> T\u00e9ma: <em>&#8222;Ochrana osobnosti a tla\u010dov\u00e9 m\u00e9di\u00e1&#8220;, <\/em>obhajoba dizerta\u010dnej pr\u00e1ce d\u0148a 19.9. 2011 na Pr\u00e1vnickej fakulte v Ko\u0161iciach.<\/p>\n<p><strong>6. JUDr. Martin \u010cab\u00e1k, LL.M.\u00a0&#8211; 3.4.10 Obchodn\u00e9 a finan\u010dn\u00e9 pr\u00e1vo,<\/strong> T\u00e9ma:<em> &#8222;Legislat\u00edvno-pr\u00e1vne a aplika\u010dn\u00e9 aspekty eur\u00f3pskej akciovej spolo\u010dnosti&#8220;,<\/em> obhajoba dizerta\u010dnej pr\u00e1ce d\u0148a\u00a03.10. 2011 na Pr\u00e1vnickej fakulte v Ko\u0161iciach.<\/p>\n<p><strong>7. JUDr. Martin Varga &#8211;<\/strong> <strong>3.4.10 Obchodn\u00e9 a finan\u010dn\u00e9 pr\u00e1vo,<\/strong> T\u00e9ma:<em> &#8222;Franchising z poh\u013eadu slovensk\u00e9ho a komunit\u00e1rneho pr\u00e1va&#8220;,<\/em> obhajoba dizerta\u010dnej pr\u00e1ce d\u0148a 3.10. 2011 na Pr\u00e1vnickej fakulte v Ko\u0161iciach.<\/p>\n","protected":false},"excerpt":{"rendered":"<p>Intern\u00e9 doktorandsk\u00e9 \u0161t\u00fadium: 1. JUDr. Ivan Humen\u00edK &#8211; 3.4.11\u00a0Ob\u010dianske pr\u00e1vo,\u00a0T\u00e9ma: &#8222;Ochrana osobnosti a medic\u00ednske pr\u00e1vo&#8220;, obhajoba dizerta\u010dnej pr\u00e1ce d\u0148a\u00a010.1. 2011\u00a0na Pr\u00e1vnickej fakulte v Ko\u0161iciach. 2. JUDr. Peter Tane\u010dka &#8211; 3.4.7 Trestn\u00e9 pr\u00e1vo, T\u00e9ma: &#8222;Okolnosti vylu\u010duj\u00face protipr\u00e1vnos\u0165&#8220;, obhajoba dizerta\u010dnej pr\u00e1ce d\u0148a\u00a014.3. 2011\u00a0na Pr\u00e1vnickej fakulte v Ko\u0161iciach. 3. JUDr. Lucia Buj\u0148a\u010dkov\u00e1 Spi\u0161\u00e1kov\u00e1 &#8211; 3.4.2 Te\u00f3ria a dejiny &hellip; <a href=\"https:\/\/www.upjs.sk\/pravnicka-fakulta\/studium\/doktorandske-studium\/zoznam-absolventov-a-temy\/5429-2\/\">\u010c\u00edta\u0165 \u010falej<\/a><\/p>\n","protected":false},"author":1,"featured_media":0,"parent":13505,"menu_order":14,"comment_status":"closed","ping_status":"closed","template":"","meta":{"_acf_changed":false,"_editorskit_title_hidden":false,"_editorskit_reading_time":0,"_editorskit_is_block_options_detached":false,"_editorskit_block_options_position":"{}","footnotes":""},"categories":[],"tags":[],"class_list":["post-13518","page","type-page","status-publish","hentry"],"acf":{"acf_link_na_externy_obsah":""},"yoast_head":"<!-- This site is optimized with the Yoast SEO plugin v27.4 - https:\/\/yoast.com\/product\/yoast-seo-wordpress\/ -->\n<title>2011 - Pr\u00e1vnick\u00e1 fakulta | UPJ\u0160<\/title>\n<meta name=\"robots\" content=\"index, follow, max-snippet:-1, max-image-preview:large, max-video-preview:-1\" \/>\n<link rel=\"canonical\" href=\"https:\/\/www.upjs.sk\/pravnicka-fakulta\/studium\/doktorandske-studium\/zoznam-absolventov-a-temy\/5429-2\/\" \/>\n<meta property=\"og:locale\" content=\"sk_SK\" \/>\n<meta property=\"og:type\" content=\"article\" \/>\n<meta property=\"og:title\" content=\"2011 - Pr\u00e1vnick\u00e1 fakulta | UPJ\u0160\" \/>\n<meta property=\"og:description\" content=\"Intern\u00e9 doktorandsk\u00e9 \u0161t\u00fadium: 1. JUDr. Ivan Humen\u00edK &#8211; 3.4.11\u00a0Ob\u010dianske pr\u00e1vo,\u00a0T\u00e9ma: &#8222;Ochrana osobnosti a medic\u00ednske pr\u00e1vo&#8220;, obhajoba dizerta\u010dnej pr\u00e1ce d\u0148a\u00a010.1. 2011\u00a0na Pr\u00e1vnickej fakulte v Ko\u0161iciach. 2. JUDr. Peter Tane\u010dka &#8211; 3.4.7 Trestn\u00e9 pr\u00e1vo, T\u00e9ma: &#8222;Okolnosti vylu\u010duj\u00face protipr\u00e1vnos\u0165&#8220;, obhajoba dizerta\u010dnej pr\u00e1ce d\u0148a\u00a014.3. 2011\u00a0na Pr\u00e1vnickej fakulte v Ko\u0161iciach. 3. JUDr. Lucia Buj\u0148a\u010dkov\u00e1 Spi\u0161\u00e1kov\u00e1 &#8211; 3.4.2 Te\u00f3ria a dejiny &hellip; \u010c\u00edta\u0165 \u010falej\" \/>\n<meta property=\"og:url\" content=\"https:\/\/www.upjs.sk\/pravnicka-fakulta\/studium\/doktorandske-studium\/zoznam-absolventov-a-temy\/5429-2\/\" \/>\n<meta property=\"og:site_name\" content=\"Pr\u00e1vnick\u00e1 fakulta | UPJ\u0160\" \/>\n<meta property=\"article:modified_time\" content=\"2023-01-11T13:45:57+00:00\" \/>\n<meta name=\"twitter:card\" content=\"summary_large_image\" \/>\n<meta name=\"twitter:label1\" content=\"Predpokladan\u00fd \u010das \u010d\u00edtania\" \/>\n\t<meta name=\"twitter:data1\" content=\"3 min\u00faty\" \/>\n<script type=\"application\/ld+json\" class=\"yoast-schema-graph\">{\"@context\":\"https:\\\/\\\/schema.org\",\"@graph\":[{\"@type\":\"WebPage\",\"@id\":\"https:\\\/\\\/www.upjs.sk\\\/pravnicka-fakulta\\\/studium\\\/doktorandske-studium\\\/zoznam-absolventov-a-temy\\\/5429-2\\\/\",\"url\":\"https:\\\/\\\/www.upjs.sk\\\/pravnicka-fakulta\\\/studium\\\/doktorandske-studium\\\/zoznam-absolventov-a-temy\\\/5429-2\\\/\",\"name\":\"2011 - Pr\u00e1vnick\u00e1 fakulta | UPJ\u0160\",\"isPartOf\":{\"@id\":\"https:\\\/\\\/www.upjs.sk\\\/pravnicka-fakulta\\\/#website\"},\"datePublished\":\"2022-05-17T08:42:28+00:00\",\"dateModified\":\"2023-01-11T13:45:57+00:00\",\"breadcrumb\":{\"@id\":\"https:\\\/\\\/www.upjs.sk\\\/pravnicka-fakulta\\\/studium\\\/doktorandske-studium\\\/zoznam-absolventov-a-temy\\\/5429-2\\\/#breadcrumb\"},\"inLanguage\":\"sk-SK\",\"potentialAction\":[{\"@type\":\"ReadAction\",\"target\":[\"https:\\\/\\\/www.upjs.sk\\\/pravnicka-fakulta\\\/studium\\\/doktorandske-studium\\\/zoznam-absolventov-a-temy\\\/5429-2\\\/\"]}]},{\"@type\":\"BreadcrumbList\",\"@id\":\"https:\\\/\\\/www.upjs.sk\\\/pravnicka-fakulta\\\/studium\\\/doktorandske-studium\\\/zoznam-absolventov-a-temy\\\/5429-2\\\/#breadcrumb\",\"itemListElement\":[{\"@type\":\"ListItem\",\"position\":1,\"name\":\"Home\",\"item\":\"https:\\\/\\\/www.upjs.sk\\\/pravnicka-fakulta\\\/\"},{\"@type\":\"ListItem\",\"position\":2,\"name\":\"\u0160t\u00fadium\",\"item\":\"https:\\\/\\\/www.upjs.sk\\\/pravnicka-fakulta\\\/studium\\\/\"},{\"@type\":\"ListItem\",\"position\":3,\"name\":\"Doktorandsk\u00e9 \u0161t\u00fadium\",\"item\":\"https:\\\/\\\/www.upjs.sk\\\/pravnicka-fakulta\\\/studium\\\/doktorandske-studium\\\/\"},{\"@type\":\"ListItem\",\"position\":4,\"name\":\"Zoznam absolventov doktorandsk\u00e9ho \u0161t\u00fadia a t\u00e9my dizerta\u010dn\u00fdch pr\u00e1c\",\"item\":\"https:\\\/\\\/www.upjs.sk\\\/pravnicka-fakulta\\\/studium\\\/doktorandske-studium\\\/zoznam-absolventov-a-temy\\\/\"},{\"@type\":\"ListItem\",\"position\":5,\"name\":\"2011\"}]},{\"@type\":\"WebSite\",\"@id\":\"https:\\\/\\\/www.upjs.sk\\\/pravnicka-fakulta\\\/#website\",\"url\":\"https:\\\/\\\/www.upjs.sk\\\/pravnicka-fakulta\\\/\",\"name\":\"Pr\u00e1vnick\u00e1 fakulta | UPJ\u0160\",\"description\":\"\",\"publisher\":{\"@id\":\"https:\\\/\\\/www.upjs.sk\\\/pravnicka-fakulta\\\/#organization\"},\"potentialAction\":[{\"@type\":\"SearchAction\",\"target\":{\"@type\":\"EntryPoint\",\"urlTemplate\":\"https:\\\/\\\/www.upjs.sk\\\/pravnicka-fakulta\\\/?s={search_term_string}\"},\"query-input\":{\"@type\":\"PropertyValueSpecification\",\"valueRequired\":true,\"valueName\":\"search_term_string\"}}],\"inLanguage\":\"sk-SK\"},{\"@type\":\"Organization\",\"@id\":\"https:\\\/\\\/www.upjs.sk\\\/pravnicka-fakulta\\\/#organization\",\"name\":\"Pr\u00e1vnick\u00e1 fakulta | UPJ\u0160\",\"url\":\"https:\\\/\\\/www.upjs.sk\\\/pravnicka-fakulta\\\/\",\"logo\":{\"@type\":\"ImageObject\",\"inLanguage\":\"sk-SK\",\"@id\":\"https:\\\/\\\/www.upjs.sk\\\/pravnicka-fakulta\\\/#\\\/schema\\\/logo\\\/image\\\/\",\"url\":\"https:\\\/\\\/www.upjs.sk\\\/app\\\/uploads\\\/sites\\\/11\\\/2022\\\/09\\\/logo-pravnicka-fakulta.png\",\"contentUrl\":\"https:\\\/\\\/www.upjs.sk\\\/app\\\/uploads\\\/sites\\\/11\\\/2022\\\/09\\\/logo-pravnicka-fakulta.png\",\"width\":415,\"height\":87,\"caption\":\"Pr\u00e1vnick\u00e1 fakulta | UPJ\u0160\"},\"image\":{\"@id\":\"https:\\\/\\\/www.upjs.sk\\\/pravnicka-fakulta\\\/#\\\/schema\\\/logo\\\/image\\\/\"}}]}<\/script>\n<!-- \/ Yoast SEO plugin. -->","yoast_head_json":{"title":"2011 - Pr\u00e1vnick\u00e1 fakulta | UPJ\u0160","robots":{"index":"index","follow":"follow","max-snippet":"max-snippet:-1","max-image-preview":"max-image-preview:large","max-video-preview":"max-video-preview:-1"},"canonical":"https:\/\/www.upjs.sk\/pravnicka-fakulta\/studium\/doktorandske-studium\/zoznam-absolventov-a-temy\/5429-2\/","og_locale":"sk_SK","og_type":"article","og_title":"2011 - Pr\u00e1vnick\u00e1 fakulta | UPJ\u0160","og_description":"Intern\u00e9 doktorandsk\u00e9 \u0161t\u00fadium: 1. JUDr. Ivan Humen\u00edK &#8211; 3.4.11\u00a0Ob\u010dianske pr\u00e1vo,\u00a0T\u00e9ma: &#8222;Ochrana osobnosti a medic\u00ednske pr\u00e1vo&#8220;, obhajoba dizerta\u010dnej pr\u00e1ce d\u0148a\u00a010.1. 2011\u00a0na Pr\u00e1vnickej fakulte v Ko\u0161iciach. 2. JUDr. Peter Tane\u010dka &#8211; 3.4.7 Trestn\u00e9 pr\u00e1vo, T\u00e9ma: &#8222;Okolnosti vylu\u010duj\u00face protipr\u00e1vnos\u0165&#8220;, obhajoba dizerta\u010dnej pr\u00e1ce d\u0148a\u00a014.3. 2011\u00a0na Pr\u00e1vnickej fakulte v Ko\u0161iciach. 3. JUDr. Lucia Buj\u0148a\u010dkov\u00e1 Spi\u0161\u00e1kov\u00e1 &#8211; 3.4.2 Te\u00f3ria a dejiny &hellip; \u010c\u00edta\u0165 \u010falej","og_url":"https:\/\/www.upjs.sk\/pravnicka-fakulta\/studium\/doktorandske-studium\/zoznam-absolventov-a-temy\/5429-2\/","og_site_name":"Pr\u00e1vnick\u00e1 fakulta | UPJ\u0160","article_modified_time":"2023-01-11T13:45:57+00:00","twitter_card":"summary_large_image","twitter_misc":{"Predpokladan\u00fd \u010das \u010d\u00edtania":"3 min\u00faty"},"schema":{"@context":"https:\/\/schema.org","@graph":[{"@type":"WebPage","@id":"https:\/\/www.upjs.sk\/pravnicka-fakulta\/studium\/doktorandske-studium\/zoznam-absolventov-a-temy\/5429-2\/","url":"https:\/\/www.upjs.sk\/pravnicka-fakulta\/studium\/doktorandske-studium\/zoznam-absolventov-a-temy\/5429-2\/","name":"2011 - Pr\u00e1vnick\u00e1 fakulta | UPJ\u0160","isPartOf":{"@id":"https:\/\/www.upjs.sk\/pravnicka-fakulta\/#website"},"datePublished":"2022-05-17T08:42:28+00:00","dateModified":"2023-01-11T13:45:57+00:00","breadcrumb":{"@id":"https:\/\/www.upjs.sk\/pravnicka-fakulta\/studium\/doktorandske-studium\/zoznam-absolventov-a-temy\/5429-2\/#breadcrumb"},"inLanguage":"sk-SK","potentialAction":[{"@type":"ReadAction","target":["https:\/\/www.upjs.sk\/pravnicka-fakulta\/studium\/doktorandske-studium\/zoznam-absolventov-a-temy\/5429-2\/"]}]},{"@type":"BreadcrumbList","@id":"https:\/\/www.upjs.sk\/pravnicka-fakulta\/studium\/doktorandske-studium\/zoznam-absolventov-a-temy\/5429-2\/#breadcrumb","itemListElement":[{"@type":"ListItem","position":1,"name":"Home","item":"https:\/\/www.upjs.sk\/pravnicka-fakulta\/"},{"@type":"ListItem","position":2,"name":"\u0160t\u00fadium","item":"https:\/\/www.upjs.sk\/pravnicka-fakulta\/studium\/"},{"@type":"ListItem","position":3,"name":"Doktorandsk\u00e9 \u0161t\u00fadium","item":"https:\/\/www.upjs.sk\/pravnicka-fakulta\/studium\/doktorandske-studium\/"},{"@type":"ListItem","position":4,"name":"Zoznam absolventov doktorandsk\u00e9ho \u0161t\u00fadia a t\u00e9my dizerta\u010dn\u00fdch pr\u00e1c","item":"https:\/\/www.upjs.sk\/pravnicka-fakulta\/studium\/doktorandske-studium\/zoznam-absolventov-a-temy\/"},{"@type":"ListItem","position":5,"name":"2011"}]},{"@type":"WebSite","@id":"https:\/\/www.upjs.sk\/pravnicka-fakulta\/#website","url":"https:\/\/www.upjs.sk\/pravnicka-fakulta\/","name":"Pr\u00e1vnick\u00e1 fakulta | UPJ\u0160","description":"","publisher":{"@id":"https:\/\/www.upjs.sk\/pravnicka-fakulta\/#organization"},"potentialAction":[{"@type":"SearchAction","target":{"@type":"EntryPoint","urlTemplate":"https:\/\/www.upjs.sk\/pravnicka-fakulta\/?s={search_term_string}"},"query-input":{"@type":"PropertyValueSpecification","valueRequired":true,"valueName":"search_term_string"}}],"inLanguage":"sk-SK"},{"@type":"Organization","@id":"https:\/\/www.upjs.sk\/pravnicka-fakulta\/#organization","name":"Pr\u00e1vnick\u00e1 fakulta | UPJ\u0160","url":"https:\/\/www.upjs.sk\/pravnicka-fakulta\/","logo":{"@type":"ImageObject","inLanguage":"sk-SK","@id":"https:\/\/www.upjs.sk\/pravnicka-fakulta\/#\/schema\/logo\/image\/","url":"https:\/\/www.upjs.sk\/app\/uploads\/sites\/11\/2022\/09\/logo-pravnicka-fakulta.png","contentUrl":"https:\/\/www.upjs.sk\/app\/uploads\/sites\/11\/2022\/09\/logo-pravnicka-fakulta.png","width":415,"height":87,"caption":"Pr\u00e1vnick\u00e1 fakulta | UPJ\u0160"},"image":{"@id":"https:\/\/www.upjs.sk\/pravnicka-fakulta\/#\/schema\/logo\/image\/"}}]}},"_links":{"self":[{"href":"https:\/\/www.upjs.sk\/pravnicka-fakulta\/wp-json\/wp\/v2\/pages\/13518","targetHints":{"allow":["GET"]}}],"collection":[{"href":"https:\/\/www.upjs.sk\/pravnicka-fakulta\/wp-json\/wp\/v2\/pages"}],"about":[{"href":"https:\/\/www.upjs.sk\/pravnicka-fakulta\/wp-json\/wp\/v2\/types\/page"}],"author":[{"embeddable":true,"href":"https:\/\/www.upjs.sk\/pravnicka-fakulta\/wp-json\/wp\/v2\/users\/1"}],"replies":[{"embeddable":true,"href":"https:\/\/www.upjs.sk\/pravnicka-fakulta\/wp-json\/wp\/v2\/comments?post=13518"}],"version-history":[{"count":2,"href":"https:\/\/www.upjs.sk\/pravnicka-fakulta\/wp-json\/wp\/v2\/pages\/13518\/revisions"}],"predecessor-version":[{"id":35901,"href":"https:\/\/www.upjs.sk\/pravnicka-fakulta\/wp-json\/wp\/v2\/pages\/13518\/revisions\/35901"}],"up":[{"embeddable":true,"href":"https:\/\/www.upjs.sk\/pravnicka-fakulta\/wp-json\/wp\/v2\/pages\/13505"}],"wp:attachment":[{"href":"https:\/\/www.upjs.sk\/pravnicka-fakulta\/wp-json\/wp\/v2\/media?parent=13518"}],"wp:term":[{"taxonomy":"category","embeddable":true,"href":"https:\/\/www.upjs.sk\/pravnicka-fakulta\/wp-json\/wp\/v2\/categories?post=13518"},{"taxonomy":"post_tag","embeddable":true,"href":"https:\/\/www.upjs.sk\/pravnicka-fakulta\/wp-json\/wp\/v2\/tags?post=13518"}],"curies":[{"name":"wp","href":"https:\/\/api.w.org\/{rel}","templated":true}]}}