{"id":13660,"date":"2021-09-09T15:18:47","date_gmt":"2021-09-09T15:18:38","guid":{"rendered":"https:\/\/www.upjs.sk\/pravnicka-fakulta\/veda-a-vyskum\/vedecky-vyskum\/17520-2\/"},"modified":"2024-01-23T14:58:40","modified_gmt":"2024-01-23T13:58:40","slug":"kvalifikacny-rast","status":"publish","type":"page","link":"https:\/\/www.upjs.sk\/pravnicka-fakulta\/vedecky-vyskum\/kvalifikacny-rast\/","title":{"rendered":"Vedeck\u00fd kvalifika\u010dn\u00fd stupe\u0148"},"content":{"rendered":"<div class=\"content-single-content entry-content font-light \">\n<p><a href=\"https:\/\/www.slov-lex.sk\/pravne-predpisy\/SK\/ZZ\/2002\/133\/20220101\" target=\"_blank\" rel=\"noopener\">Z\u00e1kon 133\/2002 Z. z. o SAV<\/a><br \/>\n<a href=\"https:\/\/www.upjs.sk\/app\/uploads\/sites\/10\/2023\/02\/01_Metodicky-pokyn_-predkladanie_navrhov_VKS_final.pdf\">Metodick\u00fd pokyn k predkladaniu n\u00e1vrhov VKS<\/a><br \/>\n<a href=\"https:\/\/www.upjs.sk\/app\/uploads\/sites\/10\/2023\/02\/01_Uvodny_list_navrhu_priloha_priloha_c1.rtf\" target=\"_blank\" rel=\"noopener noreferrer\" data-auth=\"NotApplicable\" data-safelink=\"true\" data-linkindex=\"3\">\u00davodn\u00fd list n\u00e1vrhu \u2013 pr\u00edloha \u010d.1<\/a><br \/>\n<a href=\"https:\/\/www.upjs.sk\/app\/uploads\/sites\/10\/2023\/02\/02a_Prehlad_vystupov_IIa_-_priloha_c.2a.rtf\" target=\"_blank\" rel=\"noopener noreferrer\" data-auth=\"NotApplicable\" data-safelink=\"true\" data-linkindex=\"4\">Preh\u013ead v\u00fdstupov I \u00a0 \u2013 \u00a0pr\u00edloha \u010d. 2<\/a><br \/>\n<a href=\"https:\/\/www.upjs.sk\/app\/uploads\/sites\/10\/2023\/02\/02b_Prehlad_vystupov_I_-_priloha_c.2b.rtf\" target=\"_blank\" rel=\"noopener noreferrer\" data-auth=\"NotApplicable\" data-safelink=\"true\" data-linkindex=\"5\">Preh\u013ead v\u00fdstupov IIa \u2013 pr\u00edloha \u010d. 2<\/a><br \/>\n<a href=\"https:\/\/www.upjs.sk\/app\/uploads\/sites\/10\/2023\/02\/03_Kriteria_-_priloha_c._3.pdf\">Krit\u00e9ri\u00e1 VKS \u2013 pr\u00edloha \u010d. 3<\/a><br \/>\n<a href=\"https:\/\/www.upjs.sk\/app\/uploads\/sites\/10\/2023\/02\/04_Poziadavky_na_obsadenie_funkcneho_miesta_pre_ucely_VKS_priloha4.docx\">Preh\u013ead minim\u00e1lnych prahov\u00fdch hodn\u00f4t \u2013 pr\u00edloha \u010d. 4<\/a><br \/>\n<a href=\"https:\/\/www.upjs.sk\/app\/uploads\/sites\/10\/2023\/02\/05_RR.-1_2023_statut_a_rokovaci_poriadok_komisie_pre_VKS_final.pdf\">RR \u010d. 1\/2023 \u2013\u00a0\u0160tat\u00fat a\u00a0rokovac\u00ed poriadok komisie VKS UPJ\u0160<\/a><\/p>\n<\/div>\n","protected":false},"excerpt":{"rendered":"<p>Z\u00e1kon 133\/2002 Z. z. o SAV Metodick\u00fd pokyn k predkladaniu n\u00e1vrhov VKS \u00davodn\u00fd list n\u00e1vrhu \u2013 pr\u00edloha \u010d.1 Preh\u013ead v\u00fdstupov I \u00a0 \u2013 \u00a0pr\u00edloha \u010d. 2 Preh\u013ead v\u00fdstupov IIa \u2013 pr\u00edloha \u010d. 2 Krit\u00e9ri\u00e1 VKS \u2013 pr\u00edloha \u010d. 3 Preh\u013ead minim\u00e1lnych prahov\u00fdch hodn\u00f4t \u2013 pr\u00edloha \u010d. 4 RR \u010d. 1\/2023 \u2013\u00a0\u0160tat\u00fat a\u00a0rokovac\u00ed poriadok komisie VKS &hellip; <a href=\"https:\/\/www.upjs.sk\/pravnicka-fakulta\/vedecky-vyskum\/kvalifikacny-rast\/\">\u010c\u00edta\u0165 \u010falej<\/a><\/p>\n","protected":false},"author":1,"featured_media":0,"parent":13015,"menu_order":4,"comment_status":"closed","ping_status":"closed","template":"","meta":{"_acf_changed":false,"_editorskit_title_hidden":false,"_editorskit_reading_time":0,"_editorskit_is_block_options_detached":false,"_editorskit_block_options_position":"{}","footnotes":""},"categories":[],"tags":[],"class_list":["post-13660","page","type-page","status-publish","hentry"],"acf":{"acf_link_na_externy_obsah":""},"yoast_head":"<!-- This site is optimized with the Yoast SEO plugin v27.4 - https:\/\/yoast.com\/product\/yoast-seo-wordpress\/ -->\n<title>Vedeck\u00fd kvalifika\u010dn\u00fd stupe\u0148 - Pr\u00e1vnick\u00e1 fakulta | UPJ\u0160<\/title>\n<meta name=\"robots\" content=\"index, follow, max-snippet:-1, max-image-preview:large, max-video-preview:-1\" \/>\n<link rel=\"canonical\" href=\"https:\/\/www.upjs.sk\/pravnicka-fakulta\/vedecky-vyskum\/kvalifikacny-rast\/\" \/>\n<meta property=\"og:locale\" content=\"sk_SK\" \/>\n<meta property=\"og:type\" content=\"article\" \/>\n<meta property=\"og:title\" content=\"Vedeck\u00fd kvalifika\u010dn\u00fd stupe\u0148 - Pr\u00e1vnick\u00e1 fakulta | UPJ\u0160\" \/>\n<meta property=\"og:description\" content=\"Z\u00e1kon 133\/2002 Z. z. o SAV Metodick\u00fd pokyn k predkladaniu n\u00e1vrhov VKS \u00davodn\u00fd list n\u00e1vrhu \u2013 pr\u00edloha \u010d.1 Preh\u013ead v\u00fdstupov I \u00a0 \u2013 \u00a0pr\u00edloha \u010d. 2 Preh\u013ead v\u00fdstupov IIa \u2013 pr\u00edloha \u010d. 2 Krit\u00e9ri\u00e1 VKS \u2013 pr\u00edloha \u010d. 3 Preh\u013ead minim\u00e1lnych prahov\u00fdch hodn\u00f4t \u2013 pr\u00edloha \u010d. 4 RR \u010d. 1\/2023 \u2013\u00a0\u0160tat\u00fat a\u00a0rokovac\u00ed poriadok komisie VKS &hellip; \u010c\u00edta\u0165 \u010falej\" \/>\n<meta property=\"og:url\" content=\"https:\/\/www.upjs.sk\/pravnicka-fakulta\/vedecky-vyskum\/kvalifikacny-rast\/\" \/>\n<meta property=\"og:site_name\" content=\"Pr\u00e1vnick\u00e1 fakulta | UPJ\u0160\" \/>\n<meta property=\"article:modified_time\" content=\"2024-01-23T13:58:40+00:00\" \/>\n<meta name=\"twitter:card\" content=\"summary_large_image\" \/>\n<meta name=\"twitter:label1\" content=\"Predpokladan\u00fd \u010das \u010d\u00edtania\" \/>\n\t<meta name=\"twitter:data1\" content=\"1 min\u00fata\" \/>\n<script type=\"application\/ld+json\" class=\"yoast-schema-graph\">{\"@context\":\"https:\\\/\\\/schema.org\",\"@graph\":[{\"@type\":\"WebPage\",\"@id\":\"https:\\\/\\\/www.upjs.sk\\\/pravnicka-fakulta\\\/vedecky-vyskum\\\/kvalifikacny-rast\\\/\",\"url\":\"https:\\\/\\\/www.upjs.sk\\\/pravnicka-fakulta\\\/vedecky-vyskum\\\/kvalifikacny-rast\\\/\",\"name\":\"Vedeck\u00fd kvalifika\u010dn\u00fd stupe\u0148 - Pr\u00e1vnick\u00e1 fakulta | UPJ\u0160\",\"isPartOf\":{\"@id\":\"https:\\\/\\\/www.upjs.sk\\\/pravnicka-fakulta\\\/#website\"},\"datePublished\":\"2021-09-09T15:18:38+00:00\",\"dateModified\":\"2024-01-23T13:58:40+00:00\",\"breadcrumb\":{\"@id\":\"https:\\\/\\\/www.upjs.sk\\\/pravnicka-fakulta\\\/vedecky-vyskum\\\/kvalifikacny-rast\\\/#breadcrumb\"},\"inLanguage\":\"sk-SK\",\"potentialAction\":[{\"@type\":\"ReadAction\",\"target\":[\"https:\\\/\\\/www.upjs.sk\\\/pravnicka-fakulta\\\/vedecky-vyskum\\\/kvalifikacny-rast\\\/\"]}]},{\"@type\":\"BreadcrumbList\",\"@id\":\"https:\\\/\\\/www.upjs.sk\\\/pravnicka-fakulta\\\/vedecky-vyskum\\\/kvalifikacny-rast\\\/#breadcrumb\",\"itemListElement\":[{\"@type\":\"ListItem\",\"position\":1,\"name\":\"Home\",\"item\":\"https:\\\/\\\/www.upjs.sk\\\/pravnicka-fakulta\\\/\"},{\"@type\":\"ListItem\",\"position\":2,\"name\":\"Veda a v\u00fdskum\",\"item\":\"https:\\\/\\\/www.upjs.sk\\\/pravnicka-fakulta\\\/veda-a-vyskum__trashed\\\/vedecky-vyskum\\\/\"},{\"@type\":\"ListItem\",\"position\":3,\"name\":\"Vedeck\u00fd kvalifika\u010dn\u00fd stupe\u0148\"}]},{\"@type\":\"WebSite\",\"@id\":\"https:\\\/\\\/www.upjs.sk\\\/pravnicka-fakulta\\\/#website\",\"url\":\"https:\\\/\\\/www.upjs.sk\\\/pravnicka-fakulta\\\/\",\"name\":\"Pr\u00e1vnick\u00e1 fakulta | UPJ\u0160\",\"description\":\"\",\"publisher\":{\"@id\":\"https:\\\/\\\/www.upjs.sk\\\/pravnicka-fakulta\\\/#organization\"},\"potentialAction\":[{\"@type\":\"SearchAction\",\"target\":{\"@type\":\"EntryPoint\",\"urlTemplate\":\"https:\\\/\\\/www.upjs.sk\\\/pravnicka-fakulta\\\/?s={search_term_string}\"},\"query-input\":{\"@type\":\"PropertyValueSpecification\",\"valueRequired\":true,\"valueName\":\"search_term_string\"}}],\"inLanguage\":\"sk-SK\"},{\"@type\":\"Organization\",\"@id\":\"https:\\\/\\\/www.upjs.sk\\\/pravnicka-fakulta\\\/#organization\",\"name\":\"Pr\u00e1vnick\u00e1 fakulta | UPJ\u0160\",\"url\":\"https:\\\/\\\/www.upjs.sk\\\/pravnicka-fakulta\\\/\",\"logo\":{\"@type\":\"ImageObject\",\"inLanguage\":\"sk-SK\",\"@id\":\"https:\\\/\\\/www.upjs.sk\\\/pravnicka-fakulta\\\/#\\\/schema\\\/logo\\\/image\\\/\",\"url\":\"https:\\\/\\\/www.upjs.sk\\\/app\\\/uploads\\\/sites\\\/11\\\/2022\\\/09\\\/logo-pravnicka-fakulta.png\",\"contentUrl\":\"https:\\\/\\\/www.upjs.sk\\\/app\\\/uploads\\\/sites\\\/11\\\/2022\\\/09\\\/logo-pravnicka-fakulta.png\",\"width\":415,\"height\":87,\"caption\":\"Pr\u00e1vnick\u00e1 fakulta | UPJ\u0160\"},\"image\":{\"@id\":\"https:\\\/\\\/www.upjs.sk\\\/pravnicka-fakulta\\\/#\\\/schema\\\/logo\\\/image\\\/\"}}]}<\/script>\n<!-- \/ Yoast SEO plugin. -->","yoast_head_json":{"title":"Vedeck\u00fd kvalifika\u010dn\u00fd stupe\u0148 - Pr\u00e1vnick\u00e1 fakulta | UPJ\u0160","robots":{"index":"index","follow":"follow","max-snippet":"max-snippet:-1","max-image-preview":"max-image-preview:large","max-video-preview":"max-video-preview:-1"},"canonical":"https:\/\/www.upjs.sk\/pravnicka-fakulta\/vedecky-vyskum\/kvalifikacny-rast\/","og_locale":"sk_SK","og_type":"article","og_title":"Vedeck\u00fd kvalifika\u010dn\u00fd stupe\u0148 - Pr\u00e1vnick\u00e1 fakulta | UPJ\u0160","og_description":"Z\u00e1kon 133\/2002 Z. z. o SAV Metodick\u00fd pokyn k predkladaniu n\u00e1vrhov VKS \u00davodn\u00fd list n\u00e1vrhu \u2013 pr\u00edloha \u010d.1 Preh\u013ead v\u00fdstupov I \u00a0 \u2013 \u00a0pr\u00edloha \u010d. 2 Preh\u013ead v\u00fdstupov IIa \u2013 pr\u00edloha \u010d. 2 Krit\u00e9ri\u00e1 VKS \u2013 pr\u00edloha \u010d. 3 Preh\u013ead minim\u00e1lnych prahov\u00fdch hodn\u00f4t \u2013 pr\u00edloha \u010d. 4 RR \u010d. 1\/2023 \u2013\u00a0\u0160tat\u00fat a\u00a0rokovac\u00ed poriadok komisie VKS &hellip; \u010c\u00edta\u0165 \u010falej","og_url":"https:\/\/www.upjs.sk\/pravnicka-fakulta\/vedecky-vyskum\/kvalifikacny-rast\/","og_site_name":"Pr\u00e1vnick\u00e1 fakulta | UPJ\u0160","article_modified_time":"2024-01-23T13:58:40+00:00","twitter_card":"summary_large_image","twitter_misc":{"Predpokladan\u00fd \u010das \u010d\u00edtania":"1 min\u00fata"},"schema":{"@context":"https:\/\/schema.org","@graph":[{"@type":"WebPage","@id":"https:\/\/www.upjs.sk\/pravnicka-fakulta\/vedecky-vyskum\/kvalifikacny-rast\/","url":"https:\/\/www.upjs.sk\/pravnicka-fakulta\/vedecky-vyskum\/kvalifikacny-rast\/","name":"Vedeck\u00fd kvalifika\u010dn\u00fd stupe\u0148 - Pr\u00e1vnick\u00e1 fakulta | UPJ\u0160","isPartOf":{"@id":"https:\/\/www.upjs.sk\/pravnicka-fakulta\/#website"},"datePublished":"2021-09-09T15:18:38+00:00","dateModified":"2024-01-23T13:58:40+00:00","breadcrumb":{"@id":"https:\/\/www.upjs.sk\/pravnicka-fakulta\/vedecky-vyskum\/kvalifikacny-rast\/#breadcrumb"},"inLanguage":"sk-SK","potentialAction":[{"@type":"ReadAction","target":["https:\/\/www.upjs.sk\/pravnicka-fakulta\/vedecky-vyskum\/kvalifikacny-rast\/"]}]},{"@type":"BreadcrumbList","@id":"https:\/\/www.upjs.sk\/pravnicka-fakulta\/vedecky-vyskum\/kvalifikacny-rast\/#breadcrumb","itemListElement":[{"@type":"ListItem","position":1,"name":"Home","item":"https:\/\/www.upjs.sk\/pravnicka-fakulta\/"},{"@type":"ListItem","position":2,"name":"Veda a v\u00fdskum","item":"https:\/\/www.upjs.sk\/pravnicka-fakulta\/veda-a-vyskum__trashed\/vedecky-vyskum\/"},{"@type":"ListItem","position":3,"name":"Vedeck\u00fd kvalifika\u010dn\u00fd stupe\u0148"}]},{"@type":"WebSite","@id":"https:\/\/www.upjs.sk\/pravnicka-fakulta\/#website","url":"https:\/\/www.upjs.sk\/pravnicka-fakulta\/","name":"Pr\u00e1vnick\u00e1 fakulta | UPJ\u0160","description":"","publisher":{"@id":"https:\/\/www.upjs.sk\/pravnicka-fakulta\/#organization"},"potentialAction":[{"@type":"SearchAction","target":{"@type":"EntryPoint","urlTemplate":"https:\/\/www.upjs.sk\/pravnicka-fakulta\/?s={search_term_string}"},"query-input":{"@type":"PropertyValueSpecification","valueRequired":true,"valueName":"search_term_string"}}],"inLanguage":"sk-SK"},{"@type":"Organization","@id":"https:\/\/www.upjs.sk\/pravnicka-fakulta\/#organization","name":"Pr\u00e1vnick\u00e1 fakulta | UPJ\u0160","url":"https:\/\/www.upjs.sk\/pravnicka-fakulta\/","logo":{"@type":"ImageObject","inLanguage":"sk-SK","@id":"https:\/\/www.upjs.sk\/pravnicka-fakulta\/#\/schema\/logo\/image\/","url":"https:\/\/www.upjs.sk\/app\/uploads\/sites\/11\/2022\/09\/logo-pravnicka-fakulta.png","contentUrl":"https:\/\/www.upjs.sk\/app\/uploads\/sites\/11\/2022\/09\/logo-pravnicka-fakulta.png","width":415,"height":87,"caption":"Pr\u00e1vnick\u00e1 fakulta | UPJ\u0160"},"image":{"@id":"https:\/\/www.upjs.sk\/pravnicka-fakulta\/#\/schema\/logo\/image\/"}}]}},"_links":{"self":[{"href":"https:\/\/www.upjs.sk\/pravnicka-fakulta\/wp-json\/wp\/v2\/pages\/13660","targetHints":{"allow":["GET"]}}],"collection":[{"href":"https:\/\/www.upjs.sk\/pravnicka-fakulta\/wp-json\/wp\/v2\/pages"}],"about":[{"href":"https:\/\/www.upjs.sk\/pravnicka-fakulta\/wp-json\/wp\/v2\/types\/page"}],"author":[{"embeddable":true,"href":"https:\/\/www.upjs.sk\/pravnicka-fakulta\/wp-json\/wp\/v2\/users\/1"}],"replies":[{"embeddable":true,"href":"https:\/\/www.upjs.sk\/pravnicka-fakulta\/wp-json\/wp\/v2\/comments?post=13660"}],"version-history":[{"count":4,"href":"https:\/\/www.upjs.sk\/pravnicka-fakulta\/wp-json\/wp\/v2\/pages\/13660\/revisions"}],"predecessor-version":[{"id":42557,"href":"https:\/\/www.upjs.sk\/pravnicka-fakulta\/wp-json\/wp\/v2\/pages\/13660\/revisions\/42557"}],"up":[{"embeddable":true,"href":"https:\/\/www.upjs.sk\/pravnicka-fakulta\/wp-json\/wp\/v2\/pages\/13015"}],"wp:attachment":[{"href":"https:\/\/www.upjs.sk\/pravnicka-fakulta\/wp-json\/wp\/v2\/media?parent=13660"}],"wp:term":[{"taxonomy":"category","embeddable":true,"href":"https:\/\/www.upjs.sk\/pravnicka-fakulta\/wp-json\/wp\/v2\/categories?post=13660"},{"taxonomy":"post_tag","embeddable":true,"href":"https:\/\/www.upjs.sk\/pravnicka-fakulta\/wp-json\/wp\/v2\/tags?post=13660"}],"curies":[{"name":"wp","href":"https:\/\/api.w.org\/{rel}","templated":true}]}}