{"id":13849,"date":"2018-02-13T09:00:40","date_gmt":"2018-02-13T09:00:40","guid":{"rendered":"https:\/\/www.upjs.sk\/pravnicka-fakulta\/publikacie-zborniky-zverejnenia\/publikacie-zborniky-zverejnenia-2008\/"},"modified":"2022-10-24T16:55:03","modified_gmt":"2022-10-24T16:55:03","slug":"publikacie-zborniky-zverejnenia-2008","status":"publish","type":"page","link":"https:\/\/www.upjs.sk\/pravnicka-fakulta\/publikacie-zborniky-zverejnenia\/publikacie-zborniky-zverejnenia-2008\/","title":{"rendered":"Publik\u00e1cie, zborn\u00edky a zverejnenia 2008"},"content":{"rendered":"<p><a href=\"\/public\/media\/1084\/Zbornik_21.pdf\"><img decoding=\"async\" alt=\"\" src=\"http:\/\/www.upjs.sk\/\/app\/uploads\/sites\/11\/2022\/09\/Zbornik_21.jpg\" style=\"height:98px; width:69px\" \/><\/a><br \/>\n<a href=\"\/public\/media\/1084\/Zbornik_21.pdf\"><strong>Pocta profesorovi Ga\u0161parovi<\/strong><\/a><br \/>\nZborn\u00edk pr\u00edspevkov z medzin\u00e1rodnej vedeckej konferencie, konanej d\u0148a 7. decembra 2007 na Pr\u00e1vnickej fakulte UPJ\u0160 v Ko\u0161iciach, vydan\u00fd pri pr\u00edle\u017eitosti \u017eivotn\u00e9ho jubilea prof. JUDr. Michala Ga\u0161para, CSc.<\/p>\n<p><a href=\"\/public\/media\/1084\/Zbornik_7.pdf\"><img decoding=\"async\" alt=\"Zbornik_7.jpg\" src=\"http:\/\/www.upjs.sk\/\/app\/uploads\/sites\/11\/2022\/09\/Zbornik_7.jpg\" style=\"height:105px; width:69px\" \/><\/a><br \/>\nJ\u00e1no\u0161\u00edkov\u00e1, M. (ed.): <a href=\"\/public\/media\/1084\/Zbornik_7.pdf\"><strong>Hospod\u00e1rska a menov\u00e1 \u00fania ako n\u00e1stroj eur\u00f3pskej\u00a0integr\u00e1cie <\/strong><\/a><br \/>\nZborn\u00edk pr\u00edspevkov\u00a0<\/p>\n<p><a href=\"\/public\/media\/1084\/zbornik_3.pdf\"><img decoding=\"async\" alt=\"zbornik_3.jpg\" border=\"1\" name=\"img_261c23aea072c28648c91011c4252d72\" src=\"http:\/\/www.upjs.sk\/\/app\/uploads\/sites\/11\/2022\/09\/zbornik_3.jpg\" style=\"height:105px; width:78px\" \/><\/a><br \/>\nCsach, K., \u0160iricov\u00e1, \u013d. (eds.): <a href=\"\/public\/media\/1084\/zbornik_3.pdf\"><span style=\"color:rgb(113, 32, 105)\"><strong>Pr\u00e1vo ozbrojen\u00fdch konfliktov a humanitn\u00e9 pr\u00e1vo v 21. storo\u010d\u00ed<\/strong><\/span><\/a><br \/>\nZborn\u00edk pr\u00edspevkov zo \u0161tudentsk\u00e9ho symp\u00f3zia konan\u00e9ho d\u0148a 28. marca 2008 na Pr\u00e1vnickej fakulte UPJ\u0160 v Ko\u0161iciach<\/p>\n","protected":false},"excerpt":{"rendered":"<p>Pocta profesorovi Ga\u0161parovi Zborn\u00edk pr\u00edspevkov z medzin\u00e1rodnej vedeckej konferencie, konanej d\u0148a 7. decembra 2007 na Pr\u00e1vnickej fakulte UPJ\u0160 v Ko\u0161iciach, vydan\u00fd pri pr\u00edle\u017eitosti \u017eivotn\u00e9ho jubilea prof. JUDr. Michala Ga\u0161para, CSc. J\u00e1no\u0161\u00edkov\u00e1, M. (ed.): Hospod\u00e1rska a menov\u00e1 \u00fania ako n\u00e1stroj eur\u00f3pskej\u00a0integr\u00e1cie Zborn\u00edk pr\u00edspevkov\u00a0 Csach, K., \u0160iricov\u00e1, \u013d. (eds.): Pr\u00e1vo ozbrojen\u00fdch konfliktov a humanitn\u00e9 pr\u00e1vo v 21. &hellip; <a href=\"https:\/\/www.upjs.sk\/pravnicka-fakulta\/publikacie-zborniky-zverejnenia\/publikacie-zborniky-zverejnenia-2008\/\">\u010c\u00edta\u0165 \u010falej<\/a><\/p>\n","protected":false},"author":1,"featured_media":13175,"parent":13153,"menu_order":15,"comment_status":"closed","ping_status":"closed","template":"","meta":{"_acf_changed":false,"_editorskit_title_hidden":false,"_editorskit_reading_time":0,"_editorskit_is_block_options_detached":false,"_editorskit_block_options_position":"{}","footnotes":""},"categories":[],"tags":[],"class_list":["post-13849","page","type-page","status-publish","has-post-thumbnail","hentry"],"acf":{"acf_link_na_externy_obsah":""},"yoast_head":"<!-- This site is optimized with the Yoast SEO plugin v27.4 - https:\/\/yoast.com\/product\/yoast-seo-wordpress\/ -->\n<title>Publik\u00e1cie, zborn\u00edky a zverejnenia 2008 - Pr\u00e1vnick\u00e1 fakulta | UPJ\u0160<\/title>\n<meta name=\"robots\" content=\"index, follow, max-snippet:-1, max-image-preview:large, max-video-preview:-1\" \/>\n<link rel=\"canonical\" href=\"https:\/\/www.upjs.sk\/pravnicka-fakulta\/publikacie-zborniky-zverejnenia\/publikacie-zborniky-zverejnenia-2008\/\" \/>\n<meta property=\"og:locale\" content=\"sk_SK\" \/>\n<meta property=\"og:type\" content=\"article\" \/>\n<meta property=\"og:title\" content=\"Publik\u00e1cie, zborn\u00edky a zverejnenia 2008 - Pr\u00e1vnick\u00e1 fakulta | UPJ\u0160\" \/>\n<meta property=\"og:description\" content=\"Pocta profesorovi Ga\u0161parovi Zborn\u00edk pr\u00edspevkov z medzin\u00e1rodnej vedeckej konferencie, konanej d\u0148a 7. decembra 2007 na Pr\u00e1vnickej fakulte UPJ\u0160 v Ko\u0161iciach, vydan\u00fd pri pr\u00edle\u017eitosti \u017eivotn\u00e9ho jubilea prof. JUDr. Michala Ga\u0161para, CSc. J\u00e1no\u0161\u00edkov\u00e1, M. (ed.): Hospod\u00e1rska a menov\u00e1 \u00fania ako n\u00e1stroj eur\u00f3pskej\u00a0integr\u00e1cie Zborn\u00edk pr\u00edspevkov\u00a0 Csach, K., \u0160iricov\u00e1, \u013d. (eds.): Pr\u00e1vo ozbrojen\u00fdch konfliktov a humanitn\u00e9 pr\u00e1vo v 21. &hellip; \u010c\u00edta\u0165 \u010falej\" \/>\n<meta property=\"og:url\" content=\"https:\/\/www.upjs.sk\/pravnicka-fakulta\/publikacie-zborniky-zverejnenia\/publikacie-zborniky-zverejnenia-2008\/\" \/>\n<meta property=\"og:site_name\" content=\"Pr\u00e1vnick\u00e1 fakulta | UPJ\u0160\" \/>\n<meta property=\"article:modified_time\" content=\"2022-10-24T16:55:03+00:00\" \/>\n<meta property=\"og:image\" content=\"https:\/\/www.upjs.sk\/app\/uploads\/sites\/11\/2022\/09\/Zbornik_21.jpg\" \/>\n\t<meta property=\"og:image:width\" content=\"69\" \/>\n\t<meta property=\"og:image:height\" content=\"98\" \/>\n\t<meta property=\"og:image:type\" content=\"image\/jpeg\" \/>\n<meta name=\"twitter:card\" content=\"summary_large_image\" \/>\n<script type=\"application\/ld+json\" class=\"yoast-schema-graph\">{\"@context\":\"https:\\\/\\\/schema.org\",\"@graph\":[{\"@type\":\"WebPage\",\"@id\":\"https:\\\/\\\/www.upjs.sk\\\/pravnicka-fakulta\\\/publikacie-zborniky-zverejnenia\\\/publikacie-zborniky-zverejnenia-2008\\\/\",\"url\":\"https:\\\/\\\/www.upjs.sk\\\/pravnicka-fakulta\\\/publikacie-zborniky-zverejnenia\\\/publikacie-zborniky-zverejnenia-2008\\\/\",\"name\":\"Publik\u00e1cie, zborn\u00edky a zverejnenia 2008 - Pr\u00e1vnick\u00e1 fakulta | UPJ\u0160\",\"isPartOf\":{\"@id\":\"https:\\\/\\\/www.upjs.sk\\\/pravnicka-fakulta\\\/#website\"},\"primaryImageOfPage\":{\"@id\":\"https:\\\/\\\/www.upjs.sk\\\/pravnicka-fakulta\\\/publikacie-zborniky-zverejnenia\\\/publikacie-zborniky-zverejnenia-2008\\\/#primaryimage\"},\"image\":{\"@id\":\"https:\\\/\\\/www.upjs.sk\\\/pravnicka-fakulta\\\/publikacie-zborniky-zverejnenia\\\/publikacie-zborniky-zverejnenia-2008\\\/#primaryimage\"},\"thumbnailUrl\":\"https:\\\/\\\/www.upjs.sk\\\/app\\\/uploads\\\/sites\\\/11\\\/2022\\\/09\\\/Zbornik_21.jpg\",\"datePublished\":\"2018-02-13T09:00:40+00:00\",\"dateModified\":\"2022-10-24T16:55:03+00:00\",\"breadcrumb\":{\"@id\":\"https:\\\/\\\/www.upjs.sk\\\/pravnicka-fakulta\\\/publikacie-zborniky-zverejnenia\\\/publikacie-zborniky-zverejnenia-2008\\\/#breadcrumb\"},\"inLanguage\":\"sk-SK\",\"potentialAction\":[{\"@type\":\"ReadAction\",\"target\":[\"https:\\\/\\\/www.upjs.sk\\\/pravnicka-fakulta\\\/publikacie-zborniky-zverejnenia\\\/publikacie-zborniky-zverejnenia-2008\\\/\"]}]},{\"@type\":\"ImageObject\",\"inLanguage\":\"sk-SK\",\"@id\":\"https:\\\/\\\/www.upjs.sk\\\/pravnicka-fakulta\\\/publikacie-zborniky-zverejnenia\\\/publikacie-zborniky-zverejnenia-2008\\\/#primaryimage\",\"url\":\"https:\\\/\\\/www.upjs.sk\\\/app\\\/uploads\\\/sites\\\/11\\\/2022\\\/09\\\/Zbornik_21.jpg\",\"contentUrl\":\"https:\\\/\\\/www.upjs.sk\\\/app\\\/uploads\\\/sites\\\/11\\\/2022\\\/09\\\/Zbornik_21.jpg\",\"width\":69,\"height\":98},{\"@type\":\"BreadcrumbList\",\"@id\":\"https:\\\/\\\/www.upjs.sk\\\/pravnicka-fakulta\\\/publikacie-zborniky-zverejnenia\\\/publikacie-zborniky-zverejnenia-2008\\\/#breadcrumb\",\"itemListElement\":[{\"@type\":\"ListItem\",\"position\":1,\"name\":\"Home\",\"item\":\"https:\\\/\\\/www.upjs.sk\\\/pravnicka-fakulta\\\/\"},{\"@type\":\"ListItem\",\"position\":2,\"name\":\"Publik\u00e1cie, zborn\u00edky a zverejnenia\",\"item\":\"https:\\\/\\\/www.upjs.sk\\\/pravnicka-fakulta\\\/publikacie-zborniky-zverejnenia\\\/\"},{\"@type\":\"ListItem\",\"position\":3,\"name\":\"Publik\u00e1cie, zborn\u00edky a zverejnenia 2008\"}]},{\"@type\":\"WebSite\",\"@id\":\"https:\\\/\\\/www.upjs.sk\\\/pravnicka-fakulta\\\/#website\",\"url\":\"https:\\\/\\\/www.upjs.sk\\\/pravnicka-fakulta\\\/\",\"name\":\"Pr\u00e1vnick\u00e1 fakulta | UPJ\u0160\",\"description\":\"\",\"publisher\":{\"@id\":\"https:\\\/\\\/www.upjs.sk\\\/pravnicka-fakulta\\\/#organization\"},\"potentialAction\":[{\"@type\":\"SearchAction\",\"target\":{\"@type\":\"EntryPoint\",\"urlTemplate\":\"https:\\\/\\\/www.upjs.sk\\\/pravnicka-fakulta\\\/?s={search_term_string}\"},\"query-input\":{\"@type\":\"PropertyValueSpecification\",\"valueRequired\":true,\"valueName\":\"search_term_string\"}}],\"inLanguage\":\"sk-SK\"},{\"@type\":\"Organization\",\"@id\":\"https:\\\/\\\/www.upjs.sk\\\/pravnicka-fakulta\\\/#organization\",\"name\":\"Pr\u00e1vnick\u00e1 fakulta | UPJ\u0160\",\"url\":\"https:\\\/\\\/www.upjs.sk\\\/pravnicka-fakulta\\\/\",\"logo\":{\"@type\":\"ImageObject\",\"inLanguage\":\"sk-SK\",\"@id\":\"https:\\\/\\\/www.upjs.sk\\\/pravnicka-fakulta\\\/#\\\/schema\\\/logo\\\/image\\\/\",\"url\":\"https:\\\/\\\/www.upjs.sk\\\/app\\\/uploads\\\/sites\\\/11\\\/2022\\\/09\\\/logo-pravnicka-fakulta.png\",\"contentUrl\":\"https:\\\/\\\/www.upjs.sk\\\/app\\\/uploads\\\/sites\\\/11\\\/2022\\\/09\\\/logo-pravnicka-fakulta.png\",\"width\":415,\"height\":87,\"caption\":\"Pr\u00e1vnick\u00e1 fakulta | UPJ\u0160\"},\"image\":{\"@id\":\"https:\\\/\\\/www.upjs.sk\\\/pravnicka-fakulta\\\/#\\\/schema\\\/logo\\\/image\\\/\"}}]}<\/script>\n<!-- \/ Yoast SEO plugin. -->","yoast_head_json":{"title":"Publik\u00e1cie, zborn\u00edky a zverejnenia 2008 - Pr\u00e1vnick\u00e1 fakulta | UPJ\u0160","robots":{"index":"index","follow":"follow","max-snippet":"max-snippet:-1","max-image-preview":"max-image-preview:large","max-video-preview":"max-video-preview:-1"},"canonical":"https:\/\/www.upjs.sk\/pravnicka-fakulta\/publikacie-zborniky-zverejnenia\/publikacie-zborniky-zverejnenia-2008\/","og_locale":"sk_SK","og_type":"article","og_title":"Publik\u00e1cie, zborn\u00edky a zverejnenia 2008 - Pr\u00e1vnick\u00e1 fakulta | UPJ\u0160","og_description":"Pocta profesorovi Ga\u0161parovi Zborn\u00edk pr\u00edspevkov z medzin\u00e1rodnej vedeckej konferencie, konanej d\u0148a 7. decembra 2007 na Pr\u00e1vnickej fakulte UPJ\u0160 v Ko\u0161iciach, vydan\u00fd pri pr\u00edle\u017eitosti \u017eivotn\u00e9ho jubilea prof. JUDr. Michala Ga\u0161para, CSc. J\u00e1no\u0161\u00edkov\u00e1, M. (ed.): Hospod\u00e1rska a menov\u00e1 \u00fania ako n\u00e1stroj eur\u00f3pskej\u00a0integr\u00e1cie Zborn\u00edk pr\u00edspevkov\u00a0 Csach, K., \u0160iricov\u00e1, \u013d. (eds.): Pr\u00e1vo ozbrojen\u00fdch konfliktov a humanitn\u00e9 pr\u00e1vo v 21. &hellip; \u010c\u00edta\u0165 \u010falej","og_url":"https:\/\/www.upjs.sk\/pravnicka-fakulta\/publikacie-zborniky-zverejnenia\/publikacie-zborniky-zverejnenia-2008\/","og_site_name":"Pr\u00e1vnick\u00e1 fakulta | UPJ\u0160","article_modified_time":"2022-10-24T16:55:03+00:00","og_image":[{"width":69,"height":98,"url":"https:\/\/www.upjs.sk\/app\/uploads\/sites\/11\/2022\/09\/Zbornik_21.jpg","type":"image\/jpeg"}],"twitter_card":"summary_large_image","schema":{"@context":"https:\/\/schema.org","@graph":[{"@type":"WebPage","@id":"https:\/\/www.upjs.sk\/pravnicka-fakulta\/publikacie-zborniky-zverejnenia\/publikacie-zborniky-zverejnenia-2008\/","url":"https:\/\/www.upjs.sk\/pravnicka-fakulta\/publikacie-zborniky-zverejnenia\/publikacie-zborniky-zverejnenia-2008\/","name":"Publik\u00e1cie, zborn\u00edky a zverejnenia 2008 - Pr\u00e1vnick\u00e1 fakulta | UPJ\u0160","isPartOf":{"@id":"https:\/\/www.upjs.sk\/pravnicka-fakulta\/#website"},"primaryImageOfPage":{"@id":"https:\/\/www.upjs.sk\/pravnicka-fakulta\/publikacie-zborniky-zverejnenia\/publikacie-zborniky-zverejnenia-2008\/#primaryimage"},"image":{"@id":"https:\/\/www.upjs.sk\/pravnicka-fakulta\/publikacie-zborniky-zverejnenia\/publikacie-zborniky-zverejnenia-2008\/#primaryimage"},"thumbnailUrl":"https:\/\/www.upjs.sk\/app\/uploads\/sites\/11\/2022\/09\/Zbornik_21.jpg","datePublished":"2018-02-13T09:00:40+00:00","dateModified":"2022-10-24T16:55:03+00:00","breadcrumb":{"@id":"https:\/\/www.upjs.sk\/pravnicka-fakulta\/publikacie-zborniky-zverejnenia\/publikacie-zborniky-zverejnenia-2008\/#breadcrumb"},"inLanguage":"sk-SK","potentialAction":[{"@type":"ReadAction","target":["https:\/\/www.upjs.sk\/pravnicka-fakulta\/publikacie-zborniky-zverejnenia\/publikacie-zborniky-zverejnenia-2008\/"]}]},{"@type":"ImageObject","inLanguage":"sk-SK","@id":"https:\/\/www.upjs.sk\/pravnicka-fakulta\/publikacie-zborniky-zverejnenia\/publikacie-zborniky-zverejnenia-2008\/#primaryimage","url":"https:\/\/www.upjs.sk\/app\/uploads\/sites\/11\/2022\/09\/Zbornik_21.jpg","contentUrl":"https:\/\/www.upjs.sk\/app\/uploads\/sites\/11\/2022\/09\/Zbornik_21.jpg","width":69,"height":98},{"@type":"BreadcrumbList","@id":"https:\/\/www.upjs.sk\/pravnicka-fakulta\/publikacie-zborniky-zverejnenia\/publikacie-zborniky-zverejnenia-2008\/#breadcrumb","itemListElement":[{"@type":"ListItem","position":1,"name":"Home","item":"https:\/\/www.upjs.sk\/pravnicka-fakulta\/"},{"@type":"ListItem","position":2,"name":"Publik\u00e1cie, zborn\u00edky a zverejnenia","item":"https:\/\/www.upjs.sk\/pravnicka-fakulta\/publikacie-zborniky-zverejnenia\/"},{"@type":"ListItem","position":3,"name":"Publik\u00e1cie, zborn\u00edky a zverejnenia 2008"}]},{"@type":"WebSite","@id":"https:\/\/www.upjs.sk\/pravnicka-fakulta\/#website","url":"https:\/\/www.upjs.sk\/pravnicka-fakulta\/","name":"Pr\u00e1vnick\u00e1 fakulta | UPJ\u0160","description":"","publisher":{"@id":"https:\/\/www.upjs.sk\/pravnicka-fakulta\/#organization"},"potentialAction":[{"@type":"SearchAction","target":{"@type":"EntryPoint","urlTemplate":"https:\/\/www.upjs.sk\/pravnicka-fakulta\/?s={search_term_string}"},"query-input":{"@type":"PropertyValueSpecification","valueRequired":true,"valueName":"search_term_string"}}],"inLanguage":"sk-SK"},{"@type":"Organization","@id":"https:\/\/www.upjs.sk\/pravnicka-fakulta\/#organization","name":"Pr\u00e1vnick\u00e1 fakulta | UPJ\u0160","url":"https:\/\/www.upjs.sk\/pravnicka-fakulta\/","logo":{"@type":"ImageObject","inLanguage":"sk-SK","@id":"https:\/\/www.upjs.sk\/pravnicka-fakulta\/#\/schema\/logo\/image\/","url":"https:\/\/www.upjs.sk\/app\/uploads\/sites\/11\/2022\/09\/logo-pravnicka-fakulta.png","contentUrl":"https:\/\/www.upjs.sk\/app\/uploads\/sites\/11\/2022\/09\/logo-pravnicka-fakulta.png","width":415,"height":87,"caption":"Pr\u00e1vnick\u00e1 fakulta | UPJ\u0160"},"image":{"@id":"https:\/\/www.upjs.sk\/pravnicka-fakulta\/#\/schema\/logo\/image\/"}}]}},"_links":{"self":[{"href":"https:\/\/www.upjs.sk\/pravnicka-fakulta\/wp-json\/wp\/v2\/pages\/13849","targetHints":{"allow":["GET"]}}],"collection":[{"href":"https:\/\/www.upjs.sk\/pravnicka-fakulta\/wp-json\/wp\/v2\/pages"}],"about":[{"href":"https:\/\/www.upjs.sk\/pravnicka-fakulta\/wp-json\/wp\/v2\/types\/page"}],"author":[{"embeddable":true,"href":"https:\/\/www.upjs.sk\/pravnicka-fakulta\/wp-json\/wp\/v2\/users\/1"}],"replies":[{"embeddable":true,"href":"https:\/\/www.upjs.sk\/pravnicka-fakulta\/wp-json\/wp\/v2\/comments?post=13849"}],"version-history":[{"count":1,"href":"https:\/\/www.upjs.sk\/pravnicka-fakulta\/wp-json\/wp\/v2\/pages\/13849\/revisions"}],"predecessor-version":[{"id":13850,"href":"https:\/\/www.upjs.sk\/pravnicka-fakulta\/wp-json\/wp\/v2\/pages\/13849\/revisions\/13850"}],"up":[{"embeddable":true,"href":"https:\/\/www.upjs.sk\/pravnicka-fakulta\/wp-json\/wp\/v2\/pages\/13153"}],"wp:featuredmedia":[{"embeddable":true,"href":"https:\/\/www.upjs.sk\/pravnicka-fakulta\/wp-json\/wp\/v2\/media\/13175"}],"wp:attachment":[{"href":"https:\/\/www.upjs.sk\/pravnicka-fakulta\/wp-json\/wp\/v2\/media?parent=13849"}],"wp:term":[{"taxonomy":"category","embeddable":true,"href":"https:\/\/www.upjs.sk\/pravnicka-fakulta\/wp-json\/wp\/v2\/categories?post=13849"},{"taxonomy":"post_tag","embeddable":true,"href":"https:\/\/www.upjs.sk\/pravnicka-fakulta\/wp-json\/wp\/v2\/tags?post=13849"}],"curies":[{"name":"wp","href":"https:\/\/api.w.org\/{rel}","templated":true}]}}