{"id":13909,"date":"2022-03-31T07:49:36","date_gmt":"2022-03-31T07:49:36","guid":{"rendered":"https:\/\/www.upjs.sk\/pravnicka-fakulta\/publikacie-zborniky-zverejnenia\/publikacie-zborniky-zverejnenia-2021\/"},"modified":"2022-10-24T16:55:05","modified_gmt":"2022-10-24T16:55:05","slug":"publikacie-zborniky-zverejnenia-2021","status":"publish","type":"page","link":"https:\/\/www.upjs.sk\/pravnicka-fakulta\/publikacie-zborniky-zverejnenia\/publikacie-zborniky-zverejnenia-2021\/","title":{"rendered":"Publik\u00e1cie, zborn\u00edky a zverejnenia 2021"},"content":{"rendered":"<p>\u017du\u013eov\u00e1, J. &#8211; Min\u010di\u010dov\u00e1, M. &#8211; Dolob\u00e1\u010d, M. (eds.):\u00a0<a href=\"https:\/\/unibook.upjs.sk\/sk\/pravnicka-fakulta\/1516-zdravie-pri-praci-v-spektre-teorie-a-praxe\" target=\"_blank\" rel=\"noopener\"><strong>Zdravie pri pr\u00e1ci v spektre te\u00f3rie a praxe<\/strong><\/a>\u00a0<strong>\/UNIBOOK\/<\/strong><\/p>\n<p>Min\u010di\u010dov\u00e1, M. &#8211; Dolob\u00e1\u010d, M. &#8211; \u017du\u013eov\u00e1, J. (eds.):\u00a0<a href=\"https:\/\/unibook.upjs.sk\/sk\/pracovne-pravo\/1576-zamestnanec-v-digitalnom-prostredi\" target=\"_blank\" rel=\"noopener\"><strong>Zamestnanec v digit\u00e1lnom prostred\u00ed<\/strong><\/a>\u00a0<strong>\/UNIBOOK\/<\/strong><\/p>\n","protected":false},"excerpt":{"rendered":"<p>\u017du\u013eov\u00e1, J. &#8211; Min\u010di\u010dov\u00e1, M. &#8211; Dolob\u00e1\u010d, M. (eds.):\u00a0Zdravie pri pr\u00e1ci v spektre te\u00f3rie a praxe\u00a0\/UNIBOOK\/ Min\u010di\u010dov\u00e1, M. &#8211; Dolob\u00e1\u010d, M. &#8211; \u017du\u013eov\u00e1, J. (eds.):\u00a0Zamestnanec v digit\u00e1lnom prostred\u00ed\u00a0\/UNIBOOK\/<\/p>\n","protected":false},"author":1,"featured_media":0,"parent":13153,"menu_order":2,"comment_status":"closed","ping_status":"closed","template":"","meta":{"_acf_changed":false,"_editorskit_title_hidden":false,"_editorskit_reading_time":0,"_editorskit_is_block_options_detached":false,"_editorskit_block_options_position":"{}","footnotes":""},"categories":[],"tags":[],"class_list":["post-13909","page","type-page","status-publish","hentry"],"acf":{"acf_link_na_externy_obsah":""},"yoast_head":"<!-- This site is optimized with the Yoast SEO plugin v27.4 - https:\/\/yoast.com\/product\/yoast-seo-wordpress\/ -->\n<title>Publik\u00e1cie, zborn\u00edky a zverejnenia 2021 - Pr\u00e1vnick\u00e1 fakulta | UPJ\u0160<\/title>\n<meta name=\"robots\" content=\"index, follow, max-snippet:-1, max-image-preview:large, max-video-preview:-1\" \/>\n<link rel=\"canonical\" href=\"https:\/\/www.upjs.sk\/pravnicka-fakulta\/publikacie-zborniky-zverejnenia\/publikacie-zborniky-zverejnenia-2021\/\" \/>\n<meta property=\"og:locale\" content=\"sk_SK\" \/>\n<meta property=\"og:type\" content=\"article\" \/>\n<meta property=\"og:title\" content=\"Publik\u00e1cie, zborn\u00edky a zverejnenia 2021 - Pr\u00e1vnick\u00e1 fakulta | UPJ\u0160\" \/>\n<meta property=\"og:description\" content=\"\u017du\u013eov\u00e1, J. &#8211; Min\u010di\u010dov\u00e1, M. &#8211; Dolob\u00e1\u010d, M. (eds.):\u00a0Zdravie pri pr\u00e1ci v spektre te\u00f3rie a praxe\u00a0\/UNIBOOK\/ Min\u010di\u010dov\u00e1, M. &#8211; Dolob\u00e1\u010d, M. &#8211; \u017du\u013eov\u00e1, J. (eds.):\u00a0Zamestnanec v digit\u00e1lnom prostred\u00ed\u00a0\/UNIBOOK\/\" \/>\n<meta property=\"og:url\" content=\"https:\/\/www.upjs.sk\/pravnicka-fakulta\/publikacie-zborniky-zverejnenia\/publikacie-zborniky-zverejnenia-2021\/\" \/>\n<meta property=\"og:site_name\" content=\"Pr\u00e1vnick\u00e1 fakulta | UPJ\u0160\" \/>\n<meta property=\"article:modified_time\" content=\"2022-10-24T16:55:05+00:00\" \/>\n<meta name=\"twitter:card\" content=\"summary_large_image\" \/>\n<script type=\"application\/ld+json\" class=\"yoast-schema-graph\">{\"@context\":\"https:\\\/\\\/schema.org\",\"@graph\":[{\"@type\":\"WebPage\",\"@id\":\"https:\\\/\\\/www.upjs.sk\\\/pravnicka-fakulta\\\/publikacie-zborniky-zverejnenia\\\/publikacie-zborniky-zverejnenia-2021\\\/\",\"url\":\"https:\\\/\\\/www.upjs.sk\\\/pravnicka-fakulta\\\/publikacie-zborniky-zverejnenia\\\/publikacie-zborniky-zverejnenia-2021\\\/\",\"name\":\"Publik\u00e1cie, zborn\u00edky a zverejnenia 2021 - Pr\u00e1vnick\u00e1 fakulta | UPJ\u0160\",\"isPartOf\":{\"@id\":\"https:\\\/\\\/www.upjs.sk\\\/pravnicka-fakulta\\\/#website\"},\"datePublished\":\"2022-03-31T07:49:36+00:00\",\"dateModified\":\"2022-10-24T16:55:05+00:00\",\"breadcrumb\":{\"@id\":\"https:\\\/\\\/www.upjs.sk\\\/pravnicka-fakulta\\\/publikacie-zborniky-zverejnenia\\\/publikacie-zborniky-zverejnenia-2021\\\/#breadcrumb\"},\"inLanguage\":\"sk-SK\",\"potentialAction\":[{\"@type\":\"ReadAction\",\"target\":[\"https:\\\/\\\/www.upjs.sk\\\/pravnicka-fakulta\\\/publikacie-zborniky-zverejnenia\\\/publikacie-zborniky-zverejnenia-2021\\\/\"]}]},{\"@type\":\"BreadcrumbList\",\"@id\":\"https:\\\/\\\/www.upjs.sk\\\/pravnicka-fakulta\\\/publikacie-zborniky-zverejnenia\\\/publikacie-zborniky-zverejnenia-2021\\\/#breadcrumb\",\"itemListElement\":[{\"@type\":\"ListItem\",\"position\":1,\"name\":\"Home\",\"item\":\"https:\\\/\\\/www.upjs.sk\\\/pravnicka-fakulta\\\/\"},{\"@type\":\"ListItem\",\"position\":2,\"name\":\"Publik\u00e1cie, zborn\u00edky a zverejnenia\",\"item\":\"https:\\\/\\\/www.upjs.sk\\\/pravnicka-fakulta\\\/publikacie-zborniky-zverejnenia\\\/\"},{\"@type\":\"ListItem\",\"position\":3,\"name\":\"Publik\u00e1cie, zborn\u00edky a zverejnenia 2021\"}]},{\"@type\":\"WebSite\",\"@id\":\"https:\\\/\\\/www.upjs.sk\\\/pravnicka-fakulta\\\/#website\",\"url\":\"https:\\\/\\\/www.upjs.sk\\\/pravnicka-fakulta\\\/\",\"name\":\"Pr\u00e1vnick\u00e1 fakulta | UPJ\u0160\",\"description\":\"\",\"publisher\":{\"@id\":\"https:\\\/\\\/www.upjs.sk\\\/pravnicka-fakulta\\\/#organization\"},\"potentialAction\":[{\"@type\":\"SearchAction\",\"target\":{\"@type\":\"EntryPoint\",\"urlTemplate\":\"https:\\\/\\\/www.upjs.sk\\\/pravnicka-fakulta\\\/?s={search_term_string}\"},\"query-input\":{\"@type\":\"PropertyValueSpecification\",\"valueRequired\":true,\"valueName\":\"search_term_string\"}}],\"inLanguage\":\"sk-SK\"},{\"@type\":\"Organization\",\"@id\":\"https:\\\/\\\/www.upjs.sk\\\/pravnicka-fakulta\\\/#organization\",\"name\":\"Pr\u00e1vnick\u00e1 fakulta | UPJ\u0160\",\"url\":\"https:\\\/\\\/www.upjs.sk\\\/pravnicka-fakulta\\\/\",\"logo\":{\"@type\":\"ImageObject\",\"inLanguage\":\"sk-SK\",\"@id\":\"https:\\\/\\\/www.upjs.sk\\\/pravnicka-fakulta\\\/#\\\/schema\\\/logo\\\/image\\\/\",\"url\":\"https:\\\/\\\/www.upjs.sk\\\/app\\\/uploads\\\/sites\\\/11\\\/2022\\\/09\\\/logo-pravnicka-fakulta.png\",\"contentUrl\":\"https:\\\/\\\/www.upjs.sk\\\/app\\\/uploads\\\/sites\\\/11\\\/2022\\\/09\\\/logo-pravnicka-fakulta.png\",\"width\":415,\"height\":87,\"caption\":\"Pr\u00e1vnick\u00e1 fakulta | UPJ\u0160\"},\"image\":{\"@id\":\"https:\\\/\\\/www.upjs.sk\\\/pravnicka-fakulta\\\/#\\\/schema\\\/logo\\\/image\\\/\"}}]}<\/script>\n<!-- \/ Yoast SEO plugin. -->","yoast_head_json":{"title":"Publik\u00e1cie, zborn\u00edky a zverejnenia 2021 - Pr\u00e1vnick\u00e1 fakulta | UPJ\u0160","robots":{"index":"index","follow":"follow","max-snippet":"max-snippet:-1","max-image-preview":"max-image-preview:large","max-video-preview":"max-video-preview:-1"},"canonical":"https:\/\/www.upjs.sk\/pravnicka-fakulta\/publikacie-zborniky-zverejnenia\/publikacie-zborniky-zverejnenia-2021\/","og_locale":"sk_SK","og_type":"article","og_title":"Publik\u00e1cie, zborn\u00edky a zverejnenia 2021 - Pr\u00e1vnick\u00e1 fakulta | UPJ\u0160","og_description":"\u017du\u013eov\u00e1, J. &#8211; Min\u010di\u010dov\u00e1, M. &#8211; Dolob\u00e1\u010d, M. (eds.):\u00a0Zdravie pri pr\u00e1ci v spektre te\u00f3rie a praxe\u00a0\/UNIBOOK\/ Min\u010di\u010dov\u00e1, M. &#8211; Dolob\u00e1\u010d, M. &#8211; \u017du\u013eov\u00e1, J. (eds.):\u00a0Zamestnanec v digit\u00e1lnom prostred\u00ed\u00a0\/UNIBOOK\/","og_url":"https:\/\/www.upjs.sk\/pravnicka-fakulta\/publikacie-zborniky-zverejnenia\/publikacie-zborniky-zverejnenia-2021\/","og_site_name":"Pr\u00e1vnick\u00e1 fakulta | UPJ\u0160","article_modified_time":"2022-10-24T16:55:05+00:00","twitter_card":"summary_large_image","schema":{"@context":"https:\/\/schema.org","@graph":[{"@type":"WebPage","@id":"https:\/\/www.upjs.sk\/pravnicka-fakulta\/publikacie-zborniky-zverejnenia\/publikacie-zborniky-zverejnenia-2021\/","url":"https:\/\/www.upjs.sk\/pravnicka-fakulta\/publikacie-zborniky-zverejnenia\/publikacie-zborniky-zverejnenia-2021\/","name":"Publik\u00e1cie, zborn\u00edky a zverejnenia 2021 - Pr\u00e1vnick\u00e1 fakulta | UPJ\u0160","isPartOf":{"@id":"https:\/\/www.upjs.sk\/pravnicka-fakulta\/#website"},"datePublished":"2022-03-31T07:49:36+00:00","dateModified":"2022-10-24T16:55:05+00:00","breadcrumb":{"@id":"https:\/\/www.upjs.sk\/pravnicka-fakulta\/publikacie-zborniky-zverejnenia\/publikacie-zborniky-zverejnenia-2021\/#breadcrumb"},"inLanguage":"sk-SK","potentialAction":[{"@type":"ReadAction","target":["https:\/\/www.upjs.sk\/pravnicka-fakulta\/publikacie-zborniky-zverejnenia\/publikacie-zborniky-zverejnenia-2021\/"]}]},{"@type":"BreadcrumbList","@id":"https:\/\/www.upjs.sk\/pravnicka-fakulta\/publikacie-zborniky-zverejnenia\/publikacie-zborniky-zverejnenia-2021\/#breadcrumb","itemListElement":[{"@type":"ListItem","position":1,"name":"Home","item":"https:\/\/www.upjs.sk\/pravnicka-fakulta\/"},{"@type":"ListItem","position":2,"name":"Publik\u00e1cie, zborn\u00edky a zverejnenia","item":"https:\/\/www.upjs.sk\/pravnicka-fakulta\/publikacie-zborniky-zverejnenia\/"},{"@type":"ListItem","position":3,"name":"Publik\u00e1cie, zborn\u00edky a zverejnenia 2021"}]},{"@type":"WebSite","@id":"https:\/\/www.upjs.sk\/pravnicka-fakulta\/#website","url":"https:\/\/www.upjs.sk\/pravnicka-fakulta\/","name":"Pr\u00e1vnick\u00e1 fakulta | UPJ\u0160","description":"","publisher":{"@id":"https:\/\/www.upjs.sk\/pravnicka-fakulta\/#organization"},"potentialAction":[{"@type":"SearchAction","target":{"@type":"EntryPoint","urlTemplate":"https:\/\/www.upjs.sk\/pravnicka-fakulta\/?s={search_term_string}"},"query-input":{"@type":"PropertyValueSpecification","valueRequired":true,"valueName":"search_term_string"}}],"inLanguage":"sk-SK"},{"@type":"Organization","@id":"https:\/\/www.upjs.sk\/pravnicka-fakulta\/#organization","name":"Pr\u00e1vnick\u00e1 fakulta | UPJ\u0160","url":"https:\/\/www.upjs.sk\/pravnicka-fakulta\/","logo":{"@type":"ImageObject","inLanguage":"sk-SK","@id":"https:\/\/www.upjs.sk\/pravnicka-fakulta\/#\/schema\/logo\/image\/","url":"https:\/\/www.upjs.sk\/app\/uploads\/sites\/11\/2022\/09\/logo-pravnicka-fakulta.png","contentUrl":"https:\/\/www.upjs.sk\/app\/uploads\/sites\/11\/2022\/09\/logo-pravnicka-fakulta.png","width":415,"height":87,"caption":"Pr\u00e1vnick\u00e1 fakulta | UPJ\u0160"},"image":{"@id":"https:\/\/www.upjs.sk\/pravnicka-fakulta\/#\/schema\/logo\/image\/"}}]}},"_links":{"self":[{"href":"https:\/\/www.upjs.sk\/pravnicka-fakulta\/wp-json\/wp\/v2\/pages\/13909","targetHints":{"allow":["GET"]}}],"collection":[{"href":"https:\/\/www.upjs.sk\/pravnicka-fakulta\/wp-json\/wp\/v2\/pages"}],"about":[{"href":"https:\/\/www.upjs.sk\/pravnicka-fakulta\/wp-json\/wp\/v2\/types\/page"}],"author":[{"embeddable":true,"href":"https:\/\/www.upjs.sk\/pravnicka-fakulta\/wp-json\/wp\/v2\/users\/1"}],"replies":[{"embeddable":true,"href":"https:\/\/www.upjs.sk\/pravnicka-fakulta\/wp-json\/wp\/v2\/comments?post=13909"}],"version-history":[{"count":1,"href":"https:\/\/www.upjs.sk\/pravnicka-fakulta\/wp-json\/wp\/v2\/pages\/13909\/revisions"}],"predecessor-version":[{"id":19541,"href":"https:\/\/www.upjs.sk\/pravnicka-fakulta\/wp-json\/wp\/v2\/pages\/13909\/revisions\/19541"}],"up":[{"embeddable":true,"href":"https:\/\/www.upjs.sk\/pravnicka-fakulta\/wp-json\/wp\/v2\/pages\/13153"}],"wp:attachment":[{"href":"https:\/\/www.upjs.sk\/pravnicka-fakulta\/wp-json\/wp\/v2\/media?parent=13909"}],"wp:term":[{"taxonomy":"category","embeddable":true,"href":"https:\/\/www.upjs.sk\/pravnicka-fakulta\/wp-json\/wp\/v2\/categories?post=13909"},{"taxonomy":"post_tag","embeddable":true,"href":"https:\/\/www.upjs.sk\/pravnicka-fakulta\/wp-json\/wp\/v2\/tags?post=13909"}],"curies":[{"name":"wp","href":"https:\/\/api.w.org\/{rel}","templated":true}]}}