{"version":"1.0","provider_name":"Pr\u00edrodovedeck\u00e1 fakulta | UPJ\u0160","provider_url":"https:\/\/www.upjs.sk\/prirodovedecka-fakulta\/en\/","title":"Informally with Vice-Rector - Pr\u00edrodovedeck\u00e1 fakulta | UPJ\u0160","type":"rich","width":600,"height":338,"html":"<blockquote class=\"wp-embedded-content\" data-secret=\"3oebqoxK1h\"><a href=\"https:\/\/www.upjs.sk\/prirodovedecka-fakulta\/en\/events\/neformalne-s-prorektorkou\/\">Informally with Vice-Rector<\/a><\/blockquote><iframe sandbox=\"allow-scripts\" security=\"restricted\" src=\"https:\/\/www.upjs.sk\/prirodovedecka-fakulta\/en\/events\/neformalne-s-prorektorkou\/embed\/#?secret=3oebqoxK1h\" width=\"600\" height=\"338\" title=\"&#8220;Informally with Vice-Rector&#8221; &#8212; Pr\u00edrodovedeck\u00e1 fakulta | UPJ\u0160\" data-secret=\"3oebqoxK1h\" frameborder=\"0\" marginwidth=\"0\" marginheight=\"0\" scrolling=\"no\" class=\"wp-embedded-content\"><\/iframe><script>\n\/*! This file is auto-generated *\/\n!function(d,l){\"use strict\";l.querySelector&&d.addEventListener&&\"undefined\"!=typeof URL&&(d.wp=d.wp||{},d.wp.receiveEmbedMessage||(d.wp.receiveEmbedMessage=function(e){var t=e.data;if((t||t.secret||t.message||t.value)&&!\/[^a-zA-Z0-9]\/.test(t.secret)){for(var s,r,n,a=l.querySelectorAll('iframe[data-secret=\"'+t.secret+'\"]'),o=l.querySelectorAll('blockquote[data-secret=\"'+t.secret+'\"]'),c=new RegExp(\"^https?:$\",\"i\"),i=0;i<o.length;i++)o[i].style.display=\"none\";for(i=0;i<a.length;i++)s=a[i],e.source===s.contentWindow&&(s.removeAttribute(\"style\"),\"height\"===t.message?(1e3<(r=parseInt(t.value,10))?r=1e3:~~r<200&&(r=200),s.height=r):\"link\"===t.message&&(r=new URL(s.getAttribute(\"src\")),n=new URL(t.value),c.test(n.protocol))&&n.host===r.host&&l.activeElement===s&&(d.top.location.href=t.value))}},d.addEventListener(\"message\",d.wp.receiveEmbedMessage,!1),l.addEventListener(\"DOMContentLoaded\",function(){for(var e,t,s=l.querySelectorAll(\"iframe.wp-embedded-content\"),r=0;r<s.length;r++)(t=(e=s[r]).getAttribute(\"data-secret\"))||(t=Math.random().toString(36).substring(2,12),e.src+=\"#?secret=\"+t,e.setAttribute(\"data-secret\",t)),e.contentWindow.postMessage({message:\"ready\",secret:t},\"*\")},!1)))}(window,document);\n\/\/# sourceURL=https:\/\/www.upjs.sk\/prirodovedecka-fakulta\/wp-includes\/js\/wp-embed.min.js\n<\/script>\n","thumbnail_url":"https:\/\/www.upjs.sk\/app\/uploads\/sites\/10\/2024\/12\/NsP_1200x1200_ENG.jpg","thumbnail_width":1200,"thumbnail_height":1201,"description":"Take advantage of the last opportunity this semester to meet informally with Provost Elbert, who will be available for consultation on education-related matters. Students and faculty are welcome to attend if they wish to address ways to improve the educational process, policies, or student life, or to address any issue within education."}

Prírodovedecká fakulta | UPJŠ

Informally with Vice-Rector - Prírodovedecká fakulta | UPJŠ

<blockquote class="wp-embedded-content" data-secret="3oebqoxK1h"><a href="https://www.upjs.sk/prirodovedecka-fakulta/en/events/neformalne-s-prorektorkou/">Informally with Vice-Rector</a></blockquote><iframe sandbox="allow-scripts" security="restricted" src="https://www.upjs.sk/prirodovedecka-fakulta/en/events/neformalne-s-prorektorkou/embed/#?secret=3oebqoxK1h" width="600" height="338" title="&#8220;Informally with Vice-Rector&#8221; &#8212; Prírodovedecká fakulta | UPJŠ" data-secret="3oebqoxK1h" frameborder="0" marginwidth="0" marginheight="0" scrolling="no" class="wp-embedded-content"></iframe><script>
/*! This file is auto-generated */
!function(d,l){"use strict";l.querySelector&&d.addEventListener&&"undefined"!=typeof URL&&(d.wp=d.wp||{},d.wp.receiveEmbedMessage||(d.wp.receiveEmbedMessage=function(e){var t=e.data;if((t||t.secret||t.message||t.value)&&!/[^a-zA-Z0-9]/.test(t.secret)){for(var s,r,n,a=l.querySelectorAll('iframe[data-secret="'+t.secret+'"]'),o=l.querySelectorAll('blockquote[data-secret="'+t.secret+'"]'),c=new RegExp("^https?:$","i"),i=0;i<o.length;i++)o[i].style.display="none";for(i=0;i<a.length;i++)s=a[i],e.source===s.contentWindow&&(s.removeAttribute("style"),"height"===t.message?(1e3<(r=parseInt(t.value,10))?r=1e3:~~r<200&&(r=200),s.height=r):"link"===t.message&&(r=new URL(s.getAttribute("src")),n=new URL(t.value),c.test(n.protocol))&&n.host===r.host&&l.activeElement===s&&(d.top.location.href=t.value))}},d.addEventListener("message",d.wp.receiveEmbedMessage,!1),l.addEventListener("DOMContentLoaded",function(){for(var e,t,s=l.querySelectorAll("iframe.wp-embedded-content"),r=0;r<s.length;r++)(t=(e=s[r]).getAttribute("data-secret"))||(t=Math.random().toString(36).substring(2,12),e.src+="#?secret="+t,e.setAttribute("data-secret",t)),e.contentWindow.postMessage({message:"ready",secret:t},"*")},!1)))}(window,document);
//# sourceURL=https://www.upjs.sk/prirodovedecka-fakulta/wp-includes/js/wp-embed.min.js
</script>
