{"id":13573,"date":"2017-02-22T15:22:30","date_gmt":"2017-02-22T15:22:30","guid":{"rendered":"https:\/\/www.upjs.sk\/prirodovedecka-fakulta\/root\/verejnost-a-media\/fakulta-v-mediach\/tlacove-spravy\/"},"modified":"2022-11-13T21:48:11","modified_gmt":"2022-11-13T20:48:11","slug":"tlacove-spravy","status":"publish","type":"page","link":"https:\/\/www.upjs.sk\/prirodovedecka-fakulta\/nezobrazene\/verejnost-a-media\/fakulta-v-mediach\/tlacove-spravy\/","title":{"rendered":"Tla\u010dov\u00e9 spr\u00e1vy"},"content":{"rendered":"<h4>2017<\/h4>\n<table border=\"0\" cellpadding=\"1\" cellspacing=\"1\" style=\"width:100%\">\n<tbody>\n<tr>\n<td style=\"width: 15%; vertical-align: top;\">16. 02. 2017<\/td>\n<td><a href=\"\/public\/media\/14566\/TS16022017_Priebeh_prac_expedicia_ostrov_Jamesa_Rossa.pdf\" target=\"_blank\" rel=\"noopener\">Priebeh pr\u00e1c pri plnen\u00ed vedeck\u00e9ho programu exped\u00edcie na ostrove Jamesa Rossa<\/a><\/td>\n<\/tr>\n<tr>\n<td style=\"width: 15%; vertical-align: top;\">30. 12. 2017<\/td>\n<td><a href=\"\/public\/media\/14566\/Tlacovespravy201720170130TSArgentinskapolarnastanicaMarambioprilet.pdf\" target=\"_blank\" rel=\"noopener\">Argent\u00ednska pol\u00e1rna Marambio a pr\u00edlet na \u010desk\u00fa pol\u00e1rnu stanicu J. G. Menedela<\/a><\/td>\n<\/tr>\n<tr>\n<td style=\"width: 15%; vertical-align: top;\">10. 01. 2017<\/td>\n<td><a href=\"\/public\/media\/14566\/Tlacovespravy201720170110TSPripravynaodletdoAntarktidy.pdf\" target=\"_blank\" rel=\"noopener\">Pr\u00edpravy na odlet do Antarkd\u00eddy<\/a><\/td>\n<\/tr>\n<tr>\n<td style=\"width: 15%; vertical-align: top;\">10. 01. 2017<\/td>\n<td><a href=\"\/public\/media\/14566\/Tlacovespravy201720170110TSFIRSTLEGOLeaguenaSlovenskuKosice.pdf\" target=\"_blank\" rel=\"noopener\">FIRST LEGO League na Slovensku &#8211; Ko\u0161ice<\/a><\/td>\n<\/tr>\n<\/tbody>\n<\/table>\n<h4>2016<\/h4>\n<table border=\"0\" cellpadding=\"1\" cellspacing=\"1\" style=\"width:100%\">\n<tbody>\n<tr>\n<td style=\"width: 15%; vertical-align: top;\">21. 12. 2016<\/td>\n<td><a href=\"\/public\/media\/14566\/Tlacovespravy201620161221TSaktualnasituacianaUPJSpopoziari.pdf\" target=\"_blank\" rel=\"noopener\">Aktu\u00e1lna situ\u00e1cia na UPJ\u0160 v Ko\u0161iciach po po\u017eiari budovy, v ktorej s\u00eddlil \u00dastav chemick\u00fdch vied\u00a0 Pr\u00edrodovedeckej fakulty<\/a><a href=\"\/public\/media\/11704\/TS_22032016.pdf\" target=\"_blank\" rel=\"noopener\"> <\/a><\/td>\n<\/tr>\n<tr>\n<td style=\"width: 15%; vertical-align: top;\">10. 12. 2016<\/td>\n<td><a href=\"\/public\/media\/14566\/Tlacovespravy201620161210TSVyhlasenievedeniaUPJSavedeniaPFUPJS1.pdf\" target=\"_blank\" rel=\"noopener\">Vyhl\u00e1senie vedenia Univerzity P. J. \u0160af\u00e1rika v Ko\u0161iciach a vedenia Pr\u00edrodovedeckej fakulty<\/a><\/td>\n<\/tr>\n<tr>\n<td style=\"width: 15%; vertical-align: top;\">08. 09. 2016<\/td>\n<td><a href=\"\/public\/media\/14566\/Tlacovespravy201620160908TSLetnaskolakyberkriminality.pdf\" target=\"_blank\" rel=\"noopener\">Letn\u00e1 \u0161koly kyberkriminality<\/a><\/td>\n<\/tr>\n<tr>\n<td style=\"width: 15%; vertical-align: top;\">25. 07. 2016<\/td>\n<td><a href=\"\/public\/media\/14566\/Tlacovespravy201620160725dennyletnyittaborpf.pdf\" target=\"_blank\" rel=\"noopener\">Pr\u00edrodovedeck\u00e1 fakulta UPJ\u0160 v Ko\u0161iciach zorganizovala denn\u00fd letn\u00fd IT t\u00e1bor<\/a><\/td>\n<\/tr>\n<tr>\n<td style=\"width: 15%; vertical-align: top;\">14. 06. 2016<\/td>\n<td><a href=\"\/public\/media\/14566\/Tlacovespravy201620160614TSKosiceprivitaliodbornikovzoblastimagnetizmu.pdf\" target=\"_blank\" rel=\"noopener\">Ko\u0161ice priv\u00edtali svetov\u00fa \u0161pi\u010dku odborn\u00edkov z oblasti magnetizmu<\/a><\/td>\n<\/tr>\n<tr>\n<td style=\"width: 15%; vertical-align: top;\">14. 06. 2016<\/td>\n<td><a href=\"\/public\/media\/14566\/Tlacovespravy201620160614TSGaleriaosobnostiPFUPJS.pdf\" target=\"_blank\" rel=\"noopener\">Gal\u00e9ria osobnost\u00ed Pr\u00edrodovedecke fakulty UPJ\u0160 sa rozr\u00e1stla o nov\u00e9 men\u00e1<\/a><\/td>\n<\/tr>\n<tr>\n<td style=\"width: 15%; vertical-align: top;\">20. 05. 2016<\/td>\n<td><a href=\"\/public\/media\/14566\/Tlacovespravy201620160520TSVyskusajsijedendenvysokoskolaka.pdf\" target=\"_blank\" rel=\"noopener\">Vysk\u00fa\u0161aj si jeden de\u0148 vysoko\u0161kol\u00e1ka<\/a><\/td>\n<\/tr>\n<tr>\n<td style=\"width: 15%; vertical-align: top;\">28. 04. 2016<\/td>\n<td><a href=\"\/public\/media\/14566\/Tlacovespravy201620160428TSKosiceITValleyZENYVIT.pdf\" target=\"_blank\" rel=\"noopener\">IT svetom h\u00fdbu \u017eeny a neboja sa hovori\u0165 o tom nahlas!<\/a><\/td>\n<\/tr>\n<tr>\n<td style=\"width: 15%; vertical-align: top;\">26. 04. 2016<\/td>\n<td><a href=\"\/public\/media\/14566\/Tlacovespravy201620160426TSIHRA2016.pdf\" target=\"_blank\" rel=\"noopener\">Hlavn\u00e9 ceny v s\u00fa\u0165a\u017ei IHRA na UPJ\u0160 si odniesli s\u00fa\u0165a\u017eiaci z Nov\u00fdch Z\u00e1mkov a Ko\u0161\u00edc<\/a><\/td>\n<\/tr>\n<tr>\n<td style=\"width: 15%; vertical-align: top;\">22. 03. 2016<\/td>\n<td><a href=\"\/public\/media\/11704\/TS_22032016.pdf\" target=\"_blank\" rel=\"noopener\">Pr\u00edrodovedeck\u00e1 fakulta UPJ\u0160 v Ko\u0161iciach ocenila v\u00ed\u0165azov predmetov\u00fdch olympi\u00e1d kateg\u00f3rie A<\/a><\/td>\n<\/tr>\n<tr>\n<td style=\"width: 15%; vertical-align: top;\">08. 03. 2016<\/td>\n<td><a href=\"\/public\/media\/14566\/Tlacovespravy201620160308TSOtvorenieBadatelskehoLaboratoriaPF.pdf\" target=\"_blank\" rel=\"noopener\">\u00dastav fyzik\u00e1lnych vied Pr\u00edrodovedeckej fakulty UPJ\u0160 v Ko\u0161iciach otvoril nov\u00e9 B\u00e1data\u013esk\u00e9 laborat\u00f3rium<\/a><\/td>\n<\/tr>\n<tr>\n<td style=\"width: 15%; vertical-align: top;\">01. 02. 2016<\/td>\n<td><a href=\"\/public\/media\/14566\/Tlacovespravy201620160201TSdodpf.pdf\" target=\"_blank\" rel=\"noopener\">Pr\u00edrodovedeck\u00e1 fakulta UPJ\u0160 v Ko\u0161iciach otv\u00e1ra svoje dvere bud\u00facim z\u00e1ujemcom o \u0161t\u00fadium<\/a><\/td>\n<\/tr>\n<\/tbody>\n<\/table>\n<h4>2015<\/h4>\n<table border=\"0\" cellpadding=\"1\" cellspacing=\"1\" style=\"width:100%\">\n<tbody>\n<tr>\n<td style=\"width: 15%; vertical-align: top;\">01. 06. 2015<\/td>\n<td><a href=\"http:\/\/www.upjs.sk\/public\/media\/11262\/2015-06-01-TS-UPJS-PF-prepojenie%20AiS-eGoverment.pdf\" target=\"_blank\" rel=\"noopener\">Univerzita Pavla Jozefa \u0160af\u00e1rika vyd\u00e1va na www.slovensko.sk \u0161tudentom rozhodnutia z prij\u00edmac\u00edch sk\u00fa\u0161ok elektronicky<\/a><\/td>\n<\/tr>\n<tr>\n<td style=\"border-top-color: ; width: 80px; vertical-align: top; border-left-color: ; border-bottom-color: ; border-right-color: \">26. 05. 2015<\/td>\n<td>\n<p><a href=\"http:\/\/www.upjs.sk\/public\/media\/11674\/2015-05-26-TS-UPJS-PF-okna-CERNu-dokoran.pdf\" target=\"_blank\" rel=\"noopener\">Pr\u00edrodovedci z\u00a0UPJ\u0160 otvoria stredo\u0161kol\u00e1kom okn\u00e1 CERN-u dokor\u00e1n<\/a><\/p>\n<p><a href=\"http:\/\/www.upjs.sk\/public\/media\/11705\/2015-05-26-TS-UPJS-PF-tabletova-ucebna.pdf\" target=\"_blank\" rel=\"noopener\">Bud\u00faci u\u010ditelia pr\u00edrodovedn\u00fdch predmetov sa pripravuj\u00fa na v\u00fdu\u010dbu s dotykov\u00fdmi technol\u00f3giami<\/a><\/p>\n<\/td>\n<\/tr>\n<tr>\n<td style=\"border-top-color: ; width: 80px; vertical-align: top; border-left-color: ; border-bottom-color: ; border-right-color: \">18. 05. 2015<\/td>\n<td><a href=\"http:\/\/www.upjs.sk\/public\/media\/11262\/2015-05-18-TS-UPJS-Vedec-roka-2014.pdf\" target=\"_blank\" rel=\"noopener\">Osobnos\u0165ou roka v programoch E\u00da sa v r\u00e1mci s\u00fa\u0165a\u017ee Vedec roka SR 2014 stal prof. RNDr. Pavol Mi\u0161kovsk\u00fd, DrSc.\u00a0<\/a><\/td>\n<\/tr>\n<tr>\n<td style=\"border-top-color: ; vertical-align: top; border-left-color: ; border-bottom-color: ; border-right-color: \">17. 03.2015<\/td>\n<td><a href=\"http:\/\/www.upjs.sk\/public\/media\/11262\/2015-03-17-TS-UPJS-PF-naboj.pdf\" target=\"_blank\" rel=\"noopener\">PF UPJ\u0160 v Ko\u0161iciach spoluorganizovala medzin\u00e1rodn\u00fa matematick\u00fa s\u00fa\u0165a\u017e pre \u017eiakov stredn\u00fdch \u0161k\u00f4l \u201eN\u00e1boj\u201c\u00a0<\/a><\/td>\n<\/tr>\n<tr>\n<td style=\"border-top-color: ; vertical-align: top; border-left-color: ; border-bottom-color: ; border-right-color: \">\n<p>25. 02. 2015<\/p>\n<\/td>\n<td><a href=\"http:\/\/www.upjs.sk\/public\/media\/11262\/2015-02-25-TS-UPJS-doctor-honoris-causa-nemecko-prof-harant.pdf\" target=\"_blank\" rel=\"noopener\">Rektor UPJ\u0160\u00a0 MUDr. Ladislav Mirossay, DrSc. udelil \u010destn\u00fd titul \u201edoctor honoris causa\u201c prof. Jochenovi HARANTOVI z Technickej univerzity Ilmenau v Nemecku<\/a><\/td>\n<\/tr>\n<tr>\n<td style=\"border-top-color: ; vertical-align: top; border-left-color: ; border-bottom-color: ; border-right-color: \">17. 02. 2015<\/td>\n<td><a href=\"http:\/\/www.upjs.sk\/public\/media\/11262\/2015-02-18-TS-PF-UPJS-rumenica-turnianska.pdf\" target=\"_blank\" rel=\"noopener\">Botanici z PF UPJ\u0160 v Ko\u0161iciach svoj\u00edm objavom zverejnen\u00fdm v prest\u00ed\u017enom \u010dasopise Plant Systematics and Evolution ukon\u010dili pr\u00edbeh jedn\u00e9ho endemitu.<\/a><\/td>\n<\/tr>\n<tr>\n<td style=\"border-top-color: ; vertical-align: top; border-left-color: ; border-bottom-color: ; border-right-color: \">05. 02. 2015<\/td>\n<td><a href=\"http:\/\/www.upjs.sk\/public\/media\/11262\/2015-02-05-TS-PF-UPJS-den-otvorenych-dveri-2015%20(1).pdf\" target=\"_blank\" rel=\"noopener\">PF UPJ\u0160 v Ko\u0161iciach organizuje pre z\u00e1ujemcov o \u0161t\u00fadium De\u0148 otvoren\u00fdch dver\u00ed.<\/a><\/td>\n<\/tr>\n<tr>\n<td>30. 01. 2015<\/td>\n<td><a href=\"http:\/\/http:\/\/www.upjs.sk\/public\/media\/11262\/2015-01-30-TS-UPJS-studentska-osobnost-Slovenska-2013-2014.pdf\" target=\"_blank\" rel=\"noopener\">Traja v\u00ed\u0165azi s\u00fa\u0165a\u017ee \u0160tudentsk\u00e1 osobnos\u0165 Slovenska 2013\/2014 s\u00fa z UPJ\u0160<\/a><\/td>\n<\/tr>\n<\/tbody>\n<\/table>\n<p>\u00a0\u00a0\u00a0\u00a0\u00a0<\/p>\n<p>\u00a0\u00a0\u00a0\u00a0\u00a0\u00a0<\/p>\n","protected":false},"excerpt":{"rendered":"<p>2017 16. 02. 2017 Priebeh pr\u00e1c pri plnen\u00ed vedeck\u00e9ho programu exped\u00edcie na ostrove Jamesa Rossa 30. 12. 2017 Argent\u00ednska pol\u00e1rna Marambio a pr\u00edlet na \u010desk\u00fa pol\u00e1rnu stanicu J. G. Menedela 10. 01. 2017 Pr\u00edpravy na odlet do Antarkd\u00eddy 10. 01. 2017 FIRST LEGO League na Slovensku &#8211; Ko\u0161ice 2016 21. 12. 2016 Aktu\u00e1lna situ\u00e1cia na &hellip; <a href=\"https:\/\/www.upjs.sk\/prirodovedecka-fakulta\/nezobrazene\/verejnost-a-media\/fakulta-v-mediach\/tlacove-spravy\/\">\u010c\u00edta\u0165 \u010falej<\/a><\/p>\n","protected":false},"author":1,"featured_media":0,"parent":13565,"menu_order":0,"comment_status":"closed","ping_status":"closed","template":"","meta":{"_acf_changed":false,"_editorskit_title_hidden":false,"_editorskit_reading_time":0,"_editorskit_is_block_options_detached":false,"_editorskit_block_options_position":"{}","footnotes":""},"categories":[],"tags":[],"class_list":["post-13573","page","type-page","status-publish","hentry"],"acf":{"acf_link_na_externy_obsah":""},"yoast_head":"<!-- This site is optimized with the Yoast SEO plugin v27.2 - https:\/\/yoast.com\/product\/yoast-seo-wordpress\/ -->\n<title>Tla\u010dov\u00e9 spr\u00e1vy - Pr\u00edrodovedeck\u00e1 fakulta | UPJ\u0160<\/title>\n<meta name=\"robots\" content=\"index, follow, max-snippet:-1, max-image-preview:large, max-video-preview:-1\" \/>\n<link rel=\"canonical\" href=\"https:\/\/www.upjs.sk\/prirodovedecka-fakulta\/nezobrazene\/verejnost-a-media\/fakulta-v-mediach\/tlacove-spravy\/\" \/>\n<meta property=\"og:locale\" content=\"sk_SK\" \/>\n<meta property=\"og:type\" content=\"article\" \/>\n<meta property=\"og:title\" content=\"Tla\u010dov\u00e9 spr\u00e1vy - Pr\u00edrodovedeck\u00e1 fakulta | UPJ\u0160\" \/>\n<meta property=\"og:description\" content=\"2017 16. 02. 2017 Priebeh pr\u00e1c pri plnen\u00ed vedeck\u00e9ho programu exped\u00edcie na ostrove Jamesa Rossa 30. 12. 2017 Argent\u00ednska pol\u00e1rna Marambio a pr\u00edlet na \u010desk\u00fa pol\u00e1rnu stanicu J. G. Menedela 10. 01. 2017 Pr\u00edpravy na odlet do Antarkd\u00eddy 10. 01. 2017 FIRST LEGO League na Slovensku &#8211; Ko\u0161ice 2016 21. 12. 2016 Aktu\u00e1lna situ\u00e1cia na &hellip; \u010c\u00edta\u0165 \u010falej\" \/>\n<meta property=\"og:url\" content=\"https:\/\/www.upjs.sk\/prirodovedecka-fakulta\/nezobrazene\/verejnost-a-media\/fakulta-v-mediach\/tlacove-spravy\/\" \/>\n<meta property=\"og:site_name\" content=\"Pr\u00edrodovedeck\u00e1 fakulta | UPJ\u0160\" \/>\n<meta property=\"article:modified_time\" content=\"2022-11-13T20:48:11+00:00\" \/>\n<meta name=\"twitter:card\" content=\"summary_large_image\" \/>\n<meta name=\"twitter:label1\" content=\"Predpokladan\u00fd \u010das \u010d\u00edtania\" \/>\n\t<meta name=\"twitter:data1\" content=\"2 min\u00faty\" \/>\n<script type=\"application\/ld+json\" class=\"yoast-schema-graph\">{\"@context\":\"https:\/\/schema.org\",\"@graph\":[{\"@type\":\"WebPage\",\"@id\":\"https:\/\/www.upjs.sk\/prirodovedecka-fakulta\/nezobrazene\/verejnost-a-media\/fakulta-v-mediach\/tlacove-spravy\/\",\"url\":\"https:\/\/www.upjs.sk\/prirodovedecka-fakulta\/nezobrazene\/verejnost-a-media\/fakulta-v-mediach\/tlacove-spravy\/\",\"name\":\"Tla\u010dov\u00e9 spr\u00e1vy - Pr\u00edrodovedeck\u00e1 fakulta | UPJ\u0160\",\"isPartOf\":{\"@id\":\"https:\/\/www.upjs.sk\/prirodovedecka-fakulta\/#website\"},\"datePublished\":\"2017-02-22T15:22:30+00:00\",\"dateModified\":\"2022-11-13T20:48:11+00:00\",\"breadcrumb\":{\"@id\":\"https:\/\/www.upjs.sk\/prirodovedecka-fakulta\/nezobrazene\/verejnost-a-media\/fakulta-v-mediach\/tlacove-spravy\/#breadcrumb\"},\"inLanguage\":\"sk-SK\",\"potentialAction\":[{\"@type\":\"ReadAction\",\"target\":[\"https:\/\/www.upjs.sk\/prirodovedecka-fakulta\/nezobrazene\/verejnost-a-media\/fakulta-v-mediach\/tlacove-spravy\/\"]}]},{\"@type\":\"BreadcrumbList\",\"@id\":\"https:\/\/www.upjs.sk\/prirodovedecka-fakulta\/nezobrazene\/verejnost-a-media\/fakulta-v-mediach\/tlacove-spravy\/#breadcrumb\",\"itemListElement\":[{\"@type\":\"ListItem\",\"position\":1,\"name\":\"Home\",\"item\":\"https:\/\/www.upjs.sk\/prirodovedecka-fakulta\/\"},{\"@type\":\"ListItem\",\"position\":2,\"name\":\"Verejnos\u0165 a m\u00e9di\u00e1\",\"item\":\"https:\/\/www.upjs.sk\/prirodovedecka-fakulta\/?page_id=13559\"},{\"@type\":\"ListItem\",\"position\":3,\"name\":\"Fakulta v m\u00e9diach\",\"item\":\"https:\/\/www.upjs.sk\/prirodovedecka-fakulta\/verejnost-a-media\/fakulta-v-mediach\/\"},{\"@type\":\"ListItem\",\"position\":4,\"name\":\"Tla\u010dov\u00e9 spr\u00e1vy\"}]},{\"@type\":\"WebSite\",\"@id\":\"https:\/\/www.upjs.sk\/prirodovedecka-fakulta\/#website\",\"url\":\"https:\/\/www.upjs.sk\/prirodovedecka-fakulta\/\",\"name\":\"Pr\u00edrodovedeck\u00e1 fakulta | UPJ\u0160\",\"description\":\"\",\"publisher\":{\"@id\":\"https:\/\/www.upjs.sk\/prirodovedecka-fakulta\/#organization\"},\"potentialAction\":[{\"@type\":\"SearchAction\",\"target\":{\"@type\":\"EntryPoint\",\"urlTemplate\":\"https:\/\/www.upjs.sk\/prirodovedecka-fakulta\/?s={search_term_string}\"},\"query-input\":{\"@type\":\"PropertyValueSpecification\",\"valueRequired\":true,\"valueName\":\"search_term_string\"}}],\"inLanguage\":\"sk-SK\"},{\"@type\":\"Organization\",\"@id\":\"https:\/\/www.upjs.sk\/prirodovedecka-fakulta\/#organization\",\"name\":\"Pr\u00edrodovedeck\u00e1 fakulta | UPJ\u0160\",\"url\":\"https:\/\/www.upjs.sk\/prirodovedecka-fakulta\/\",\"logo\":{\"@type\":\"ImageObject\",\"inLanguage\":\"sk-SK\",\"@id\":\"https:\/\/www.upjs.sk\/prirodovedecka-fakulta\/#\/schema\/logo\/image\/\",\"url\":\"https:\/\/www.upjs.sk\/app\/uploads\/sites\/10\/2022\/09\/logo-prirodovedecka-fakulta.png\",\"contentUrl\":\"https:\/\/www.upjs.sk\/app\/uploads\/sites\/10\/2022\/09\/logo-prirodovedecka-fakulta.png\",\"width\":415,\"height\":87,\"caption\":\"Pr\u00edrodovedeck\u00e1 fakulta | UPJ\u0160\"},\"image\":{\"@id\":\"https:\/\/www.upjs.sk\/prirodovedecka-fakulta\/#\/schema\/logo\/image\/\"}}]}<\/script>\n<!-- \/ Yoast SEO plugin. -->","yoast_head_json":{"title":"Tla\u010dov\u00e9 spr\u00e1vy - Pr\u00edrodovedeck\u00e1 fakulta | UPJ\u0160","robots":{"index":"index","follow":"follow","max-snippet":"max-snippet:-1","max-image-preview":"max-image-preview:large","max-video-preview":"max-video-preview:-1"},"canonical":"https:\/\/www.upjs.sk\/prirodovedecka-fakulta\/nezobrazene\/verejnost-a-media\/fakulta-v-mediach\/tlacove-spravy\/","og_locale":"sk_SK","og_type":"article","og_title":"Tla\u010dov\u00e9 spr\u00e1vy - Pr\u00edrodovedeck\u00e1 fakulta | UPJ\u0160","og_description":"2017 16. 02. 2017 Priebeh pr\u00e1c pri plnen\u00ed vedeck\u00e9ho programu exped\u00edcie na ostrove Jamesa Rossa 30. 12. 2017 Argent\u00ednska pol\u00e1rna Marambio a pr\u00edlet na \u010desk\u00fa pol\u00e1rnu stanicu J. G. Menedela 10. 01. 2017 Pr\u00edpravy na odlet do Antarkd\u00eddy 10. 01. 2017 FIRST LEGO League na Slovensku &#8211; Ko\u0161ice 2016 21. 12. 2016 Aktu\u00e1lna situ\u00e1cia na &hellip; \u010c\u00edta\u0165 \u010falej","og_url":"https:\/\/www.upjs.sk\/prirodovedecka-fakulta\/nezobrazene\/verejnost-a-media\/fakulta-v-mediach\/tlacove-spravy\/","og_site_name":"Pr\u00edrodovedeck\u00e1 fakulta | UPJ\u0160","article_modified_time":"2022-11-13T20:48:11+00:00","twitter_card":"summary_large_image","twitter_misc":{"Predpokladan\u00fd \u010das \u010d\u00edtania":"2 min\u00faty"},"schema":{"@context":"https:\/\/schema.org","@graph":[{"@type":"WebPage","@id":"https:\/\/www.upjs.sk\/prirodovedecka-fakulta\/nezobrazene\/verejnost-a-media\/fakulta-v-mediach\/tlacove-spravy\/","url":"https:\/\/www.upjs.sk\/prirodovedecka-fakulta\/nezobrazene\/verejnost-a-media\/fakulta-v-mediach\/tlacove-spravy\/","name":"Tla\u010dov\u00e9 spr\u00e1vy - Pr\u00edrodovedeck\u00e1 fakulta | UPJ\u0160","isPartOf":{"@id":"https:\/\/www.upjs.sk\/prirodovedecka-fakulta\/#website"},"datePublished":"2017-02-22T15:22:30+00:00","dateModified":"2022-11-13T20:48:11+00:00","breadcrumb":{"@id":"https:\/\/www.upjs.sk\/prirodovedecka-fakulta\/nezobrazene\/verejnost-a-media\/fakulta-v-mediach\/tlacove-spravy\/#breadcrumb"},"inLanguage":"sk-SK","potentialAction":[{"@type":"ReadAction","target":["https:\/\/www.upjs.sk\/prirodovedecka-fakulta\/nezobrazene\/verejnost-a-media\/fakulta-v-mediach\/tlacove-spravy\/"]}]},{"@type":"BreadcrumbList","@id":"https:\/\/www.upjs.sk\/prirodovedecka-fakulta\/nezobrazene\/verejnost-a-media\/fakulta-v-mediach\/tlacove-spravy\/#breadcrumb","itemListElement":[{"@type":"ListItem","position":1,"name":"Home","item":"https:\/\/www.upjs.sk\/prirodovedecka-fakulta\/"},{"@type":"ListItem","position":2,"name":"Verejnos\u0165 a m\u00e9di\u00e1","item":"https:\/\/www.upjs.sk\/prirodovedecka-fakulta\/?page_id=13559"},{"@type":"ListItem","position":3,"name":"Fakulta v m\u00e9diach","item":"https:\/\/www.upjs.sk\/prirodovedecka-fakulta\/verejnost-a-media\/fakulta-v-mediach\/"},{"@type":"ListItem","position":4,"name":"Tla\u010dov\u00e9 spr\u00e1vy"}]},{"@type":"WebSite","@id":"https:\/\/www.upjs.sk\/prirodovedecka-fakulta\/#website","url":"https:\/\/www.upjs.sk\/prirodovedecka-fakulta\/","name":"Pr\u00edrodovedeck\u00e1 fakulta | UPJ\u0160","description":"","publisher":{"@id":"https:\/\/www.upjs.sk\/prirodovedecka-fakulta\/#organization"},"potentialAction":[{"@type":"SearchAction","target":{"@type":"EntryPoint","urlTemplate":"https:\/\/www.upjs.sk\/prirodovedecka-fakulta\/?s={search_term_string}"},"query-input":{"@type":"PropertyValueSpecification","valueRequired":true,"valueName":"search_term_string"}}],"inLanguage":"sk-SK"},{"@type":"Organization","@id":"https:\/\/www.upjs.sk\/prirodovedecka-fakulta\/#organization","name":"Pr\u00edrodovedeck\u00e1 fakulta | UPJ\u0160","url":"https:\/\/www.upjs.sk\/prirodovedecka-fakulta\/","logo":{"@type":"ImageObject","inLanguage":"sk-SK","@id":"https:\/\/www.upjs.sk\/prirodovedecka-fakulta\/#\/schema\/logo\/image\/","url":"https:\/\/www.upjs.sk\/app\/uploads\/sites\/10\/2022\/09\/logo-prirodovedecka-fakulta.png","contentUrl":"https:\/\/www.upjs.sk\/app\/uploads\/sites\/10\/2022\/09\/logo-prirodovedecka-fakulta.png","width":415,"height":87,"caption":"Pr\u00edrodovedeck\u00e1 fakulta | UPJ\u0160"},"image":{"@id":"https:\/\/www.upjs.sk\/prirodovedecka-fakulta\/#\/schema\/logo\/image\/"}}]}},"_links":{"self":[{"href":"https:\/\/www.upjs.sk\/prirodovedecka-fakulta\/wp-json\/wp\/v2\/pages\/13573","targetHints":{"allow":["GET"]}}],"collection":[{"href":"https:\/\/www.upjs.sk\/prirodovedecka-fakulta\/wp-json\/wp\/v2\/pages"}],"about":[{"href":"https:\/\/www.upjs.sk\/prirodovedecka-fakulta\/wp-json\/wp\/v2\/types\/page"}],"author":[{"embeddable":true,"href":"https:\/\/www.upjs.sk\/prirodovedecka-fakulta\/wp-json\/wp\/v2\/users\/1"}],"replies":[{"embeddable":true,"href":"https:\/\/www.upjs.sk\/prirodovedecka-fakulta\/wp-json\/wp\/v2\/comments?post=13573"}],"version-history":[{"count":2,"href":"https:\/\/www.upjs.sk\/prirodovedecka-fakulta\/wp-json\/wp\/v2\/pages\/13573\/revisions"}],"predecessor-version":[{"id":46367,"href":"https:\/\/www.upjs.sk\/prirodovedecka-fakulta\/wp-json\/wp\/v2\/pages\/13573\/revisions\/46367"}],"up":[{"embeddable":true,"href":"https:\/\/www.upjs.sk\/prirodovedecka-fakulta\/wp-json\/wp\/v2\/pages\/13565"}],"wp:attachment":[{"href":"https:\/\/www.upjs.sk\/prirodovedecka-fakulta\/wp-json\/wp\/v2\/media?parent=13573"}],"wp:term":[{"taxonomy":"category","embeddable":true,"href":"https:\/\/www.upjs.sk\/prirodovedecka-fakulta\/wp-json\/wp\/v2\/categories?post=13573"},{"taxonomy":"post_tag","embeddable":true,"href":"https:\/\/www.upjs.sk\/prirodovedecka-fakulta\/wp-json\/wp\/v2\/tags?post=13573"}],"curies":[{"name":"wp","href":"https:\/\/api.w.org\/{rel}","templated":true}]}}