{"id":14236,"date":"2011-05-12T08:04:05","date_gmt":"2011-05-12T08:04:05","guid":{"rendered":"https:\/\/www.upjs.sk\/prirodovedecka-fakulta\/root\/studium\/doktorandske\/sprava-o-doktorandskom-studiu-2010\/"},"modified":"2022-10-26T08:12:19","modified_gmt":"2022-10-26T08:12:19","slug":"sprava-o-doktorandskom-studiu-2010","status":"publish","type":"page","link":"https:\/\/www.upjs.sk\/prirodovedecka-fakulta\/studium\/doktorandske\/sprava-o-doktorandskom-studiu-2010\/","title":{"rendered":"Spr\u00e1va o doktorandskom \u0161t\u00fadiu na PF UPJ\u0160 v roku 2010"},"content":{"rendered":"<ul>\n<li><a target=\"_blank\" href=\"\/public\/media\/5626\/Sprava_10.doc\" rel=\"noopener\">Spr\u00e1va o doktorandskom \u0161t\u00fadiu za rok 2010 <\/a><\/li>\n<li><a target=\"_blank\" href=\"\/public\/media\/5626\/Priloha_1a.doc\" rel=\"noopener\">\u0160tudijn\u00e9 programy\u00a0a ich garanti <\/a><\/li>\n<li><a target=\"_blank\" href=\"\/public\/media\/5626\/Priloha_1b.doc\" rel=\"noopener\">\u0160tudijn\u00e9 programy v spolupr\u00e1ci s extern\u00fdmi vzdel\u00e1vac\u00edmi in\u0161tit\u00faciami a ich garanti <\/a><\/li>\n<li><a href=\"\/public\/media\/5626\/Priloha_2a.doc\">Prij\u00edmacie konanie na doktorandsk\u00e9 \u0161t\u00fadium <\/a><\/li>\n<li><a target=\"_blank\" href=\"\/public\/media\/5626\/Priloha_2b.doc\" rel=\"noopener\">Prij\u00edmacie konanie na doktorandsk\u00e9 \u0161t\u00fadium v spolupr\u00e1ci s extern\u00fdmi vzdel\u00e1vac\u00edmi in\u0161tit\u00faciami <\/a><\/li>\n<li><a target=\"_blank\" href=\"\/public\/media\/5626\/Priloha_3.doc\" rel=\"noopener\">Po\u010det doktorandov v dennej forme \u0161t\u00fadia na po\u010det profesorov a docentov v akademickom roku 2009\/2010 <\/a><\/li>\n<li><a target=\"_blank\" href=\"\/public\/media\/5626\/Priloha_4.doc\" rel=\"noopener\">Podiel doktorandov na celkovom po\u010dte denn\u00fdch \u0161tudentov v akademickom roku 2009\/2010 <\/a><\/li>\n<li><a target=\"_blank\" href=\"\/public\/media\/5626\/Priloha_11.doc\" rel=\"noopener\">Cena dekana PF UPJ\u0160 za vedeckov\u00fdskumn\u00fa \u010dinnos\u0165 doktorandov <\/a><\/li>\n<li><a target=\"_blank\" href=\"\/public\/media\/5626\/Priloha_5.doc\" rel=\"noopener\">Zahrani\u010dn\u00e9 \u0161tudijn\u00e9 pobyty doktorandov v r. 2010 <\/a><\/li>\n<li><a target=\"_blank\" href=\"\/public\/media\/5626\/Priloha_6.doc\" rel=\"noopener\">Obh\u00e1jen\u00e9 dizerta\u010dn\u00e9 pr\u00e1ce v roku 2010 <\/a><\/li>\n<li><a target=\"_blank\" href=\"\/public\/media\/5626\/Priloha_7.doc\" rel=\"noopener\">Odovzdan\u00e9 dizerta\u010dn\u00e9 pr\u00e1ce v roku 2010<\/a><\/li>\n<li><a target=\"_blank\" href=\"\/public\/media\/5626\/Priloha_8.doc\" rel=\"noopener\">\u00daspe\u0161nos\u0165 D\u0160 vo vedn\u00fdch odboroch na PF UPJ\u0160 v Ko\u0161iciach v rokoch 1997 \u2013 2010\u00a0 <\/a><\/li>\n<li><a target=\"_blank\" href=\"\/public\/media\/5626\/Priloha_9a.doc\" rel=\"noopener\">Pomer priemeru absolventov doktorandsk\u00e9ho \u0161t\u00fadia za roky 2008-2010 a priemeru prijat\u00fdch doktorandov za roky 2005-2007<\/a><\/li>\n<li><a target=\"_blank\" href=\"\/public\/media\/5626\/Priloha_9b.doc\" rel=\"noopener\">Priemern\u00fd po\u010det absolventov doktorandsk\u00e9ho \u0161t\u00fadia za roky 2008-2010 na jedn\u00e9ho\u00a0 profesora alebo docenta <\/a><\/li>\n<li><a target=\"_blank\" href=\"\/public\/media\/5626\/Priloha_10.doc\" rel=\"noopener\">Ro\u010dn\u00fd priemer absolventov doktorandsk\u00e9ho \u0161t\u00fadia za roky 2005-2010 na jedn\u00e9ho funk\u010dn\u00e9ho profesora<\/a>\u00a0<\/li>\n<\/ul>\n","protected":false},"excerpt":{"rendered":"<p>Spr\u00e1va o doktorandskom \u0161t\u00fadiu za rok 2010 \u0160tudijn\u00e9 programy\u00a0a ich garanti \u0160tudijn\u00e9 programy v spolupr\u00e1ci s extern\u00fdmi vzdel\u00e1vac\u00edmi in\u0161tit\u00faciami a ich garanti Prij\u00edmacie konanie na doktorandsk\u00e9 \u0161t\u00fadium Prij\u00edmacie konanie na doktorandsk\u00e9 \u0161t\u00fadium v spolupr\u00e1ci s extern\u00fdmi vzdel\u00e1vac\u00edmi in\u0161tit\u00faciami Po\u010det doktorandov v dennej forme \u0161t\u00fadia na po\u010det profesorov a docentov v akademickom roku 2009\/2010 Podiel doktorandov &hellip; <a href=\"https:\/\/www.upjs.sk\/prirodovedecka-fakulta\/studium\/doktorandske\/sprava-o-doktorandskom-studiu-2010\/\">\u010c\u00edta\u0165 \u010falej<\/a><\/p>\n","protected":false},"author":1,"featured_media":0,"parent":12908,"menu_order":26,"comment_status":"closed","ping_status":"closed","template":"","meta":{"_acf_changed":false,"_editorskit_title_hidden":false,"_editorskit_reading_time":0,"_editorskit_is_block_options_detached":false,"_editorskit_block_options_position":"{}","footnotes":""},"categories":[],"tags":[],"class_list":["post-14236","page","type-page","status-publish","hentry"],"acf":{"acf_link_na_externy_obsah":""},"yoast_head":"<!-- This site is optimized with the Yoast SEO plugin v27.4 - https:\/\/yoast.com\/product\/yoast-seo-wordpress\/ -->\n<title>Spr\u00e1va o doktorandskom \u0161t\u00fadiu na PF UPJ\u0160 v roku 2010 - Pr\u00edrodovedeck\u00e1 fakulta | UPJ\u0160<\/title>\n<meta name=\"robots\" content=\"index, follow, max-snippet:-1, max-image-preview:large, max-video-preview:-1\" \/>\n<link rel=\"canonical\" href=\"https:\/\/www.upjs.sk\/prirodovedecka-fakulta\/studium\/doktorandske\/sprava-o-doktorandskom-studiu-2010\/\" \/>\n<meta property=\"og:locale\" content=\"sk_SK\" \/>\n<meta property=\"og:type\" content=\"article\" \/>\n<meta property=\"og:title\" content=\"Spr\u00e1va o doktorandskom \u0161t\u00fadiu na PF UPJ\u0160 v roku 2010 - Pr\u00edrodovedeck\u00e1 fakulta | UPJ\u0160\" \/>\n<meta property=\"og:description\" content=\"Spr\u00e1va o doktorandskom \u0161t\u00fadiu za rok 2010 \u0160tudijn\u00e9 programy\u00a0a ich garanti \u0160tudijn\u00e9 programy v spolupr\u00e1ci s extern\u00fdmi vzdel\u00e1vac\u00edmi in\u0161tit\u00faciami a ich garanti Prij\u00edmacie konanie na doktorandsk\u00e9 \u0161t\u00fadium Prij\u00edmacie konanie na doktorandsk\u00e9 \u0161t\u00fadium v spolupr\u00e1ci s extern\u00fdmi vzdel\u00e1vac\u00edmi in\u0161tit\u00faciami Po\u010det doktorandov v dennej forme \u0161t\u00fadia na po\u010det profesorov a docentov v akademickom roku 2009\/2010 Podiel doktorandov &hellip; \u010c\u00edta\u0165 \u010falej\" \/>\n<meta property=\"og:url\" content=\"https:\/\/www.upjs.sk\/prirodovedecka-fakulta\/studium\/doktorandske\/sprava-o-doktorandskom-studiu-2010\/\" \/>\n<meta property=\"og:site_name\" content=\"Pr\u00edrodovedeck\u00e1 fakulta | UPJ\u0160\" \/>\n<meta property=\"article:modified_time\" content=\"2022-10-26T08:12:19+00:00\" \/>\n<meta name=\"twitter:card\" content=\"summary_large_image\" \/>\n<meta name=\"twitter:label1\" content=\"Predpokladan\u00fd \u010das \u010d\u00edtania\" \/>\n\t<meta name=\"twitter:data1\" content=\"1 min\u00fata\" \/>\n<script type=\"application\/ld+json\" class=\"yoast-schema-graph\">{\"@context\":\"https:\\\/\\\/schema.org\",\"@graph\":[{\"@type\":\"WebPage\",\"@id\":\"https:\\\/\\\/www.upjs.sk\\\/prirodovedecka-fakulta\\\/studium\\\/doktorandske\\\/sprava-o-doktorandskom-studiu-2010\\\/\",\"url\":\"https:\\\/\\\/www.upjs.sk\\\/prirodovedecka-fakulta\\\/studium\\\/doktorandske\\\/sprava-o-doktorandskom-studiu-2010\\\/\",\"name\":\"Spr\u00e1va o doktorandskom \u0161t\u00fadiu na PF UPJ\u0160 v roku 2010 - Pr\u00edrodovedeck\u00e1 fakulta | UPJ\u0160\",\"isPartOf\":{\"@id\":\"https:\\\/\\\/www.upjs.sk\\\/prirodovedecka-fakulta\\\/#website\"},\"datePublished\":\"2011-05-12T08:04:05+00:00\",\"dateModified\":\"2022-10-26T08:12:19+00:00\",\"breadcrumb\":{\"@id\":\"https:\\\/\\\/www.upjs.sk\\\/prirodovedecka-fakulta\\\/studium\\\/doktorandske\\\/sprava-o-doktorandskom-studiu-2010\\\/#breadcrumb\"},\"inLanguage\":\"sk-SK\",\"potentialAction\":[{\"@type\":\"ReadAction\",\"target\":[\"https:\\\/\\\/www.upjs.sk\\\/prirodovedecka-fakulta\\\/studium\\\/doktorandske\\\/sprava-o-doktorandskom-studiu-2010\\\/\"]}]},{\"@type\":\"BreadcrumbList\",\"@id\":\"https:\\\/\\\/www.upjs.sk\\\/prirodovedecka-fakulta\\\/studium\\\/doktorandske\\\/sprava-o-doktorandskom-studiu-2010\\\/#breadcrumb\",\"itemListElement\":[{\"@type\":\"ListItem\",\"position\":1,\"name\":\"Home\",\"item\":\"https:\\\/\\\/www.upjs.sk\\\/prirodovedecka-fakulta\\\/\"},{\"@type\":\"ListItem\",\"position\":2,\"name\":\"O \u0161t\u00fadiu na fakulte\",\"item\":\"https:\\\/\\\/www.upjs.sk\\\/prirodovedecka-fakulta\\\/studium\\\/\"},{\"@type\":\"ListItem\",\"position\":3,\"name\":\"Doktorandsk\u00e9 \u0161t\u00fadium\",\"item\":\"https:\\\/\\\/www.upjs.sk\\\/prirodovedecka-fakulta\\\/studium\\\/doktorandske\\\/\"},{\"@type\":\"ListItem\",\"position\":4,\"name\":\"Spr\u00e1va o doktorandskom \u0161t\u00fadiu na PF UPJ\u0160 v roku 2010\"}]},{\"@type\":\"WebSite\",\"@id\":\"https:\\\/\\\/www.upjs.sk\\\/prirodovedecka-fakulta\\\/#website\",\"url\":\"https:\\\/\\\/www.upjs.sk\\\/prirodovedecka-fakulta\\\/\",\"name\":\"Pr\u00edrodovedeck\u00e1 fakulta | UPJ\u0160\",\"description\":\"\",\"publisher\":{\"@id\":\"https:\\\/\\\/www.upjs.sk\\\/prirodovedecka-fakulta\\\/#organization\"},\"potentialAction\":[{\"@type\":\"SearchAction\",\"target\":{\"@type\":\"EntryPoint\",\"urlTemplate\":\"https:\\\/\\\/www.upjs.sk\\\/prirodovedecka-fakulta\\\/?s={search_term_string}\"},\"query-input\":{\"@type\":\"PropertyValueSpecification\",\"valueRequired\":true,\"valueName\":\"search_term_string\"}}],\"inLanguage\":\"sk-SK\"},{\"@type\":\"Organization\",\"@id\":\"https:\\\/\\\/www.upjs.sk\\\/prirodovedecka-fakulta\\\/#organization\",\"name\":\"Pr\u00edrodovedeck\u00e1 fakulta | UPJ\u0160\",\"url\":\"https:\\\/\\\/www.upjs.sk\\\/prirodovedecka-fakulta\\\/\",\"logo\":{\"@type\":\"ImageObject\",\"inLanguage\":\"sk-SK\",\"@id\":\"https:\\\/\\\/www.upjs.sk\\\/prirodovedecka-fakulta\\\/#\\\/schema\\\/logo\\\/image\\\/\",\"url\":\"https:\\\/\\\/www.upjs.sk\\\/app\\\/uploads\\\/sites\\\/10\\\/2022\\\/09\\\/logo-prirodovedecka-fakulta.png\",\"contentUrl\":\"https:\\\/\\\/www.upjs.sk\\\/app\\\/uploads\\\/sites\\\/10\\\/2022\\\/09\\\/logo-prirodovedecka-fakulta.png\",\"width\":415,\"height\":87,\"caption\":\"Pr\u00edrodovedeck\u00e1 fakulta | UPJ\u0160\"},\"image\":{\"@id\":\"https:\\\/\\\/www.upjs.sk\\\/prirodovedecka-fakulta\\\/#\\\/schema\\\/logo\\\/image\\\/\"}}]}<\/script>\n<!-- \/ Yoast SEO plugin. -->","yoast_head_json":{"title":"Spr\u00e1va o doktorandskom \u0161t\u00fadiu na PF UPJ\u0160 v roku 2010 - Pr\u00edrodovedeck\u00e1 fakulta | UPJ\u0160","robots":{"index":"index","follow":"follow","max-snippet":"max-snippet:-1","max-image-preview":"max-image-preview:large","max-video-preview":"max-video-preview:-1"},"canonical":"https:\/\/www.upjs.sk\/prirodovedecka-fakulta\/studium\/doktorandske\/sprava-o-doktorandskom-studiu-2010\/","og_locale":"sk_SK","og_type":"article","og_title":"Spr\u00e1va o doktorandskom \u0161t\u00fadiu na PF UPJ\u0160 v roku 2010 - Pr\u00edrodovedeck\u00e1 fakulta | UPJ\u0160","og_description":"Spr\u00e1va o doktorandskom \u0161t\u00fadiu za rok 2010 \u0160tudijn\u00e9 programy\u00a0a ich garanti \u0160tudijn\u00e9 programy v spolupr\u00e1ci s extern\u00fdmi vzdel\u00e1vac\u00edmi in\u0161tit\u00faciami a ich garanti Prij\u00edmacie konanie na doktorandsk\u00e9 \u0161t\u00fadium Prij\u00edmacie konanie na doktorandsk\u00e9 \u0161t\u00fadium v spolupr\u00e1ci s extern\u00fdmi vzdel\u00e1vac\u00edmi in\u0161tit\u00faciami Po\u010det doktorandov v dennej forme \u0161t\u00fadia na po\u010det profesorov a docentov v akademickom roku 2009\/2010 Podiel doktorandov &hellip; \u010c\u00edta\u0165 \u010falej","og_url":"https:\/\/www.upjs.sk\/prirodovedecka-fakulta\/studium\/doktorandske\/sprava-o-doktorandskom-studiu-2010\/","og_site_name":"Pr\u00edrodovedeck\u00e1 fakulta | UPJ\u0160","article_modified_time":"2022-10-26T08:12:19+00:00","twitter_card":"summary_large_image","twitter_misc":{"Predpokladan\u00fd \u010das \u010d\u00edtania":"1 min\u00fata"},"schema":{"@context":"https:\/\/schema.org","@graph":[{"@type":"WebPage","@id":"https:\/\/www.upjs.sk\/prirodovedecka-fakulta\/studium\/doktorandske\/sprava-o-doktorandskom-studiu-2010\/","url":"https:\/\/www.upjs.sk\/prirodovedecka-fakulta\/studium\/doktorandske\/sprava-o-doktorandskom-studiu-2010\/","name":"Spr\u00e1va o doktorandskom \u0161t\u00fadiu na PF UPJ\u0160 v roku 2010 - Pr\u00edrodovedeck\u00e1 fakulta | UPJ\u0160","isPartOf":{"@id":"https:\/\/www.upjs.sk\/prirodovedecka-fakulta\/#website"},"datePublished":"2011-05-12T08:04:05+00:00","dateModified":"2022-10-26T08:12:19+00:00","breadcrumb":{"@id":"https:\/\/www.upjs.sk\/prirodovedecka-fakulta\/studium\/doktorandske\/sprava-o-doktorandskom-studiu-2010\/#breadcrumb"},"inLanguage":"sk-SK","potentialAction":[{"@type":"ReadAction","target":["https:\/\/www.upjs.sk\/prirodovedecka-fakulta\/studium\/doktorandske\/sprava-o-doktorandskom-studiu-2010\/"]}]},{"@type":"BreadcrumbList","@id":"https:\/\/www.upjs.sk\/prirodovedecka-fakulta\/studium\/doktorandske\/sprava-o-doktorandskom-studiu-2010\/#breadcrumb","itemListElement":[{"@type":"ListItem","position":1,"name":"Home","item":"https:\/\/www.upjs.sk\/prirodovedecka-fakulta\/"},{"@type":"ListItem","position":2,"name":"O \u0161t\u00fadiu na fakulte","item":"https:\/\/www.upjs.sk\/prirodovedecka-fakulta\/studium\/"},{"@type":"ListItem","position":3,"name":"Doktorandsk\u00e9 \u0161t\u00fadium","item":"https:\/\/www.upjs.sk\/prirodovedecka-fakulta\/studium\/doktorandske\/"},{"@type":"ListItem","position":4,"name":"Spr\u00e1va o doktorandskom \u0161t\u00fadiu na PF UPJ\u0160 v roku 2010"}]},{"@type":"WebSite","@id":"https:\/\/www.upjs.sk\/prirodovedecka-fakulta\/#website","url":"https:\/\/www.upjs.sk\/prirodovedecka-fakulta\/","name":"Pr\u00edrodovedeck\u00e1 fakulta | UPJ\u0160","description":"","publisher":{"@id":"https:\/\/www.upjs.sk\/prirodovedecka-fakulta\/#organization"},"potentialAction":[{"@type":"SearchAction","target":{"@type":"EntryPoint","urlTemplate":"https:\/\/www.upjs.sk\/prirodovedecka-fakulta\/?s={search_term_string}"},"query-input":{"@type":"PropertyValueSpecification","valueRequired":true,"valueName":"search_term_string"}}],"inLanguage":"sk-SK"},{"@type":"Organization","@id":"https:\/\/www.upjs.sk\/prirodovedecka-fakulta\/#organization","name":"Pr\u00edrodovedeck\u00e1 fakulta | UPJ\u0160","url":"https:\/\/www.upjs.sk\/prirodovedecka-fakulta\/","logo":{"@type":"ImageObject","inLanguage":"sk-SK","@id":"https:\/\/www.upjs.sk\/prirodovedecka-fakulta\/#\/schema\/logo\/image\/","url":"https:\/\/www.upjs.sk\/app\/uploads\/sites\/10\/2022\/09\/logo-prirodovedecka-fakulta.png","contentUrl":"https:\/\/www.upjs.sk\/app\/uploads\/sites\/10\/2022\/09\/logo-prirodovedecka-fakulta.png","width":415,"height":87,"caption":"Pr\u00edrodovedeck\u00e1 fakulta | UPJ\u0160"},"image":{"@id":"https:\/\/www.upjs.sk\/prirodovedecka-fakulta\/#\/schema\/logo\/image\/"}}]}},"_links":{"self":[{"href":"https:\/\/www.upjs.sk\/prirodovedecka-fakulta\/wp-json\/wp\/v2\/pages\/14236","targetHints":{"allow":["GET"]}}],"collection":[{"href":"https:\/\/www.upjs.sk\/prirodovedecka-fakulta\/wp-json\/wp\/v2\/pages"}],"about":[{"href":"https:\/\/www.upjs.sk\/prirodovedecka-fakulta\/wp-json\/wp\/v2\/types\/page"}],"author":[{"embeddable":true,"href":"https:\/\/www.upjs.sk\/prirodovedecka-fakulta\/wp-json\/wp\/v2\/users\/1"}],"replies":[{"embeddable":true,"href":"https:\/\/www.upjs.sk\/prirodovedecka-fakulta\/wp-json\/wp\/v2\/comments?post=14236"}],"version-history":[{"count":1,"href":"https:\/\/www.upjs.sk\/prirodovedecka-fakulta\/wp-json\/wp\/v2\/pages\/14236\/revisions"}],"predecessor-version":[{"id":18567,"href":"https:\/\/www.upjs.sk\/prirodovedecka-fakulta\/wp-json\/wp\/v2\/pages\/14236\/revisions\/18567"}],"up":[{"embeddable":true,"href":"https:\/\/www.upjs.sk\/prirodovedecka-fakulta\/wp-json\/wp\/v2\/pages\/12908"}],"wp:attachment":[{"href":"https:\/\/www.upjs.sk\/prirodovedecka-fakulta\/wp-json\/wp\/v2\/media?parent=14236"}],"wp:term":[{"taxonomy":"category","embeddable":true,"href":"https:\/\/www.upjs.sk\/prirodovedecka-fakulta\/wp-json\/wp\/v2\/categories?post=14236"},{"taxonomy":"post_tag","embeddable":true,"href":"https:\/\/www.upjs.sk\/prirodovedecka-fakulta\/wp-json\/wp\/v2\/tags?post=14236"}],"curies":[{"name":"wp","href":"https:\/\/api.w.org\/{rel}","templated":true}]}}