{"id":14438,"date":"2021-11-18T15:39:01","date_gmt":"2021-11-18T15:39:01","guid":{"rendered":"https:\/\/www.upjs.sk\/prirodovedecka-fakulta\/root\/veda-vyskum\/drsc\/"},"modified":"2023-05-18T10:27:24","modified_gmt":"2023-05-18T09:27:24","slug":"drsc","status":"publish","type":"page","link":"https:\/\/www.upjs.sk\/prirodovedecka-fakulta\/veda-vyskum\/drsc\/","title":{"rendered":"Doktorsk\u00e9 dizert\u00e1cie"},"content":{"rendered":"\n<ul class=\"wp-block-list\">\n<li><a href=\"\/public\/media\/10192\/01_Slovenska_komisia_pre_vedecke_hodnosti.pdf\" target=\"_blank\" rel=\"noreferrer noopener\">Slovensk\u00e1 komisia pre vedeck\u00e9 hodnosti<\/a>\n<ul class=\"wp-block-list\">\n<li><a href=\"\/public\/media\/10192\/01a_Odporucane_kriteria_prirodne_technicke_a_lekarske_vedy.pdf\" target=\"_blank\" rel=\"noreferrer noopener\">Odpor\u00fa\u010dan\u00e9 krit\u00e9ri\u00e1 \u2013 pr\u00edrodn\u00e9, technick\u00e9 a lek\u00e1rske vedy<\/a><\/li>\n\n\n\n<li><a href=\"\/public\/media\/10192\/01b_Odporucane_kriteria_fyzicka_a_humanna_geografia.xlsx\" target=\"_blank\" rel=\"noreferrer noopener\">Odpor\u00fa\u010dan\u00e9 krit\u00e9ri\u00e1 \u2013 fyzick\u00e1 a hum\u00e1nna geografia<\/a><\/li>\n\n\n\n<li><a href=\"\/public\/media\/10192\/01c_Odporucane_kriteria_spolocenske_a_humanitne_vedy.xlsx\" target=\"_blank\" rel=\"noreferrer noopener\">Odpor\u00fa\u010dan\u00e9 krit\u00e9ri\u00e1 \u2013 spolo\u010densk\u00e9 a humanitn\u00e9 vedy<\/a><\/li>\n<\/ul>\n<\/li>\n<\/ul>\n\n\n\n<ul class=\"wp-block-list\">\n<li><a href=\"\/public\/media\/10192\/02_Predkladanie_navrhov_a_kriteria_pre_uchadzacov_o_ziskanie_DrSc.pdf\" target=\"_blank\" rel=\"noreferrer noopener\">Predkladanie n\u00e1vrhov a krit\u00e9ri\u00e1 pre uch\u00e1dza\u010dov o z\u00edskanie DrSc.<\/a><\/li>\n\n\n\n<li><a href=\"\/public\/media\/10192\/02a_Usmernenie_k_praprave_doktorskej_dizertacie.pdf\" target=\"_blank\" rel=\"noreferrer noopener\">Usmernenie k pr\u00edprave DDP<\/a><\/li>\n\n\n\n<li><a href=\"\/public\/media\/10192\/02b_List_predsedom_komisii.pdf\" target=\"_blank\" rel=\"noreferrer noopener\">List predsedom komisi\u00ed<\/a><\/li>\n\n\n\n<li><a href=\"\/public\/media\/10192\/02c_Pokyny_uchadzacom.pdf\" target=\"_blank\" rel=\"noreferrer noopener\">Pokyny pre uch\u00e1dza\u010dov<\/a>\n<ul class=\"wp-block-list\">\n<li><a href=\"\/public\/media\/10192\/02d1_Osnova_k_ziadosti_slovensky.xls\" target=\"_blank\" rel=\"noreferrer noopener\">Osnova k \u017eiadosti \u2013 slovensky<\/a><\/li>\n\n\n\n<li><a href=\"\/public\/media\/10192\/02d2_Osnova_k_ziadosti_anglicky.xls\" target=\"_blank\" rel=\"noreferrer noopener\">Osnova k \u017eiadosti \u2013 anglicky<\/a><\/li>\n\n\n\n<li><a href=\"\/public\/media\/10192\/02e_Formular_Prehlad_publikacnej_cinnosti.rtf\" target=\"_blank\" rel=\"noreferrer noopener\">Formul\u00e1r: Preh\u013ead publika\u010dnej \u010dinnosti<\/a><\/li>\n\n\n\n<li><a href=\"\/public\/media\/10192\/02f_Eticka_kodex_uchadzaca.pdf\" target=\"_blank\" rel=\"noreferrer noopener\">Etick\u00fd k\u00f3dex uch\u00e1dza\u010da<\/a><\/li>\n<\/ul>\n<\/li>\n<\/ul>\n\n\n\n<p><\/p>\n\n\n\n<ul class=\"wp-block-list\">\n<li><a href=\"\/prirodovedecka-fakulta\/veda-vyskum\/komisie-odd\/\">Komisie pre obhajoby doktorsk\u00fdch dizert\u00e1ci\u00ed<\/a><\/li>\n\n\n\n<li>Poplatky pre uch\u00e1dza\u010dov mimo PF UPJ\u0160\n<ul class=\"wp-block-list\">\n<li><a href=\"\/public\/media\/2772\/RR 15_2019_Cl_3_poplatky_Zvysovanie kvalifikacie.pdf\" target=\"_blank\" rel=\"noreferrer noopener\">Rozhodnutie rektora \u010d. 15\/2019 \u010cl.3<\/a><\/li>\n\n\n\n<li><a href=\"https:\/\/www.upjs.sk\/public\/media\/2772\/RD_2_2021stanovenie_poplatkovPFUPJS2021.pdf\" target=\"_blank\" rel=\"noreferrer noopener\">Rozhodnutie dekana \u010d.2\/2021<\/a><\/li>\n<\/ul>\n<\/li>\n<\/ul>\n\n\n\n<p><\/p>\n\n\n\n<ul class=\"wp-block-list\">\n<li>Doktorsk\u00e9 dizert\u00e1cie\n<ul class=\"wp-block-list\">\n<li><a href=\"https:\/\/www.upjs.sk\/app\/uploads\/sites\/10\/2022\/12\/DrSc_2022.pdf\">v roku 2022<\/a><\/li>\n\n\n\n<li><a href=\"\/public\/media\/10192\/DrSc_2020.pdf\" target=\"_blank\" rel=\"noreferrer noopener\">v roku 2020<\/a><\/li>\n\n\n\n<li><a href=\"\/public\/media\/10192\/DrSc_2018.pdf\" target=\"_blank\" rel=\"noreferrer noopener\">v roku 2018<\/a><\/li>\n\n\n\n<li><a href=\"\/public\/media\/10192\/DrSc_2017.pdf\" target=\"_blank\" rel=\"noreferrer noopener\">v roku 2017<\/a><\/li>\n\n\n\n<li><a href=\"\/public\/media\/10192\/DrSc_2015.pdf\" target=\"_blank\" rel=\"noreferrer noopener\">v roku 2015<\/a><\/li>\n\n\n\n<li><a href=\"\/public\/media\/10192\/DrSc_2014.pdf\" target=\"_blank\" rel=\"noreferrer noopener\">v roku 2014<\/a><\/li>\n\n\n\n<li><a href=\"\/public\/media\/10192\/DrSc_2013.pdf\" target=\"_blank\" rel=\"noreferrer noopener\">v roku 2013<\/a><\/li>\n<\/ul>\n<\/li>\n<\/ul>\n","protected":false},"excerpt":{"rendered":"","protected":false},"author":1,"featured_media":0,"parent":12917,"menu_order":8,"comment_status":"closed","ping_status":"closed","template":"","meta":{"_acf_changed":false,"_editorskit_title_hidden":false,"_editorskit_reading_time":1,"_editorskit_is_block_options_detached":false,"_editorskit_block_options_position":"{}","footnotes":""},"categories":[],"tags":[],"class_list":["post-14438","page","type-page","status-publish","hentry"],"acf":{"acf_link_na_externy_obsah":""},"yoast_head":"<!-- This site is optimized with the Yoast SEO plugin v27.4 - https:\/\/yoast.com\/product\/yoast-seo-wordpress\/ -->\n<title>Doktorsk\u00e9 dizert\u00e1cie - Pr\u00edrodovedeck\u00e1 fakulta | UPJ\u0160<\/title>\n<meta name=\"robots\" content=\"index, follow, max-snippet:-1, max-image-preview:large, max-video-preview:-1\" \/>\n<link rel=\"canonical\" href=\"https:\/\/www.upjs.sk\/prirodovedecka-fakulta\/veda-vyskum\/drsc\/\" \/>\n<meta property=\"og:locale\" content=\"sk_SK\" \/>\n<meta property=\"og:type\" content=\"article\" \/>\n<meta property=\"og:title\" content=\"Doktorsk\u00e9 dizert\u00e1cie - Pr\u00edrodovedeck\u00e1 fakulta | UPJ\u0160\" \/>\n<meta property=\"og:url\" content=\"https:\/\/www.upjs.sk\/prirodovedecka-fakulta\/veda-vyskum\/drsc\/\" \/>\n<meta property=\"og:site_name\" content=\"Pr\u00edrodovedeck\u00e1 fakulta | UPJ\u0160\" \/>\n<meta property=\"article:modified_time\" content=\"2023-05-18T09:27:24+00:00\" \/>\n<meta name=\"twitter:card\" content=\"summary_large_image\" \/>\n<meta name=\"twitter:label1\" content=\"Predpokladan\u00fd \u010das \u010d\u00edtania\" \/>\n\t<meta name=\"twitter:data1\" content=\"1 min\u00fata\" \/>\n<script type=\"application\/ld+json\" class=\"yoast-schema-graph\">{\"@context\":\"https:\\\/\\\/schema.org\",\"@graph\":[{\"@type\":\"WebPage\",\"@id\":\"https:\\\/\\\/www.upjs.sk\\\/prirodovedecka-fakulta\\\/veda-vyskum\\\/drsc\\\/\",\"url\":\"https:\\\/\\\/www.upjs.sk\\\/prirodovedecka-fakulta\\\/veda-vyskum\\\/drsc\\\/\",\"name\":\"Doktorsk\u00e9 dizert\u00e1cie - Pr\u00edrodovedeck\u00e1 fakulta | UPJ\u0160\",\"isPartOf\":{\"@id\":\"https:\\\/\\\/www.upjs.sk\\\/prirodovedecka-fakulta\\\/#website\"},\"datePublished\":\"2021-11-18T15:39:01+00:00\",\"dateModified\":\"2023-05-18T09:27:24+00:00\",\"breadcrumb\":{\"@id\":\"https:\\\/\\\/www.upjs.sk\\\/prirodovedecka-fakulta\\\/veda-vyskum\\\/drsc\\\/#breadcrumb\"},\"inLanguage\":\"sk-SK\",\"potentialAction\":[{\"@type\":\"ReadAction\",\"target\":[\"https:\\\/\\\/www.upjs.sk\\\/prirodovedecka-fakulta\\\/veda-vyskum\\\/drsc\\\/\"]}]},{\"@type\":\"BreadcrumbList\",\"@id\":\"https:\\\/\\\/www.upjs.sk\\\/prirodovedecka-fakulta\\\/veda-vyskum\\\/drsc\\\/#breadcrumb\",\"itemListElement\":[{\"@type\":\"ListItem\",\"position\":1,\"name\":\"Home\",\"item\":\"https:\\\/\\\/www.upjs.sk\\\/prirodovedecka-fakulta\\\/\"},{\"@type\":\"ListItem\",\"position\":2,\"name\":\"Veda, v\u00fdskum a rozvoj\",\"item\":\"https:\\\/\\\/www.upjs.sk\\\/prirodovedecka-fakulta\\\/?page_id=12917\"},{\"@type\":\"ListItem\",\"position\":3,\"name\":\"Doktorsk\u00e9 dizert\u00e1cie\"}]},{\"@type\":\"WebSite\",\"@id\":\"https:\\\/\\\/www.upjs.sk\\\/prirodovedecka-fakulta\\\/#website\",\"url\":\"https:\\\/\\\/www.upjs.sk\\\/prirodovedecka-fakulta\\\/\",\"name\":\"Pr\u00edrodovedeck\u00e1 fakulta | UPJ\u0160\",\"description\":\"\",\"publisher\":{\"@id\":\"https:\\\/\\\/www.upjs.sk\\\/prirodovedecka-fakulta\\\/#organization\"},\"potentialAction\":[{\"@type\":\"SearchAction\",\"target\":{\"@type\":\"EntryPoint\",\"urlTemplate\":\"https:\\\/\\\/www.upjs.sk\\\/prirodovedecka-fakulta\\\/?s={search_term_string}\"},\"query-input\":{\"@type\":\"PropertyValueSpecification\",\"valueRequired\":true,\"valueName\":\"search_term_string\"}}],\"inLanguage\":\"sk-SK\"},{\"@type\":\"Organization\",\"@id\":\"https:\\\/\\\/www.upjs.sk\\\/prirodovedecka-fakulta\\\/#organization\",\"name\":\"Pr\u00edrodovedeck\u00e1 fakulta | UPJ\u0160\",\"url\":\"https:\\\/\\\/www.upjs.sk\\\/prirodovedecka-fakulta\\\/\",\"logo\":{\"@type\":\"ImageObject\",\"inLanguage\":\"sk-SK\",\"@id\":\"https:\\\/\\\/www.upjs.sk\\\/prirodovedecka-fakulta\\\/#\\\/schema\\\/logo\\\/image\\\/\",\"url\":\"https:\\\/\\\/www.upjs.sk\\\/app\\\/uploads\\\/sites\\\/10\\\/2022\\\/09\\\/logo-prirodovedecka-fakulta.png\",\"contentUrl\":\"https:\\\/\\\/www.upjs.sk\\\/app\\\/uploads\\\/sites\\\/10\\\/2022\\\/09\\\/logo-prirodovedecka-fakulta.png\",\"width\":415,\"height\":87,\"caption\":\"Pr\u00edrodovedeck\u00e1 fakulta | UPJ\u0160\"},\"image\":{\"@id\":\"https:\\\/\\\/www.upjs.sk\\\/prirodovedecka-fakulta\\\/#\\\/schema\\\/logo\\\/image\\\/\"}}]}<\/script>\n<!-- \/ Yoast SEO plugin. -->","yoast_head_json":{"title":"Doktorsk\u00e9 dizert\u00e1cie - Pr\u00edrodovedeck\u00e1 fakulta | UPJ\u0160","robots":{"index":"index","follow":"follow","max-snippet":"max-snippet:-1","max-image-preview":"max-image-preview:large","max-video-preview":"max-video-preview:-1"},"canonical":"https:\/\/www.upjs.sk\/prirodovedecka-fakulta\/veda-vyskum\/drsc\/","og_locale":"sk_SK","og_type":"article","og_title":"Doktorsk\u00e9 dizert\u00e1cie - Pr\u00edrodovedeck\u00e1 fakulta | UPJ\u0160","og_url":"https:\/\/www.upjs.sk\/prirodovedecka-fakulta\/veda-vyskum\/drsc\/","og_site_name":"Pr\u00edrodovedeck\u00e1 fakulta | UPJ\u0160","article_modified_time":"2023-05-18T09:27:24+00:00","twitter_card":"summary_large_image","twitter_misc":{"Predpokladan\u00fd \u010das \u010d\u00edtania":"1 min\u00fata"},"schema":{"@context":"https:\/\/schema.org","@graph":[{"@type":"WebPage","@id":"https:\/\/www.upjs.sk\/prirodovedecka-fakulta\/veda-vyskum\/drsc\/","url":"https:\/\/www.upjs.sk\/prirodovedecka-fakulta\/veda-vyskum\/drsc\/","name":"Doktorsk\u00e9 dizert\u00e1cie - Pr\u00edrodovedeck\u00e1 fakulta | UPJ\u0160","isPartOf":{"@id":"https:\/\/www.upjs.sk\/prirodovedecka-fakulta\/#website"},"datePublished":"2021-11-18T15:39:01+00:00","dateModified":"2023-05-18T09:27:24+00:00","breadcrumb":{"@id":"https:\/\/www.upjs.sk\/prirodovedecka-fakulta\/veda-vyskum\/drsc\/#breadcrumb"},"inLanguage":"sk-SK","potentialAction":[{"@type":"ReadAction","target":["https:\/\/www.upjs.sk\/prirodovedecka-fakulta\/veda-vyskum\/drsc\/"]}]},{"@type":"BreadcrumbList","@id":"https:\/\/www.upjs.sk\/prirodovedecka-fakulta\/veda-vyskum\/drsc\/#breadcrumb","itemListElement":[{"@type":"ListItem","position":1,"name":"Home","item":"https:\/\/www.upjs.sk\/prirodovedecka-fakulta\/"},{"@type":"ListItem","position":2,"name":"Veda, v\u00fdskum a rozvoj","item":"https:\/\/www.upjs.sk\/prirodovedecka-fakulta\/?page_id=12917"},{"@type":"ListItem","position":3,"name":"Doktorsk\u00e9 dizert\u00e1cie"}]},{"@type":"WebSite","@id":"https:\/\/www.upjs.sk\/prirodovedecka-fakulta\/#website","url":"https:\/\/www.upjs.sk\/prirodovedecka-fakulta\/","name":"Pr\u00edrodovedeck\u00e1 fakulta | UPJ\u0160","description":"","publisher":{"@id":"https:\/\/www.upjs.sk\/prirodovedecka-fakulta\/#organization"},"potentialAction":[{"@type":"SearchAction","target":{"@type":"EntryPoint","urlTemplate":"https:\/\/www.upjs.sk\/prirodovedecka-fakulta\/?s={search_term_string}"},"query-input":{"@type":"PropertyValueSpecification","valueRequired":true,"valueName":"search_term_string"}}],"inLanguage":"sk-SK"},{"@type":"Organization","@id":"https:\/\/www.upjs.sk\/prirodovedecka-fakulta\/#organization","name":"Pr\u00edrodovedeck\u00e1 fakulta | UPJ\u0160","url":"https:\/\/www.upjs.sk\/prirodovedecka-fakulta\/","logo":{"@type":"ImageObject","inLanguage":"sk-SK","@id":"https:\/\/www.upjs.sk\/prirodovedecka-fakulta\/#\/schema\/logo\/image\/","url":"https:\/\/www.upjs.sk\/app\/uploads\/sites\/10\/2022\/09\/logo-prirodovedecka-fakulta.png","contentUrl":"https:\/\/www.upjs.sk\/app\/uploads\/sites\/10\/2022\/09\/logo-prirodovedecka-fakulta.png","width":415,"height":87,"caption":"Pr\u00edrodovedeck\u00e1 fakulta | UPJ\u0160"},"image":{"@id":"https:\/\/www.upjs.sk\/prirodovedecka-fakulta\/#\/schema\/logo\/image\/"}}]}},"_links":{"self":[{"href":"https:\/\/www.upjs.sk\/prirodovedecka-fakulta\/wp-json\/wp\/v2\/pages\/14438","targetHints":{"allow":["GET"]}}],"collection":[{"href":"https:\/\/www.upjs.sk\/prirodovedecka-fakulta\/wp-json\/wp\/v2\/pages"}],"about":[{"href":"https:\/\/www.upjs.sk\/prirodovedecka-fakulta\/wp-json\/wp\/v2\/types\/page"}],"author":[{"embeddable":true,"href":"https:\/\/www.upjs.sk\/prirodovedecka-fakulta\/wp-json\/wp\/v2\/users\/1"}],"replies":[{"embeddable":true,"href":"https:\/\/www.upjs.sk\/prirodovedecka-fakulta\/wp-json\/wp\/v2\/comments?post=14438"}],"version-history":[{"count":7,"href":"https:\/\/www.upjs.sk\/prirodovedecka-fakulta\/wp-json\/wp\/v2\/pages\/14438\/revisions"}],"predecessor-version":[{"id":55841,"href":"https:\/\/www.upjs.sk\/prirodovedecka-fakulta\/wp-json\/wp\/v2\/pages\/14438\/revisions\/55841"}],"up":[{"embeddable":true,"href":"https:\/\/www.upjs.sk\/prirodovedecka-fakulta\/wp-json\/wp\/v2\/pages\/12917"}],"wp:attachment":[{"href":"https:\/\/www.upjs.sk\/prirodovedecka-fakulta\/wp-json\/wp\/v2\/media?parent=14438"}],"wp:term":[{"taxonomy":"category","embeddable":true,"href":"https:\/\/www.upjs.sk\/prirodovedecka-fakulta\/wp-json\/wp\/v2\/categories?post=14438"},{"taxonomy":"post_tag","embeddable":true,"href":"https:\/\/www.upjs.sk\/prirodovedecka-fakulta\/wp-json\/wp\/v2\/tags?post=14438"}],"curies":[{"name":"wp","href":"https:\/\/api.w.org\/{rel}","templated":true}]}}