{"id":15211,"date":"2021-02-17T15:06:14","date_gmt":"2021-02-17T15:06:14","guid":{"rendered":"https:\/\/www.upjs.sk\/prirodovedecka-fakulta\/root\/riesene-projekty\/projektysfeu\/projektyeu\/opvz\/"},"modified":"2022-10-26T08:14:31","modified_gmt":"2022-10-26T08:14:31","slug":"opvz","status":"publish","type":"page","link":"https:\/\/www.upjs.sk\/prirodovedecka-fakulta\/rozvoj\/riesene-projekty\/projektysfeu\/projektyeu\/opvz\/","title":{"rendered":"Projekty OP Vzdel\u00e1vanie"},"content":{"rendered":"<table border=\"1\" cellpadding=\"1\" cellspacing=\"1\" style=\"width:500px\">\n<tbody>\n<tr>\n<td valign=\"top\"><strong><a name=\"SOFOS\">N\u00e1zov projektu:<\/a><\/strong><\/td>\n<td><strong><span style=\"color:rgb(0,51,0)\"><span style=\"color:rgb(0,51,0)\"><font color=\"#003300\">SOFOS &#8211; Rozvoj vedomost\u00ed a zru\u010dnost\u00ed zamestnancov a \u0161tudentov UPJ\u0160 s akcentom na medziodborov\u00e9 kompetencie a integr\u00e1ciu do medzin\u00e1rodn\u00fdch v\u00fdskumn\u00fdch centier<\/font><\/span><\/span><\/strong><\/td>\n<\/tr>\n<tr>\n<td><strong>K\u00f3d ITMS projektu:<\/strong><\/td>\n<td>26110230088<\/td>\n<\/tr>\n<tr>\n<td><strong>K\u00f3d V\u00fdzvy:<\/strong><\/td>\n<td>OPV-2012\/1.2\/04-SORO<\/td>\n<\/tr>\n<tr>\n<td><strong>Opera\u010dn\u00fd program:<\/strong><\/td>\n<td>OP Vzdel\u00e1vanie<\/td>\n<\/tr>\n<tr>\n<td><strong>Spolufinancovan\u00fd fondom:<\/strong><\/td>\n<td>Eur\u00f3psky soci\u00e1lny fond<\/td>\n<\/tr>\n<tr>\n<td><strong>Prioritn\u00e1 os:<\/strong><\/td>\n<td>1.Reforma syst\u00e9mu vzdel\u00e1vania a odbornej pr\u00edpravy<\/td>\n<\/tr>\n<tr>\n<td valign=\"top\"><strong>Opatrenie:<\/strong><\/td>\n<td>1.2 Vysok\u00e9 \u0161koly a v\u00fdskum a v\u00fdvoj ako motory rozvoja vedomostnej spolo\u010dnosti<\/td>\n<\/tr>\n<tr>\n<td><strong>Trvanie projektu:<\/strong><\/td>\n<td>j\u00fan 2013 &#8211; m\u00e1j 2015<\/td>\n<\/tr>\n<tr>\n<td><strong>V\u00fd\u0161ka NFP:<\/strong><\/td>\n<td>2 118 821,17 \u20ac<\/td>\n<\/tr>\n<tr>\n<td><strong>Partnerstvo:<\/strong><\/td>\n<td><strong>Hlavn\u00fd rie\u0161ite\u013e: <\/strong>Univerzita Pavla Jozefa \u0160af\u00e1rika v Ko\u0161iciach<\/td>\n<\/tr>\n<tr>\n<td><strong>Person\u00e1lne zlo\u017eenie:<\/strong><\/td>\n<td><strong>Koordin\u00e1tor odborn\u00fdch aktiv\u00edt:<\/strong> doc. RNDr. Michal Ja\u0161\u010dur, CSc.<br \/> \t\t\t<strong>Projektov\u00fd mana\u017e\u00e9r:<\/strong> RNDr. Edita Vojtov\u00e1<\/td>\n<\/tr>\n<tr>\n<td><strong>Viac inform\u00e1ci\u00ed:<\/strong><\/td>\n<td>\u00a0<\/td>\n<\/tr>\n<\/tbody>\n<\/table>\n<p>\u00a0<\/p>\n<table border=\"1\" cellpadding=\"1\" cellspacing=\"1\" style=\"width:500px\">\n<tbody>\n<tr>\n<td valign=\"top\"><strong><a name=\"IRES\">N\u00e1zov projektu:<\/a><\/strong><\/td>\n<td><strong><span style=\"color:rgb(0,51,0)\"><span style=\"color:rgb(0,51,0)\"><font color=\"#003300\">IRES<\/font> &#8211; Inov\u00e1cie pre vedomostn\u00fa spolo\u010dnos\u0165 <\/span><\/span><\/strong><\/td>\n<\/tr>\n<tr>\n<td><strong>K\u00f3d ITMS projektu:<\/strong><\/td>\n<td>26110230075<\/td>\n<\/tr>\n<tr>\n<td><strong>K\u00f3d V\u00fdzvy:<\/strong><\/td>\n<td>OPV-2011\/1.2\/03-SORO<\/td>\n<\/tr>\n<tr>\n<td><strong>Opera\u010dn\u00fd program:<\/strong><\/td>\n<td>OP Vzdel\u00e1vanie<\/td>\n<\/tr>\n<tr>\n<td><strong>Spolufinancovan\u00fd fondom:<\/strong><\/td>\n<td>Eur\u00f3psky soci\u00e1lny fond<\/td>\n<\/tr>\n<tr>\n<td><strong>Prioritn\u00e1 os:<\/strong><\/td>\n<td>1.Reforma syst\u00e9mu vzdel\u00e1vania a odbornej pr\u00edpravy<\/td>\n<\/tr>\n<tr>\n<td valign=\"top\"><strong>Opatrenie:<\/strong><\/td>\n<td>1.2 Vysok\u00e9 \u0161koly a v\u00fdskum a v\u00fdvoj ako motory rozvoja vedomostnej spolo\u010dnosti<\/td>\n<\/tr>\n<tr>\n<td><strong>Trvanie projektu:<\/strong><\/td>\n<td>11\/2012 &#8211; 10\/2015<\/td>\n<\/tr>\n<tr>\n<td><strong>V\u00fd\u0161ka NFP:<\/strong><\/td>\n<td>1 869 323,54 Eur<\/td>\n<\/tr>\n<tr>\n<td><strong>Partnerstvo:<\/strong><\/td>\n<td><strong>Hlavn\u00fd rie\u0161ite\u013e: <\/strong>Univerzita Pavla Jozefa \u0160af\u00e1rika v Ko\u0161iciach<\/td>\n<\/tr>\n<tr>\n<td><strong>Person\u00e1lne zlo\u017eenie:<\/strong><\/td>\n<td><strong>Garant odborn\u00fdch aktiv\u00edt: <\/strong>doc. RNDr. Du\u0161an \u0160veda CSc.<br \/> \t\t\t<strong>Projektov\u00fd mana\u017e\u00e9r za UPJ\u0160:<\/strong> RNDr. Sl\u00e1vka Blichov\u00e1<\/td>\n<\/tr>\n<tr>\n<td><strong>Viac inform\u00e1ci\u00ed:<\/strong><\/td>\n<td>\u00a0<\/td>\n<\/tr>\n<\/tbody>\n<\/table>\n<p>\u00a0<\/p>\n<p>\u00a0<\/p>\n<table border=\"1\" cellpadding=\"1\" cellspacing=\"1\" style=\"width:500px\">\n<tbody>\n<tr>\n<td valign=\"top\"><strong><a name=\"KVARK\">N\u00e1zov projektu:<\/a><\/strong><\/td>\n<td><strong><span style=\"color:rgb(0,51,0)\"><span style=\"color:rgb(0,51,0)\">KVARK \u2013 Kvalita vzdel\u00e1vania a rozvoj kompetenci\u00ed doktorandov a postdoktorandov UPJ\u0160<\/span><\/span><\/strong><\/td>\n<\/tr>\n<tr>\n<td><strong>K\u00f3d ITMS projektu:<\/strong><\/td>\n<td>26110230084<\/td>\n<\/tr>\n<tr>\n<td><strong>K\u00f3d V\u00fdzvy:<\/strong><\/td>\n<td>OPV-2011\/1.2\/03-SORO<\/td>\n<\/tr>\n<tr>\n<td><strong>Opera\u010dn\u00fd program:<\/strong><\/td>\n<td>OP Vzdel\u00e1vanie<\/td>\n<\/tr>\n<tr>\n<td><strong>Spolufinancovan\u00fd fondom:<\/strong><\/td>\n<td>Eur\u00f3psky soci\u00e1lny fond<\/td>\n<\/tr>\n<tr>\n<td><strong>Prioritn\u00e1 os:<\/strong><\/td>\n<td>1.Reforma syst\u00e9mu vzdel\u00e1vania a odbornej pr\u00edpravy<\/td>\n<\/tr>\n<tr>\n<td valign=\"top\"><strong>Opatrenie:<\/strong><\/td>\n<td>1.2 Vysok\u00e9 \u0161koly a v\u00fdskum a v\u00fdvoj ako motory rozvoja vedomostnej spolo\u010dnosti<\/td>\n<\/tr>\n<tr>\n<td><strong>Trvanie projektu:<\/strong><\/td>\n<td>12\/2012 &#8211; 11\/2015<\/td>\n<\/tr>\n<tr>\n<td><strong>V\u00fd\u0161ka NFP:<\/strong><\/td>\n<td>1 591 586,88 Eur<\/td>\n<\/tr>\n<tr>\n<td><strong>Partnerstvo:<\/strong><\/td>\n<td><strong>Hlavn\u00fd rie\u0161ite\u013e: <\/strong>Univerzita Pavla Jozefa \u0160af\u00e1rika v Ko\u0161iciach<\/td>\n<\/tr>\n<tr>\n<td><strong>Person\u00e1lne zlo\u017eenie:<\/strong><\/td>\n<td><strong>Garant odborn\u00fdch aktiv\u00edt: <\/strong>prof. RNDr. Pavol M\u00e1rtonfi, PhD.<br \/> \t\t\t<strong>Projektov\u00fd mana\u017e\u00e9r za UPJ\u0160:<\/strong> Mgr. M\u00e1ria Korman\u00edkov\u00e1<\/td>\n<\/tr>\n<tr>\n<td><strong>Viac inform\u00e1ci\u00ed:<\/strong><\/td>\n<td>\u00a0<\/td>\n<\/tr>\n<\/tbody>\n<\/table>\n<p>\u00a0<\/p>\n<p>\u00a0<\/p>\n<table border=\"1\" cellpadding=\"1\" cellspacing=\"1\" style=\"width:500px\">\n<tbody>\n<tr>\n<td><a name=\"MIV\"><strong>N\u00e1zov projektu:<\/strong><\/a><\/td>\n<td><span style=\"color:rgb(0,51,0)\"><strong>Modern\u00e9 a interakt\u00edvne vzdel\u00e1vanie na UPJ\u0160<\/strong><\/span><\/td>\n<\/tr>\n<tr>\n<td><strong>K\u00f3d ITMS projektu:<\/strong><\/td>\n<td>26110230035<\/td>\n<\/tr>\n<tr>\n<td><strong>K\u00f3d V\u00fdzvy:<\/strong><\/td>\n<td>\u00a0OPV-2009\/1.2\/ 01-SORO<\/td>\n<\/tr>\n<tr>\n<td><strong>Opera\u010dn\u00fd program:<\/strong><\/td>\n<td>\u00a0Vzdel\u00e1vanie<\/td>\n<\/tr>\n<tr>\n<td><strong>Spolufinancovan\u00fd fondom:<\/strong><\/td>\n<td>\u00a0Eur\u00f3psky soci\u00e1lny fond<\/td>\n<\/tr>\n<tr>\n<td><strong>Prioritn\u00e1 os:<\/strong><\/td>\n<td>\u00a01.\u00a0\u00a0 Reforma syst\u00e9mu vzdel\u00e1vania a odbornej pr\u00edpravy.<\/td>\n<\/tr>\n<tr>\n<td><strong>Opatrenie:<\/strong><\/td>\n<td>\u00a01.2 Vysok\u00e9 \u0161koly a v\u00fdskum a v\u00fdvoj ako motory rozvoja vedomostnej spolo\u010dnosti.<\/td>\n<\/tr>\n<tr>\n<td><strong>Trvanie projektu:<\/strong><\/td>\n<td>\u00a001.08.2010 do 31.07.2013<\/td>\n<\/tr>\n<tr>\n<td><strong>V\u00fd\u0161ka NFP:<\/strong><\/td>\n<td>\u00a0992 212, 3 EUR<\/td>\n<\/tr>\n<tr>\n<td><strong>Partnerstvo:<\/strong><\/td>\n<td><strong>Hlavn\u00fd rie\u0161ite\u013e <\/strong>\u2013 UPJ\u0160 Pr\u00edrodovedeck\u00e1 fakulta<\/td>\n<\/tr>\n<tr>\n<td valign=\"top\"><strong>Person\u00e1lne zlo\u017eenie:<\/strong><\/td>\n<td><strong>Koordin\u00e1tor odborn\u00fdch aktiv\u00edt<\/strong>&#8211; doc. RNDr. Du\u0161an \u0160veda, CSc.<br \/> \t\t\t<strong>Projektov\u00fd mana\u017e\u00e9r<\/strong>&#8211; Mgr. Ivana Rigasov\u00e1<\/td>\n<\/tr>\n<tr>\n<td><strong>Viac inform\u00e1ci\u00ed:<\/strong><\/td>\n<td><a href=\"http:\/\/miv.ccv.upjs.sk\" target=\"_blank\" rel=\"noopener\">http:\/\/miv.ccv.upjs.sk<\/a><\/td>\n<\/tr>\n<\/tbody>\n<\/table>\n<p>\u00a0<\/p>\n<p>\u00a0<\/p>\n<table border=\"1\" cellpadding=\"1\" cellspacing=\"1\" style=\"width:500px\">\n<tbody>\n<tr>\n<td valign=\"top\"><a name=\"DOKTORAND\"><strong>N\u00e1zov projektu:<\/strong><\/a><\/td>\n<td><strong><span style=\"color:rgb(0,51,0)\">Moderniz\u00e1cia programov doktorandsk\u00e9ho \u0161t\u00fadia v pr\u00edrodn\u00fdch a humanitn\u00fdch ved\u00e1ch na UPJ\u0160 (DOKTORAND)<\/span><\/strong><\/td>\n<\/tr>\n<tr>\n<td><strong>K\u00f3d ITMS projektu:<\/strong><\/td>\n<td>\u00a026110230013<\/td>\n<\/tr>\n<tr>\n<td><strong>K\u00f3d V\u00fdzvy:<\/strong><\/td>\n<td>\u00a0OPV-2009\/1.2\/ 01-SORO<\/td>\n<\/tr>\n<tr>\n<td><strong>Opera\u010dn\u00fd program:<\/strong><\/td>\n<td>\u00a0Vzdel\u00e1vanie<\/td>\n<\/tr>\n<tr>\n<td><strong>Spolufinancovan\u00fd fondom:<\/strong><\/td>\n<td>\u00a0Eur\u00f3psky soci\u00e1lny fond<\/td>\n<\/tr>\n<tr>\n<td><strong>Prioritn\u00e1 os:<\/strong><\/td>\n<td>\u00a01.\u00a0\u00a0 Reforma syst\u00e9mu vzdel\u00e1vania a odbornej pr\u00edpravy.<\/td>\n<\/tr>\n<tr>\n<td>Opatrenie:<\/td>\n<td>\u00a01.2 Vysok\u00e9 \u0161koly a v\u00fdskum a v\u00fdvoj ako motory rozvoja vedomostnej spolo\u010dnosti.<\/td>\n<\/tr>\n<tr>\n<td><strong>Trvanie projektu:<\/strong><\/td>\n<td>\u00a001.10.2010 do 30.09.2013<\/td>\n<\/tr>\n<tr>\n<td><strong>V\u00fd\u0161ka NFP:<\/strong><\/td>\n<td>\u00a0978 405, 11 EUR<\/td>\n<\/tr>\n<tr>\n<td><strong>Partnerstvo:<\/strong><\/td>\n<td><strong>Hlavn\u00fd rie\u0161ite\u013e <\/strong>\u2013 UPJ\u0160 Pr\u00edrodovedeck\u00e1 fakulta<\/td>\n<\/tr>\n<tr>\n<td><strong>Person\u00e1lne zlo\u017eenie:<\/strong><\/td>\n<td><strong>Garant odborn\u00fdch aktiv\u00edt <\/strong>&#8211;\u00a0 prof. RNDr. Pavol Mi\u0161kovsk\u00fd, DrSc.<br \/> \t\t\t<strong>Projektov\u00fd mana\u017e\u00e9r <\/strong>\u2013 RNDr. Katar\u00edna \u0160troffekov\u00e1, CSc.<\/td>\n<\/tr>\n<tr>\n<td><strong>Viac inform\u00e1ci\u00ed:<\/strong><\/td>\n<td><a href=\"http:\/\/www.doktorand.upjs.sk\/\" target=\"_blank\" rel=\"noopener\">http:\/\/www.doktorand.upjs.sk\/<\/a><\/td>\n<\/tr>\n<\/tbody>\n<\/table>\n<p>\u00a0<\/p>\n<p>\u00a0<\/p>\n","protected":false},"excerpt":{"rendered":"<p>N\u00e1zov projektu: SOFOS &#8211; Rozvoj vedomost\u00ed a zru\u010dnost\u00ed zamestnancov a \u0161tudentov UPJ\u0160 s akcentom na medziodborov\u00e9 kompetencie a integr\u00e1ciu do medzin\u00e1rodn\u00fdch v\u00fdskumn\u00fdch centier K\u00f3d ITMS projektu: 26110230088 K\u00f3d V\u00fdzvy: OPV-2012\/1.2\/04-SORO Opera\u010dn\u00fd program: OP Vzdel\u00e1vanie Spolufinancovan\u00fd fondom: Eur\u00f3psky soci\u00e1lny fond Prioritn\u00e1 os: 1.Reforma syst\u00e9mu vzdel\u00e1vania a odbornej pr\u00edpravy Opatrenie: 1.2 Vysok\u00e9 \u0161koly a v\u00fdskum a v\u00fdvoj &hellip; <a href=\"https:\/\/www.upjs.sk\/prirodovedecka-fakulta\/rozvoj\/riesene-projekty\/projektysfeu\/projektyeu\/opvz\/\">\u010c\u00edta\u0165 \u010falej<\/a><\/p>\n","protected":false},"author":1,"featured_media":0,"parent":13066,"menu_order":1,"comment_status":"closed","ping_status":"closed","template":"","meta":{"_acf_changed":false,"_editorskit_title_hidden":false,"_editorskit_reading_time":0,"_editorskit_is_block_options_detached":false,"_editorskit_block_options_position":"{}","footnotes":""},"categories":[],"tags":[],"class_list":["post-15211","page","type-page","status-publish","hentry"],"acf":{"acf_link_na_externy_obsah":""},"yoast_head":"<!-- This site is optimized with the Yoast SEO plugin v27.4 - https:\/\/yoast.com\/product\/yoast-seo-wordpress\/ -->\n<title>Projekty OP Vzdel\u00e1vanie - Pr\u00edrodovedeck\u00e1 fakulta | UPJ\u0160<\/title>\n<meta name=\"robots\" content=\"index, follow, max-snippet:-1, max-image-preview:large, max-video-preview:-1\" \/>\n<link rel=\"canonical\" href=\"https:\/\/www.upjs.sk\/prirodovedecka-fakulta\/rozvoj\/riesene-projekty\/projektysfeu\/projektyeu\/opvz\/\" \/>\n<meta property=\"og:locale\" content=\"sk_SK\" \/>\n<meta property=\"og:type\" content=\"article\" \/>\n<meta property=\"og:title\" content=\"Projekty OP Vzdel\u00e1vanie - Pr\u00edrodovedeck\u00e1 fakulta | UPJ\u0160\" \/>\n<meta property=\"og:description\" content=\"N\u00e1zov projektu: SOFOS &#8211; Rozvoj vedomost\u00ed a zru\u010dnost\u00ed zamestnancov a \u0161tudentov UPJ\u0160 s akcentom na medziodborov\u00e9 kompetencie a integr\u00e1ciu do medzin\u00e1rodn\u00fdch v\u00fdskumn\u00fdch centier K\u00f3d ITMS projektu: 26110230088 K\u00f3d V\u00fdzvy: OPV-2012\/1.2\/04-SORO Opera\u010dn\u00fd program: OP Vzdel\u00e1vanie Spolufinancovan\u00fd fondom: Eur\u00f3psky soci\u00e1lny fond Prioritn\u00e1 os: 1.Reforma syst\u00e9mu vzdel\u00e1vania a odbornej pr\u00edpravy Opatrenie: 1.2 Vysok\u00e9 \u0161koly a v\u00fdskum a v\u00fdvoj &hellip; \u010c\u00edta\u0165 \u010falej\" \/>\n<meta property=\"og:url\" content=\"https:\/\/www.upjs.sk\/prirodovedecka-fakulta\/rozvoj\/riesene-projekty\/projektysfeu\/projektyeu\/opvz\/\" \/>\n<meta property=\"og:site_name\" content=\"Pr\u00edrodovedeck\u00e1 fakulta | UPJ\u0160\" \/>\n<meta property=\"article:modified_time\" content=\"2022-10-26T08:14:31+00:00\" \/>\n<meta name=\"twitter:card\" content=\"summary_large_image\" \/>\n<meta name=\"twitter:label1\" content=\"Predpokladan\u00fd \u010das \u010d\u00edtania\" \/>\n\t<meta name=\"twitter:data1\" content=\"3 min\u00faty\" \/>\n<script type=\"application\/ld+json\" class=\"yoast-schema-graph\">{\"@context\":\"https:\\\/\\\/schema.org\",\"@graph\":[{\"@type\":\"WebPage\",\"@id\":\"https:\\\/\\\/www.upjs.sk\\\/prirodovedecka-fakulta\\\/rozvoj\\\/riesene-projekty\\\/projektysfeu\\\/projektyeu\\\/opvz\\\/\",\"url\":\"https:\\\/\\\/www.upjs.sk\\\/prirodovedecka-fakulta\\\/rozvoj\\\/riesene-projekty\\\/projektysfeu\\\/projektyeu\\\/opvz\\\/\",\"name\":\"Projekty OP Vzdel\u00e1vanie - Pr\u00edrodovedeck\u00e1 fakulta | UPJ\u0160\",\"isPartOf\":{\"@id\":\"https:\\\/\\\/www.upjs.sk\\\/prirodovedecka-fakulta\\\/#website\"},\"datePublished\":\"2021-02-17T15:06:14+00:00\",\"dateModified\":\"2022-10-26T08:14:31+00:00\",\"breadcrumb\":{\"@id\":\"https:\\\/\\\/www.upjs.sk\\\/prirodovedecka-fakulta\\\/rozvoj\\\/riesene-projekty\\\/projektysfeu\\\/projektyeu\\\/opvz\\\/#breadcrumb\"},\"inLanguage\":\"sk-SK\",\"potentialAction\":[{\"@type\":\"ReadAction\",\"target\":[\"https:\\\/\\\/www.upjs.sk\\\/prirodovedecka-fakulta\\\/rozvoj\\\/riesene-projekty\\\/projektysfeu\\\/projektyeu\\\/opvz\\\/\"]}]},{\"@type\":\"BreadcrumbList\",\"@id\":\"https:\\\/\\\/www.upjs.sk\\\/prirodovedecka-fakulta\\\/rozvoj\\\/riesene-projekty\\\/projektysfeu\\\/projektyeu\\\/opvz\\\/#breadcrumb\",\"itemListElement\":[{\"@type\":\"ListItem\",\"position\":1,\"name\":\"Home\",\"item\":\"https:\\\/\\\/www.upjs.sk\\\/prirodovedecka-fakulta\\\/\"},{\"@type\":\"ListItem\",\"position\":2,\"name\":\"Rozvoj\",\"item\":\"https:\\\/\\\/www.upjs.sk\\\/prirodovedecka-fakulta\\\/rozvoj\\\/\"},{\"@type\":\"ListItem\",\"position\":3,\"name\":\"Rie\u0161en\u00e9 projekty\",\"item\":\"https:\\\/\\\/www.upjs.sk\\\/prirodovedecka-fakulta\\\/rozvoj\\\/riesene-projekty\\\/\"},{\"@type\":\"ListItem\",\"position\":4,\"name\":\"Projekty zo \u0161truktur\u00e1lnych fondov E\u00da\",\"item\":\"https:\\\/\\\/www.upjs.sk\\\/prirodovedecka-fakulta\\\/rozvoj\\\/riesene-projekty\\\/projektysfeu\\\/\"},{\"@type\":\"ListItem\",\"position\":5,\"name\":\"Projekty zo \u0161truktur\u00e1lnych fondov E\u00da\",\"item\":\"https:\\\/\\\/www.upjs.sk\\\/prirodovedecka-fakulta\\\/?page_id=13066\"},{\"@type\":\"ListItem\",\"position\":6,\"name\":\"Projekty OP Vzdel\u00e1vanie\"}]},{\"@type\":\"WebSite\",\"@id\":\"https:\\\/\\\/www.upjs.sk\\\/prirodovedecka-fakulta\\\/#website\",\"url\":\"https:\\\/\\\/www.upjs.sk\\\/prirodovedecka-fakulta\\\/\",\"name\":\"Pr\u00edrodovedeck\u00e1 fakulta | UPJ\u0160\",\"description\":\"\",\"publisher\":{\"@id\":\"https:\\\/\\\/www.upjs.sk\\\/prirodovedecka-fakulta\\\/#organization\"},\"potentialAction\":[{\"@type\":\"SearchAction\",\"target\":{\"@type\":\"EntryPoint\",\"urlTemplate\":\"https:\\\/\\\/www.upjs.sk\\\/prirodovedecka-fakulta\\\/?s={search_term_string}\"},\"query-input\":{\"@type\":\"PropertyValueSpecification\",\"valueRequired\":true,\"valueName\":\"search_term_string\"}}],\"inLanguage\":\"sk-SK\"},{\"@type\":\"Organization\",\"@id\":\"https:\\\/\\\/www.upjs.sk\\\/prirodovedecka-fakulta\\\/#organization\",\"name\":\"Pr\u00edrodovedeck\u00e1 fakulta | UPJ\u0160\",\"url\":\"https:\\\/\\\/www.upjs.sk\\\/prirodovedecka-fakulta\\\/\",\"logo\":{\"@type\":\"ImageObject\",\"inLanguage\":\"sk-SK\",\"@id\":\"https:\\\/\\\/www.upjs.sk\\\/prirodovedecka-fakulta\\\/#\\\/schema\\\/logo\\\/image\\\/\",\"url\":\"https:\\\/\\\/www.upjs.sk\\\/app\\\/uploads\\\/sites\\\/10\\\/2022\\\/09\\\/logo-prirodovedecka-fakulta.png\",\"contentUrl\":\"https:\\\/\\\/www.upjs.sk\\\/app\\\/uploads\\\/sites\\\/10\\\/2022\\\/09\\\/logo-prirodovedecka-fakulta.png\",\"width\":415,\"height\":87,\"caption\":\"Pr\u00edrodovedeck\u00e1 fakulta | UPJ\u0160\"},\"image\":{\"@id\":\"https:\\\/\\\/www.upjs.sk\\\/prirodovedecka-fakulta\\\/#\\\/schema\\\/logo\\\/image\\\/\"}}]}<\/script>\n<!-- \/ Yoast SEO plugin. -->","yoast_head_json":{"title":"Projekty OP Vzdel\u00e1vanie - Pr\u00edrodovedeck\u00e1 fakulta | UPJ\u0160","robots":{"index":"index","follow":"follow","max-snippet":"max-snippet:-1","max-image-preview":"max-image-preview:large","max-video-preview":"max-video-preview:-1"},"canonical":"https:\/\/www.upjs.sk\/prirodovedecka-fakulta\/rozvoj\/riesene-projekty\/projektysfeu\/projektyeu\/opvz\/","og_locale":"sk_SK","og_type":"article","og_title":"Projekty OP Vzdel\u00e1vanie - Pr\u00edrodovedeck\u00e1 fakulta | UPJ\u0160","og_description":"N\u00e1zov projektu: SOFOS &#8211; Rozvoj vedomost\u00ed a zru\u010dnost\u00ed zamestnancov a \u0161tudentov UPJ\u0160 s akcentom na medziodborov\u00e9 kompetencie a integr\u00e1ciu do medzin\u00e1rodn\u00fdch v\u00fdskumn\u00fdch centier K\u00f3d ITMS projektu: 26110230088 K\u00f3d V\u00fdzvy: OPV-2012\/1.2\/04-SORO Opera\u010dn\u00fd program: OP Vzdel\u00e1vanie Spolufinancovan\u00fd fondom: Eur\u00f3psky soci\u00e1lny fond Prioritn\u00e1 os: 1.Reforma syst\u00e9mu vzdel\u00e1vania a odbornej pr\u00edpravy Opatrenie: 1.2 Vysok\u00e9 \u0161koly a v\u00fdskum a v\u00fdvoj &hellip; \u010c\u00edta\u0165 \u010falej","og_url":"https:\/\/www.upjs.sk\/prirodovedecka-fakulta\/rozvoj\/riesene-projekty\/projektysfeu\/projektyeu\/opvz\/","og_site_name":"Pr\u00edrodovedeck\u00e1 fakulta | UPJ\u0160","article_modified_time":"2022-10-26T08:14:31+00:00","twitter_card":"summary_large_image","twitter_misc":{"Predpokladan\u00fd \u010das \u010d\u00edtania":"3 min\u00faty"},"schema":{"@context":"https:\/\/schema.org","@graph":[{"@type":"WebPage","@id":"https:\/\/www.upjs.sk\/prirodovedecka-fakulta\/rozvoj\/riesene-projekty\/projektysfeu\/projektyeu\/opvz\/","url":"https:\/\/www.upjs.sk\/prirodovedecka-fakulta\/rozvoj\/riesene-projekty\/projektysfeu\/projektyeu\/opvz\/","name":"Projekty OP Vzdel\u00e1vanie - Pr\u00edrodovedeck\u00e1 fakulta | UPJ\u0160","isPartOf":{"@id":"https:\/\/www.upjs.sk\/prirodovedecka-fakulta\/#website"},"datePublished":"2021-02-17T15:06:14+00:00","dateModified":"2022-10-26T08:14:31+00:00","breadcrumb":{"@id":"https:\/\/www.upjs.sk\/prirodovedecka-fakulta\/rozvoj\/riesene-projekty\/projektysfeu\/projektyeu\/opvz\/#breadcrumb"},"inLanguage":"sk-SK","potentialAction":[{"@type":"ReadAction","target":["https:\/\/www.upjs.sk\/prirodovedecka-fakulta\/rozvoj\/riesene-projekty\/projektysfeu\/projektyeu\/opvz\/"]}]},{"@type":"BreadcrumbList","@id":"https:\/\/www.upjs.sk\/prirodovedecka-fakulta\/rozvoj\/riesene-projekty\/projektysfeu\/projektyeu\/opvz\/#breadcrumb","itemListElement":[{"@type":"ListItem","position":1,"name":"Home","item":"https:\/\/www.upjs.sk\/prirodovedecka-fakulta\/"},{"@type":"ListItem","position":2,"name":"Rozvoj","item":"https:\/\/www.upjs.sk\/prirodovedecka-fakulta\/rozvoj\/"},{"@type":"ListItem","position":3,"name":"Rie\u0161en\u00e9 projekty","item":"https:\/\/www.upjs.sk\/prirodovedecka-fakulta\/rozvoj\/riesene-projekty\/"},{"@type":"ListItem","position":4,"name":"Projekty zo \u0161truktur\u00e1lnych fondov E\u00da","item":"https:\/\/www.upjs.sk\/prirodovedecka-fakulta\/rozvoj\/riesene-projekty\/projektysfeu\/"},{"@type":"ListItem","position":5,"name":"Projekty zo \u0161truktur\u00e1lnych fondov E\u00da","item":"https:\/\/www.upjs.sk\/prirodovedecka-fakulta\/?page_id=13066"},{"@type":"ListItem","position":6,"name":"Projekty OP Vzdel\u00e1vanie"}]},{"@type":"WebSite","@id":"https:\/\/www.upjs.sk\/prirodovedecka-fakulta\/#website","url":"https:\/\/www.upjs.sk\/prirodovedecka-fakulta\/","name":"Pr\u00edrodovedeck\u00e1 fakulta | UPJ\u0160","description":"","publisher":{"@id":"https:\/\/www.upjs.sk\/prirodovedecka-fakulta\/#organization"},"potentialAction":[{"@type":"SearchAction","target":{"@type":"EntryPoint","urlTemplate":"https:\/\/www.upjs.sk\/prirodovedecka-fakulta\/?s={search_term_string}"},"query-input":{"@type":"PropertyValueSpecification","valueRequired":true,"valueName":"search_term_string"}}],"inLanguage":"sk-SK"},{"@type":"Organization","@id":"https:\/\/www.upjs.sk\/prirodovedecka-fakulta\/#organization","name":"Pr\u00edrodovedeck\u00e1 fakulta | UPJ\u0160","url":"https:\/\/www.upjs.sk\/prirodovedecka-fakulta\/","logo":{"@type":"ImageObject","inLanguage":"sk-SK","@id":"https:\/\/www.upjs.sk\/prirodovedecka-fakulta\/#\/schema\/logo\/image\/","url":"https:\/\/www.upjs.sk\/app\/uploads\/sites\/10\/2022\/09\/logo-prirodovedecka-fakulta.png","contentUrl":"https:\/\/www.upjs.sk\/app\/uploads\/sites\/10\/2022\/09\/logo-prirodovedecka-fakulta.png","width":415,"height":87,"caption":"Pr\u00edrodovedeck\u00e1 fakulta | UPJ\u0160"},"image":{"@id":"https:\/\/www.upjs.sk\/prirodovedecka-fakulta\/#\/schema\/logo\/image\/"}}]}},"_links":{"self":[{"href":"https:\/\/www.upjs.sk\/prirodovedecka-fakulta\/wp-json\/wp\/v2\/pages\/15211","targetHints":{"allow":["GET"]}}],"collection":[{"href":"https:\/\/www.upjs.sk\/prirodovedecka-fakulta\/wp-json\/wp\/v2\/pages"}],"about":[{"href":"https:\/\/www.upjs.sk\/prirodovedecka-fakulta\/wp-json\/wp\/v2\/types\/page"}],"author":[{"embeddable":true,"href":"https:\/\/www.upjs.sk\/prirodovedecka-fakulta\/wp-json\/wp\/v2\/users\/1"}],"replies":[{"embeddable":true,"href":"https:\/\/www.upjs.sk\/prirodovedecka-fakulta\/wp-json\/wp\/v2\/comments?post=15211"}],"version-history":[{"count":1,"href":"https:\/\/www.upjs.sk\/prirodovedecka-fakulta\/wp-json\/wp\/v2\/pages\/15211\/revisions"}],"predecessor-version":[{"id":19545,"href":"https:\/\/www.upjs.sk\/prirodovedecka-fakulta\/wp-json\/wp\/v2\/pages\/15211\/revisions\/19545"}],"up":[{"embeddable":true,"href":"https:\/\/www.upjs.sk\/prirodovedecka-fakulta\/wp-json\/wp\/v2\/pages\/13066"}],"wp:attachment":[{"href":"https:\/\/www.upjs.sk\/prirodovedecka-fakulta\/wp-json\/wp\/v2\/media?parent=15211"}],"wp:term":[{"taxonomy":"category","embeddable":true,"href":"https:\/\/www.upjs.sk\/prirodovedecka-fakulta\/wp-json\/wp\/v2\/categories?post=15211"},{"taxonomy":"post_tag","embeddable":true,"href":"https:\/\/www.upjs.sk\/prirodovedecka-fakulta\/wp-json\/wp\/v2\/tags?post=15211"}],"curies":[{"name":"wp","href":"https:\/\/api.w.org\/{rel}","templated":true}]}}