{"id":19082,"date":"2012-06-01T12:23:14","date_gmt":"2012-06-01T12:23:14","guid":{"rendered":"https:\/\/www.upjs.sk\/prirodovedecka-fakulta\/absolventi\/as\/archiv\/hostia-jo\/"},"modified":"2022-10-26T08:13:33","modified_gmt":"2022-10-26T08:13:33","slug":"hostia-jo","status":"publish","type":"page","link":"https:\/\/www.upjs.sk\/prirodovedecka-fakulta\/absolventi\/as\/archiv\/hostia-jo\/","title":{"rendered":"RNDr. Jozef Ond\u00e1\u0161, CSc., MBA"},"content":{"rendered":"<p style=\"text-align: justify;\"> \t<img decoding=\"async\" alt=\"\" src=\"\/images\/resized\/7131\/Ondas_m.jpg\" style=\"margin: 10px; width: 250px; height: 375px; float: right;\" \/><strong>Ja, Management a Informa\u010dn\u00e9 technol\u00f3gie<\/strong><\/p>\n<p style=\"text-align: justify;\"> \t1974\u00a0\u00a0 Univerzita P. J. \u0160af\u00e1rika Ko\u0161ice, PF, Matematika, RNDr. v 1979\u00a0<br \/> \t1987\u00a0\u00a0 CSc. (PhD.) v aplikovanej matematike na Technickej univerzite Ko\u0161ice<br \/> \t2000\u00a0\u00a0 MBA, Open University Business School, Milton Keynes, UK<br \/> \t1974 &#8211; 1989\u00a0\u00a0 VS\u017d Ko\u0161ice, Informatika a Automatiz\u00e1cia, Centr\u00e1lna \u00fadr\u017eba<br \/> \t1990 &#8211; 1993\u00a0\u00a0 IBM Slovakia, Obchodn\u00fd riadite\u013e a riadite\u013e pobo\u010diek v Ko\u0161iciach a Banskej Bystrici<br \/> \t1993 &#8211; 1997\u00a0\u00a0 SAP Slovakia, Obchodn\u00fd a nesk\u00f4r Gener\u00e1lny riadite\u013e<br \/> \t1997 &#8211; 1998\u00a0\u00a0 \u017deleznice SR, Riadite\u013e pre obchod a marketing<br \/> \t1999 \u2013 2002\u00a0\u00a0 IBM Kuwait (KBM), Gener\u00e1lny riadite\u013e<br \/> \t2003 \u2013 2006\u00a0\u00a0 Partner v Management Skill Base (Business process management, Change\u00a0\u00a0 management,\u00a0 Project management, Performance management, Leadership, &#8230;)<br \/> \t2003 \u2013 2006\u00a0\u00a0 Intern\u00fd a extern\u00fd poradca Ministerstva Financi\u00ed<br \/> \t2003 \u2013 2006\u00a0\u00a0 \u010clen riadiaceho v\u00fdboru pre reformu syst\u00e9mu riadenia verejn\u00fdch financi\u00ed<br \/> \t2003 \u2013 2005\u00a0\u00a0 \u010clen riadiaceho v\u00fdboru pre projekt syst\u00e9mu \u0160t\u00e1tnej pokladnice\u00a0\u00a0\u00a0\u00a0<br \/> \t2006 \u2013 2011\u00a0 Gener\u00e1lny riadite\u013e (CEO) T-Systems Slovakia (z 0 na 2100 zamestnancov)<br \/> \t2007\u00a0IT osobnos\u0165 roka (ITAS a PC Revue)<br \/> \t2010\u00a0Osobnos\u0165 roka HR Gold<br \/> \t2010\u00a0Manager roka (Trend)<\/p>\n<p style=\"text-align: justify;\"> \t\u00a0<\/p>\n<p style=\"text-align: justify;\"> \t<strong>M\u00f4j \u017eivot v in\u00fdch organiz\u00e1ci\u00e1ch a charite<\/strong><\/p>\n<p style=\"text-align: justify;\"> \t\u00dasmev ako Dar \u2013 dlhodobo od roku 1992 bl\u00edzky spolupracovn\u00edk<br \/> \tDVC n.o. \u2013 Domovsk\u00e9 vzdel\u00e1vacie centrum Dunajsk\u00e1 Lu\u017en\u00e1, zakladate\u013e, predseda Spr\u00e1vnej rady<br \/> \tDeDo \u2013 nad\u00e1cia Solidarita s De\u0165mi z Detsk\u00fdch Domovov, zakladate\u013e, predseda Spr\u00e1vnej rady<br \/> \tDorka n.o. \u2013 Centrum pre Obnovu Rodiny Ko\u0161ice, Ro\u017e\u0148ava, Jasov, Pre\u0161ov, zakladate\u013e a predseda\u00a0\u00a0<br \/> \tSpr\u00e1vnej rady<br \/> \tOcenenie Ministra PSVaR \u2013 Za soci\u00e1lny \u010din roka 2004<br \/> \tTechnick\u00e1 univerzita Ko\u0161ice<\/p>\n<ul>\n<li> \t\t2007 &#8211; 2011 \u010dlen Vedeckej rady<\/li>\n<li> \t\t2007 &#8211; 2012 \u010dlen Spr\u00e1vnej rady<\/li>\n<\/ul>\n<p style=\"text-align: justify;\"> \tUniverzita P. J. \u0160af\u00e1rika Ko\u0161ice<\/p>\n<ul>\n<li style=\"text-align: justify;\"> \t\t2007 &#8211; 2011 \u010dlen vedeckej rady PF UPJ\u0160<\/li>\n<li style=\"text-align: justify;\"> \t\t2008 &#8211; 2012 \u010dlen Spr\u00e1vnej rady\u00a0\u00a0<\/li>\n<\/ul>\n<p style=\"text-align: justify;\"> \tKo\u0161ice IT Valley \u2013<\/p>\n<ul>\n<li style=\"text-align: justify;\"> \t\t2007 \u2013 2010 predseda Spr\u00e1vnej rady<\/li>\n<li style=\"text-align: justify;\"> \t\t2012 \u2013 v\u00fdkonn\u00fd riadite\u013e<\/li>\n<\/ul>\n","protected":false},"excerpt":{"rendered":"<p>Ja, Management a Informa\u010dn\u00e9 technol\u00f3gie 1974\u00a0\u00a0 Univerzita P. J. \u0160af\u00e1rika Ko\u0161ice, PF, Matematika, RNDr. v 1979\u00a0 1987\u00a0\u00a0 CSc. (PhD.) v aplikovanej matematike na Technickej univerzite Ko\u0161ice 2000\u00a0\u00a0 MBA, Open University Business School, Milton Keynes, UK 1974 &#8211; 1989\u00a0\u00a0 VS\u017d Ko\u0161ice, Informatika a Automatiz\u00e1cia, Centr\u00e1lna \u00fadr\u017eba 1990 &#8211; 1993\u00a0\u00a0 IBM Slovakia, Obchodn\u00fd riadite\u013e a riadite\u013e pobo\u010diek &hellip; <a href=\"https:\/\/www.upjs.sk\/prirodovedecka-fakulta\/absolventi\/as\/archiv\/hostia-jo\/\">\u010c\u00edta\u0165 \u010falej<\/a><\/p>\n","protected":false},"author":1,"featured_media":19084,"parent":17197,"menu_order":2,"comment_status":"closed","ping_status":"closed","template":"","meta":{"_acf_changed":false,"_editorskit_title_hidden":false,"_editorskit_reading_time":0,"_editorskit_is_block_options_detached":false,"_editorskit_block_options_position":"{}","footnotes":""},"categories":[],"tags":[],"class_list":["post-19082","page","type-page","status-publish","has-post-thumbnail","hentry"],"acf":{"acf_link_na_externy_obsah":""},"yoast_head":"<!-- This site is optimized with the Yoast SEO plugin v27.4 - https:\/\/yoast.com\/product\/yoast-seo-wordpress\/ -->\n<title>RNDr. Jozef Ond\u00e1\u0161, CSc., MBA - Pr\u00edrodovedeck\u00e1 fakulta | UPJ\u0160<\/title>\n<meta name=\"robots\" content=\"index, follow, max-snippet:-1, max-image-preview:large, max-video-preview:-1\" \/>\n<link rel=\"canonical\" href=\"https:\/\/www.upjs.sk\/prirodovedecka-fakulta\/absolventi\/as\/archiv\/hostia-jo\/\" \/>\n<meta property=\"og:locale\" content=\"sk_SK\" \/>\n<meta property=\"og:type\" content=\"article\" \/>\n<meta property=\"og:title\" content=\"RNDr. Jozef Ond\u00e1\u0161, CSc., MBA - Pr\u00edrodovedeck\u00e1 fakulta | UPJ\u0160\" \/>\n<meta property=\"og:description\" content=\"Ja, Management a Informa\u010dn\u00e9 technol\u00f3gie 1974\u00a0\u00a0 Univerzita P. J. \u0160af\u00e1rika Ko\u0161ice, PF, Matematika, RNDr. v 1979\u00a0 1987\u00a0\u00a0 CSc. (PhD.) v aplikovanej matematike na Technickej univerzite Ko\u0161ice 2000\u00a0\u00a0 MBA, Open University Business School, Milton Keynes, UK 1974 &#8211; 1989\u00a0\u00a0 VS\u017d Ko\u0161ice, Informatika a Automatiz\u00e1cia, Centr\u00e1lna \u00fadr\u017eba 1990 &#8211; 1993\u00a0\u00a0 IBM Slovakia, Obchodn\u00fd riadite\u013e a riadite\u013e pobo\u010diek &hellip; \u010c\u00edta\u0165 \u010falej\" \/>\n<meta property=\"og:url\" content=\"https:\/\/www.upjs.sk\/prirodovedecka-fakulta\/absolventi\/as\/archiv\/hostia-jo\/\" \/>\n<meta property=\"og:site_name\" content=\"Pr\u00edrodovedeck\u00e1 fakulta | UPJ\u0160\" \/>\n<meta property=\"article:modified_time\" content=\"2022-10-26T08:13:33+00:00\" \/>\n<meta property=\"og:image\" content=\"https:\/\/www.upjs.sk\/app\/uploads\/sites\/10\/2022\/10\/Ondas_m.jpg\" \/>\n\t<meta property=\"og:image:width\" content=\"427\" \/>\n\t<meta property=\"og:image:height\" content=\"640\" \/>\n\t<meta property=\"og:image:type\" content=\"image\/jpeg\" \/>\n<meta name=\"twitter:card\" content=\"summary_large_image\" \/>\n<meta name=\"twitter:label1\" content=\"Predpokladan\u00fd \u010das \u010d\u00edtania\" \/>\n\t<meta name=\"twitter:data1\" content=\"1 min\u00fata\" \/>\n<script type=\"application\/ld+json\" class=\"yoast-schema-graph\">{\"@context\":\"https:\\\/\\\/schema.org\",\"@graph\":[{\"@type\":\"WebPage\",\"@id\":\"https:\\\/\\\/www.upjs.sk\\\/prirodovedecka-fakulta\\\/absolventi\\\/as\\\/archiv\\\/hostia-jo\\\/\",\"url\":\"https:\\\/\\\/www.upjs.sk\\\/prirodovedecka-fakulta\\\/absolventi\\\/as\\\/archiv\\\/hostia-jo\\\/\",\"name\":\"RNDr. Jozef Ond\u00e1\u0161, CSc., MBA - Pr\u00edrodovedeck\u00e1 fakulta | UPJ\u0160\",\"isPartOf\":{\"@id\":\"https:\\\/\\\/www.upjs.sk\\\/prirodovedecka-fakulta\\\/#website\"},\"primaryImageOfPage\":{\"@id\":\"https:\\\/\\\/www.upjs.sk\\\/prirodovedecka-fakulta\\\/absolventi\\\/as\\\/archiv\\\/hostia-jo\\\/#primaryimage\"},\"image\":{\"@id\":\"https:\\\/\\\/www.upjs.sk\\\/prirodovedecka-fakulta\\\/absolventi\\\/as\\\/archiv\\\/hostia-jo\\\/#primaryimage\"},\"thumbnailUrl\":\"https:\\\/\\\/www.upjs.sk\\\/app\\\/uploads\\\/sites\\\/10\\\/2022\\\/10\\\/Ondas_m.jpg\",\"datePublished\":\"2012-06-01T12:23:14+00:00\",\"dateModified\":\"2022-10-26T08:13:33+00:00\",\"breadcrumb\":{\"@id\":\"https:\\\/\\\/www.upjs.sk\\\/prirodovedecka-fakulta\\\/absolventi\\\/as\\\/archiv\\\/hostia-jo\\\/#breadcrumb\"},\"inLanguage\":\"sk-SK\",\"potentialAction\":[{\"@type\":\"ReadAction\",\"target\":[\"https:\\\/\\\/www.upjs.sk\\\/prirodovedecka-fakulta\\\/absolventi\\\/as\\\/archiv\\\/hostia-jo\\\/\"]}]},{\"@type\":\"ImageObject\",\"inLanguage\":\"sk-SK\",\"@id\":\"https:\\\/\\\/www.upjs.sk\\\/prirodovedecka-fakulta\\\/absolventi\\\/as\\\/archiv\\\/hostia-jo\\\/#primaryimage\",\"url\":\"https:\\\/\\\/www.upjs.sk\\\/app\\\/uploads\\\/sites\\\/10\\\/2022\\\/10\\\/Ondas_m.jpg\",\"contentUrl\":\"https:\\\/\\\/www.upjs.sk\\\/app\\\/uploads\\\/sites\\\/10\\\/2022\\\/10\\\/Ondas_m.jpg\",\"width\":427,\"height\":640,\"caption\":\"hostia-jo\"},{\"@type\":\"BreadcrumbList\",\"@id\":\"https:\\\/\\\/www.upjs.sk\\\/prirodovedecka-fakulta\\\/absolventi\\\/as\\\/archiv\\\/hostia-jo\\\/#breadcrumb\",\"itemListElement\":[{\"@type\":\"ListItem\",\"position\":1,\"name\":\"Home\",\"item\":\"https:\\\/\\\/www.upjs.sk\\\/prirodovedecka-fakulta\\\/\"},{\"@type\":\"ListItem\",\"position\":2,\"name\":\"Inform\u00e1cie pre absolventov\",\"item\":\"https:\\\/\\\/www.upjs.sk\\\/prirodovedecka-fakulta\\\/?page_id=13007\"},{\"@type\":\"ListItem\",\"position\":3,\"name\":\"ALUMNI SPACE &#8230;.cesta za \u00faspechom\",\"item\":\"https:\\\/\\\/www.upjs.sk\\\/prirodovedecka-fakulta\\\/absolventi\\\/as\\\/\"},{\"@type\":\"ListItem\",\"position\":4,\"name\":\"ALUMNI SPACE &#8211; arch\u00edv\",\"item\":\"https:\\\/\\\/www.upjs.sk\\\/prirodovedecka-fakulta\\\/absolventi\\\/as\\\/archiv\\\/\"},{\"@type\":\"ListItem\",\"position\":5,\"name\":\"RNDr. Jozef Ond\u00e1\u0161, CSc., MBA\"}]},{\"@type\":\"WebSite\",\"@id\":\"https:\\\/\\\/www.upjs.sk\\\/prirodovedecka-fakulta\\\/#website\",\"url\":\"https:\\\/\\\/www.upjs.sk\\\/prirodovedecka-fakulta\\\/\",\"name\":\"Pr\u00edrodovedeck\u00e1 fakulta | UPJ\u0160\",\"description\":\"\",\"publisher\":{\"@id\":\"https:\\\/\\\/www.upjs.sk\\\/prirodovedecka-fakulta\\\/#organization\"},\"potentialAction\":[{\"@type\":\"SearchAction\",\"target\":{\"@type\":\"EntryPoint\",\"urlTemplate\":\"https:\\\/\\\/www.upjs.sk\\\/prirodovedecka-fakulta\\\/?s={search_term_string}\"},\"query-input\":{\"@type\":\"PropertyValueSpecification\",\"valueRequired\":true,\"valueName\":\"search_term_string\"}}],\"inLanguage\":\"sk-SK\"},{\"@type\":\"Organization\",\"@id\":\"https:\\\/\\\/www.upjs.sk\\\/prirodovedecka-fakulta\\\/#organization\",\"name\":\"Pr\u00edrodovedeck\u00e1 fakulta | UPJ\u0160\",\"url\":\"https:\\\/\\\/www.upjs.sk\\\/prirodovedecka-fakulta\\\/\",\"logo\":{\"@type\":\"ImageObject\",\"inLanguage\":\"sk-SK\",\"@id\":\"https:\\\/\\\/www.upjs.sk\\\/prirodovedecka-fakulta\\\/#\\\/schema\\\/logo\\\/image\\\/\",\"url\":\"https:\\\/\\\/www.upjs.sk\\\/app\\\/uploads\\\/sites\\\/10\\\/2022\\\/09\\\/logo-prirodovedecka-fakulta.png\",\"contentUrl\":\"https:\\\/\\\/www.upjs.sk\\\/app\\\/uploads\\\/sites\\\/10\\\/2022\\\/09\\\/logo-prirodovedecka-fakulta.png\",\"width\":415,\"height\":87,\"caption\":\"Pr\u00edrodovedeck\u00e1 fakulta | UPJ\u0160\"},\"image\":{\"@id\":\"https:\\\/\\\/www.upjs.sk\\\/prirodovedecka-fakulta\\\/#\\\/schema\\\/logo\\\/image\\\/\"}}]}<\/script>\n<!-- \/ Yoast SEO plugin. -->","yoast_head_json":{"title":"RNDr. Jozef Ond\u00e1\u0161, CSc., MBA - Pr\u00edrodovedeck\u00e1 fakulta | UPJ\u0160","robots":{"index":"index","follow":"follow","max-snippet":"max-snippet:-1","max-image-preview":"max-image-preview:large","max-video-preview":"max-video-preview:-1"},"canonical":"https:\/\/www.upjs.sk\/prirodovedecka-fakulta\/absolventi\/as\/archiv\/hostia-jo\/","og_locale":"sk_SK","og_type":"article","og_title":"RNDr. Jozef Ond\u00e1\u0161, CSc., MBA - Pr\u00edrodovedeck\u00e1 fakulta | UPJ\u0160","og_description":"Ja, Management a Informa\u010dn\u00e9 technol\u00f3gie 1974\u00a0\u00a0 Univerzita P. J. \u0160af\u00e1rika Ko\u0161ice, PF, Matematika, RNDr. v 1979\u00a0 1987\u00a0\u00a0 CSc. (PhD.) v aplikovanej matematike na Technickej univerzite Ko\u0161ice 2000\u00a0\u00a0 MBA, Open University Business School, Milton Keynes, UK 1974 &#8211; 1989\u00a0\u00a0 VS\u017d Ko\u0161ice, Informatika a Automatiz\u00e1cia, Centr\u00e1lna \u00fadr\u017eba 1990 &#8211; 1993\u00a0\u00a0 IBM Slovakia, Obchodn\u00fd riadite\u013e a riadite\u013e pobo\u010diek &hellip; \u010c\u00edta\u0165 \u010falej","og_url":"https:\/\/www.upjs.sk\/prirodovedecka-fakulta\/absolventi\/as\/archiv\/hostia-jo\/","og_site_name":"Pr\u00edrodovedeck\u00e1 fakulta | UPJ\u0160","article_modified_time":"2022-10-26T08:13:33+00:00","og_image":[{"width":427,"height":640,"url":"https:\/\/www.upjs.sk\/app\/uploads\/sites\/10\/2022\/10\/Ondas_m.jpg","type":"image\/jpeg"}],"twitter_card":"summary_large_image","twitter_misc":{"Predpokladan\u00fd \u010das \u010d\u00edtania":"1 min\u00fata"},"schema":{"@context":"https:\/\/schema.org","@graph":[{"@type":"WebPage","@id":"https:\/\/www.upjs.sk\/prirodovedecka-fakulta\/absolventi\/as\/archiv\/hostia-jo\/","url":"https:\/\/www.upjs.sk\/prirodovedecka-fakulta\/absolventi\/as\/archiv\/hostia-jo\/","name":"RNDr. Jozef Ond\u00e1\u0161, CSc., MBA - Pr\u00edrodovedeck\u00e1 fakulta | UPJ\u0160","isPartOf":{"@id":"https:\/\/www.upjs.sk\/prirodovedecka-fakulta\/#website"},"primaryImageOfPage":{"@id":"https:\/\/www.upjs.sk\/prirodovedecka-fakulta\/absolventi\/as\/archiv\/hostia-jo\/#primaryimage"},"image":{"@id":"https:\/\/www.upjs.sk\/prirodovedecka-fakulta\/absolventi\/as\/archiv\/hostia-jo\/#primaryimage"},"thumbnailUrl":"https:\/\/www.upjs.sk\/app\/uploads\/sites\/10\/2022\/10\/Ondas_m.jpg","datePublished":"2012-06-01T12:23:14+00:00","dateModified":"2022-10-26T08:13:33+00:00","breadcrumb":{"@id":"https:\/\/www.upjs.sk\/prirodovedecka-fakulta\/absolventi\/as\/archiv\/hostia-jo\/#breadcrumb"},"inLanguage":"sk-SK","potentialAction":[{"@type":"ReadAction","target":["https:\/\/www.upjs.sk\/prirodovedecka-fakulta\/absolventi\/as\/archiv\/hostia-jo\/"]}]},{"@type":"ImageObject","inLanguage":"sk-SK","@id":"https:\/\/www.upjs.sk\/prirodovedecka-fakulta\/absolventi\/as\/archiv\/hostia-jo\/#primaryimage","url":"https:\/\/www.upjs.sk\/app\/uploads\/sites\/10\/2022\/10\/Ondas_m.jpg","contentUrl":"https:\/\/www.upjs.sk\/app\/uploads\/sites\/10\/2022\/10\/Ondas_m.jpg","width":427,"height":640,"caption":"hostia-jo"},{"@type":"BreadcrumbList","@id":"https:\/\/www.upjs.sk\/prirodovedecka-fakulta\/absolventi\/as\/archiv\/hostia-jo\/#breadcrumb","itemListElement":[{"@type":"ListItem","position":1,"name":"Home","item":"https:\/\/www.upjs.sk\/prirodovedecka-fakulta\/"},{"@type":"ListItem","position":2,"name":"Inform\u00e1cie pre absolventov","item":"https:\/\/www.upjs.sk\/prirodovedecka-fakulta\/?page_id=13007"},{"@type":"ListItem","position":3,"name":"ALUMNI SPACE &#8230;.cesta za \u00faspechom","item":"https:\/\/www.upjs.sk\/prirodovedecka-fakulta\/absolventi\/as\/"},{"@type":"ListItem","position":4,"name":"ALUMNI SPACE &#8211; arch\u00edv","item":"https:\/\/www.upjs.sk\/prirodovedecka-fakulta\/absolventi\/as\/archiv\/"},{"@type":"ListItem","position":5,"name":"RNDr. Jozef Ond\u00e1\u0161, CSc., MBA"}]},{"@type":"WebSite","@id":"https:\/\/www.upjs.sk\/prirodovedecka-fakulta\/#website","url":"https:\/\/www.upjs.sk\/prirodovedecka-fakulta\/","name":"Pr\u00edrodovedeck\u00e1 fakulta | UPJ\u0160","description":"","publisher":{"@id":"https:\/\/www.upjs.sk\/prirodovedecka-fakulta\/#organization"},"potentialAction":[{"@type":"SearchAction","target":{"@type":"EntryPoint","urlTemplate":"https:\/\/www.upjs.sk\/prirodovedecka-fakulta\/?s={search_term_string}"},"query-input":{"@type":"PropertyValueSpecification","valueRequired":true,"valueName":"search_term_string"}}],"inLanguage":"sk-SK"},{"@type":"Organization","@id":"https:\/\/www.upjs.sk\/prirodovedecka-fakulta\/#organization","name":"Pr\u00edrodovedeck\u00e1 fakulta | UPJ\u0160","url":"https:\/\/www.upjs.sk\/prirodovedecka-fakulta\/","logo":{"@type":"ImageObject","inLanguage":"sk-SK","@id":"https:\/\/www.upjs.sk\/prirodovedecka-fakulta\/#\/schema\/logo\/image\/","url":"https:\/\/www.upjs.sk\/app\/uploads\/sites\/10\/2022\/09\/logo-prirodovedecka-fakulta.png","contentUrl":"https:\/\/www.upjs.sk\/app\/uploads\/sites\/10\/2022\/09\/logo-prirodovedecka-fakulta.png","width":415,"height":87,"caption":"Pr\u00edrodovedeck\u00e1 fakulta | UPJ\u0160"},"image":{"@id":"https:\/\/www.upjs.sk\/prirodovedecka-fakulta\/#\/schema\/logo\/image\/"}}]}},"_links":{"self":[{"href":"https:\/\/www.upjs.sk\/prirodovedecka-fakulta\/wp-json\/wp\/v2\/pages\/19082","targetHints":{"allow":["GET"]}}],"collection":[{"href":"https:\/\/www.upjs.sk\/prirodovedecka-fakulta\/wp-json\/wp\/v2\/pages"}],"about":[{"href":"https:\/\/www.upjs.sk\/prirodovedecka-fakulta\/wp-json\/wp\/v2\/types\/page"}],"author":[{"embeddable":true,"href":"https:\/\/www.upjs.sk\/prirodovedecka-fakulta\/wp-json\/wp\/v2\/users\/1"}],"replies":[{"embeddable":true,"href":"https:\/\/www.upjs.sk\/prirodovedecka-fakulta\/wp-json\/wp\/v2\/comments?post=19082"}],"version-history":[{"count":1,"href":"https:\/\/www.upjs.sk\/prirodovedecka-fakulta\/wp-json\/wp\/v2\/pages\/19082\/revisions"}],"predecessor-version":[{"id":19083,"href":"https:\/\/www.upjs.sk\/prirodovedecka-fakulta\/wp-json\/wp\/v2\/pages\/19082\/revisions\/19083"}],"up":[{"embeddable":true,"href":"https:\/\/www.upjs.sk\/prirodovedecka-fakulta\/wp-json\/wp\/v2\/pages\/17197"}],"wp:featuredmedia":[{"embeddable":true,"href":"https:\/\/www.upjs.sk\/prirodovedecka-fakulta\/wp-json\/wp\/v2\/media\/19084"}],"wp:attachment":[{"href":"https:\/\/www.upjs.sk\/prirodovedecka-fakulta\/wp-json\/wp\/v2\/media?parent=19082"}],"wp:term":[{"taxonomy":"category","embeddable":true,"href":"https:\/\/www.upjs.sk\/prirodovedecka-fakulta\/wp-json\/wp\/v2\/categories?post=19082"},{"taxonomy":"post_tag","embeddable":true,"href":"https:\/\/www.upjs.sk\/prirodovedecka-fakulta\/wp-json\/wp\/v2\/tags?post=19082"}],"curies":[{"name":"wp","href":"https:\/\/api.w.org\/{rel}","templated":true}]}}