{"id":19085,"date":"2012-06-01T12:31:57","date_gmt":"2012-06-01T12:31:57","guid":{"rendered":"https:\/\/www.upjs.sk\/prirodovedecka-fakulta\/absolventi\/as\/archiv\/hostia-md\/"},"modified":"2022-10-26T08:13:33","modified_gmt":"2022-10-26T08:13:33","slug":"hostia-md","status":"publish","type":"page","link":"https:\/\/www.upjs.sk\/prirodovedecka-fakulta\/absolventi\/as\/archiv\/hostia-md\/","title":{"rendered":"RNDr. Michal Danil\u00e1k"},"content":{"rendered":"<p> \t<img decoding=\"async\" alt=\"\" src=\"\/images\/resized\/7132\/Danilak-photo.jpg\" style=\"margin: 3px 9px; width: 250px; height: 189px; float: right;\" \/><\/p>\n<p> \tnaroden\u00fd v\u00a0r. 1961,\u00a0 \u017eenat\u00fd, 3 deti<\/p>\n<p style=\"text-align: justify;\"> \tvzdelanie: odbor Biofyzika a jadrov\u00e1 fyzika, Pr\u00edrodovedeck\u00e1 fakulta UPJ\u0160, Ko\u0161ice<\/p>\n<p style=\"text-align: justify;\"> \t<strong>Profesn\u00e1 hist\u00f3ria:<\/strong><\/p>\n<ul>\n<li style=\"text-align: justify;\"> \t\tV\u00fdkonn\u00fd riadite\u013e, f. Lynx\u00a0<\/li>\n<\/ul>\n<p style=\"text-align: justify;\"> \tpredt\u00fdm:<\/p>\n<ul>\n<li style=\"text-align: justify;\"> \t\tRiadite\u013e \u00dastavu lek\u00e1rskej informatiky Lek\u00e1rskej fakulty UPJ\u0160<\/li>\n<li style=\"text-align: justify;\"> \t\tVedeck\u00fd pracovn\u00edk na Katedre biofyziky Pr\u00edrodovedeckej fakulty UPJ\u0160<\/li>\n<\/ul>\n<p style=\"text-align: justify;\"> \t<strong>Odborn\u00e9 zameranie a referencie<\/strong><\/p>\n<p style=\"text-align: justify;\"> \tV\u00a0oblasti bezpe\u010dnosti pracuje M. Danil\u00e1k vy\u0161e 20 rokov, s odborn\u00fdm zameran\u00edm na bezpe\u010dnostn\u00e9 politiky a\u00a0ochranu pred infiltr\u00e1ciami.\u00a0 Podie\u013eal sa na realiz\u00e1cii vy\u0161e 50 bezpe\u010dnostn\u00fdch projektov, v\u00a0roli hlavn\u00e9ho konzultanta alebo ved\u00faceho projektu. \u00a0Jeho hlavn\u00e9 referencie s\u00fa v\u00a0oblasti verejnej spr\u00e1vy a\u00a0ve\u013ek\u00fdch podnikov, napr. MO SR, MV SR, NB\u00da SR, NBS,\u00a0 Coln\u00e1 spr\u00e1vu SR, ST, SE, SPP.<\/p>\n<p style=\"text-align: justify;\"> \tInformatiz\u00e1cii zdravotn\u00edctva sa venuje od \u010dias p\u00f4sobenia na Lek\u00e1rskej fakulte UPJ\u0160. V\u00a0tejto oblasti sa zameriava na bezpe\u010dnos\u0165 eHealth a\u00a0tvorbu Strategick\u00fdch dokumentov pre Programy eHealth. \u00a0Publikoval a\u00a0prezentoval strategick\u00e9 dokumenty (napr. Katal\u00f3g potrieb eHealth, V\u00fdzvy pre zdravotn\u00edctvo, Ob\u010dano-centrick\u00fd model zdravotn\u00edctva, Matica z\u00e1vislost\u00ed komponetov eHealth) v\u00a0r\u00e1mci DG INFSO, SEMIC E\u00da, CEE regi\u00f3ne na n\u00e1rodn\u00fdch a\u00a0medzin\u00e1rodn\u00fdch konferenci\u00e1ch. Je \u010dlenom rie\u0161ite\u013esk\u00e9ho t\u00edmu projektu E\u00da JA eHealth governance, projektu eSO1.\u00a0<\/p>\n<p> \t\u00a0<\/p>\n","protected":false},"excerpt":{"rendered":"<p>naroden\u00fd v\u00a0r. 1961,\u00a0 \u017eenat\u00fd, 3 deti vzdelanie: odbor Biofyzika a jadrov\u00e1 fyzika, Pr\u00edrodovedeck\u00e1 fakulta UPJ\u0160, Ko\u0161ice Profesn\u00e1 hist\u00f3ria: V\u00fdkonn\u00fd riadite\u013e, f. Lynx\u00a0 predt\u00fdm: Riadite\u013e \u00dastavu lek\u00e1rskej informatiky Lek\u00e1rskej fakulty UPJ\u0160 Vedeck\u00fd pracovn\u00edk na Katedre biofyziky Pr\u00edrodovedeckej fakulty UPJ\u0160 Odborn\u00e9 zameranie a referencie V\u00a0oblasti bezpe\u010dnosti pracuje M. Danil\u00e1k vy\u0161e 20 rokov, s odborn\u00fdm zameran\u00edm na bezpe\u010dnostn\u00e9 &hellip; <a href=\"https:\/\/www.upjs.sk\/prirodovedecka-fakulta\/absolventi\/as\/archiv\/hostia-md\/\">\u010c\u00edta\u0165 \u010falej<\/a><\/p>\n","protected":false},"author":1,"featured_media":19087,"parent":17197,"menu_order":3,"comment_status":"closed","ping_status":"closed","template":"","meta":{"_acf_changed":false,"_editorskit_title_hidden":false,"_editorskit_reading_time":0,"_editorskit_is_block_options_detached":false,"_editorskit_block_options_position":"{}","footnotes":""},"categories":[],"tags":[],"class_list":["post-19085","page","type-page","status-publish","has-post-thumbnail","hentry"],"acf":{"acf_link_na_externy_obsah":""},"yoast_head":"<!-- This site is optimized with the Yoast SEO plugin v27.2 - https:\/\/yoast.com\/product\/yoast-seo-wordpress\/ -->\n<title>RNDr. Michal Danil\u00e1k - Pr\u00edrodovedeck\u00e1 fakulta | UPJ\u0160<\/title>\n<meta name=\"robots\" content=\"index, follow, max-snippet:-1, max-image-preview:large, max-video-preview:-1\" \/>\n<link rel=\"canonical\" href=\"https:\/\/www.upjs.sk\/prirodovedecka-fakulta\/absolventi\/as\/archiv\/hostia-md\/\" \/>\n<meta property=\"og:locale\" content=\"sk_SK\" \/>\n<meta property=\"og:type\" content=\"article\" \/>\n<meta property=\"og:title\" content=\"RNDr. Michal Danil\u00e1k - Pr\u00edrodovedeck\u00e1 fakulta | UPJ\u0160\" \/>\n<meta property=\"og:description\" content=\"naroden\u00fd v\u00a0r. 1961,\u00a0 \u017eenat\u00fd, 3 deti vzdelanie: odbor Biofyzika a jadrov\u00e1 fyzika, Pr\u00edrodovedeck\u00e1 fakulta UPJ\u0160, Ko\u0161ice Profesn\u00e1 hist\u00f3ria: V\u00fdkonn\u00fd riadite\u013e, f. Lynx\u00a0 predt\u00fdm: Riadite\u013e \u00dastavu lek\u00e1rskej informatiky Lek\u00e1rskej fakulty UPJ\u0160 Vedeck\u00fd pracovn\u00edk na Katedre biofyziky Pr\u00edrodovedeckej fakulty UPJ\u0160 Odborn\u00e9 zameranie a referencie V\u00a0oblasti bezpe\u010dnosti pracuje M. Danil\u00e1k vy\u0161e 20 rokov, s odborn\u00fdm zameran\u00edm na bezpe\u010dnostn\u00e9 &hellip; \u010c\u00edta\u0165 \u010falej\" \/>\n<meta property=\"og:url\" content=\"https:\/\/www.upjs.sk\/prirodovedecka-fakulta\/absolventi\/as\/archiv\/hostia-md\/\" \/>\n<meta property=\"og:site_name\" content=\"Pr\u00edrodovedeck\u00e1 fakulta | UPJ\u0160\" \/>\n<meta property=\"article:modified_time\" content=\"2022-10-26T08:13:33+00:00\" \/>\n<meta property=\"og:image\" content=\"https:\/\/www.upjs.sk\/app\/uploads\/sites\/10\/2022\/10\/Danilak-photo.jpg\" \/>\n\t<meta property=\"og:image:width\" content=\"445\" \/>\n\t<meta property=\"og:image:height\" content=\"336\" \/>\n\t<meta property=\"og:image:type\" content=\"image\/jpeg\" \/>\n<meta name=\"twitter:card\" content=\"summary_large_image\" \/>\n<meta name=\"twitter:label1\" content=\"Predpokladan\u00fd \u010das \u010d\u00edtania\" \/>\n\t<meta name=\"twitter:data1\" content=\"1 min\u00fata\" \/>\n<script type=\"application\/ld+json\" class=\"yoast-schema-graph\">{\"@context\":\"https:\/\/schema.org\",\"@graph\":[{\"@type\":\"WebPage\",\"@id\":\"https:\/\/www.upjs.sk\/prirodovedecka-fakulta\/absolventi\/as\/archiv\/hostia-md\/\",\"url\":\"https:\/\/www.upjs.sk\/prirodovedecka-fakulta\/absolventi\/as\/archiv\/hostia-md\/\",\"name\":\"RNDr. Michal Danil\u00e1k - Pr\u00edrodovedeck\u00e1 fakulta | UPJ\u0160\",\"isPartOf\":{\"@id\":\"https:\/\/www.upjs.sk\/prirodovedecka-fakulta\/#website\"},\"primaryImageOfPage\":{\"@id\":\"https:\/\/www.upjs.sk\/prirodovedecka-fakulta\/absolventi\/as\/archiv\/hostia-md\/#primaryimage\"},\"image\":{\"@id\":\"https:\/\/www.upjs.sk\/prirodovedecka-fakulta\/absolventi\/as\/archiv\/hostia-md\/#primaryimage\"},\"thumbnailUrl\":\"https:\/\/www.upjs.sk\/app\/uploads\/sites\/10\/2022\/10\/Danilak-photo.jpg\",\"datePublished\":\"2012-06-01T12:31:57+00:00\",\"dateModified\":\"2022-10-26T08:13:33+00:00\",\"breadcrumb\":{\"@id\":\"https:\/\/www.upjs.sk\/prirodovedecka-fakulta\/absolventi\/as\/archiv\/hostia-md\/#breadcrumb\"},\"inLanguage\":\"sk-SK\",\"potentialAction\":[{\"@type\":\"ReadAction\",\"target\":[\"https:\/\/www.upjs.sk\/prirodovedecka-fakulta\/absolventi\/as\/archiv\/hostia-md\/\"]}]},{\"@type\":\"ImageObject\",\"inLanguage\":\"sk-SK\",\"@id\":\"https:\/\/www.upjs.sk\/prirodovedecka-fakulta\/absolventi\/as\/archiv\/hostia-md\/#primaryimage\",\"url\":\"https:\/\/www.upjs.sk\/app\/uploads\/sites\/10\/2022\/10\/Danilak-photo.jpg\",\"contentUrl\":\"https:\/\/www.upjs.sk\/app\/uploads\/sites\/10\/2022\/10\/Danilak-photo.jpg\",\"width\":445,\"height\":336,\"caption\":\"hostia-md\"},{\"@type\":\"BreadcrumbList\",\"@id\":\"https:\/\/www.upjs.sk\/prirodovedecka-fakulta\/absolventi\/as\/archiv\/hostia-md\/#breadcrumb\",\"itemListElement\":[{\"@type\":\"ListItem\",\"position\":1,\"name\":\"Home\",\"item\":\"https:\/\/www.upjs.sk\/prirodovedecka-fakulta\/\"},{\"@type\":\"ListItem\",\"position\":2,\"name\":\"Inform\u00e1cie pre absolventov\",\"item\":\"https:\/\/www.upjs.sk\/prirodovedecka-fakulta\/?page_id=13007\"},{\"@type\":\"ListItem\",\"position\":3,\"name\":\"ALUMNI SPACE &#8230;.cesta za \u00faspechom\",\"item\":\"https:\/\/www.upjs.sk\/prirodovedecka-fakulta\/absolventi\/as\/\"},{\"@type\":\"ListItem\",\"position\":4,\"name\":\"ALUMNI SPACE &#8211; arch\u00edv\",\"item\":\"https:\/\/www.upjs.sk\/prirodovedecka-fakulta\/absolventi\/as\/archiv\/\"},{\"@type\":\"ListItem\",\"position\":5,\"name\":\"RNDr. Michal Danil\u00e1k\"}]},{\"@type\":\"WebSite\",\"@id\":\"https:\/\/www.upjs.sk\/prirodovedecka-fakulta\/#website\",\"url\":\"https:\/\/www.upjs.sk\/prirodovedecka-fakulta\/\",\"name\":\"Pr\u00edrodovedeck\u00e1 fakulta | UPJ\u0160\",\"description\":\"\",\"publisher\":{\"@id\":\"https:\/\/www.upjs.sk\/prirodovedecka-fakulta\/#organization\"},\"potentialAction\":[{\"@type\":\"SearchAction\",\"target\":{\"@type\":\"EntryPoint\",\"urlTemplate\":\"https:\/\/www.upjs.sk\/prirodovedecka-fakulta\/?s={search_term_string}\"},\"query-input\":{\"@type\":\"PropertyValueSpecification\",\"valueRequired\":true,\"valueName\":\"search_term_string\"}}],\"inLanguage\":\"sk-SK\"},{\"@type\":\"Organization\",\"@id\":\"https:\/\/www.upjs.sk\/prirodovedecka-fakulta\/#organization\",\"name\":\"Pr\u00edrodovedeck\u00e1 fakulta | UPJ\u0160\",\"url\":\"https:\/\/www.upjs.sk\/prirodovedecka-fakulta\/\",\"logo\":{\"@type\":\"ImageObject\",\"inLanguage\":\"sk-SK\",\"@id\":\"https:\/\/www.upjs.sk\/prirodovedecka-fakulta\/#\/schema\/logo\/image\/\",\"url\":\"https:\/\/www.upjs.sk\/app\/uploads\/sites\/10\/2022\/09\/logo-prirodovedecka-fakulta.png\",\"contentUrl\":\"https:\/\/www.upjs.sk\/app\/uploads\/sites\/10\/2022\/09\/logo-prirodovedecka-fakulta.png\",\"width\":415,\"height\":87,\"caption\":\"Pr\u00edrodovedeck\u00e1 fakulta | UPJ\u0160\"},\"image\":{\"@id\":\"https:\/\/www.upjs.sk\/prirodovedecka-fakulta\/#\/schema\/logo\/image\/\"}}]}<\/script>\n<!-- \/ Yoast SEO plugin. -->","yoast_head_json":{"title":"RNDr. Michal Danil\u00e1k - Pr\u00edrodovedeck\u00e1 fakulta | UPJ\u0160","robots":{"index":"index","follow":"follow","max-snippet":"max-snippet:-1","max-image-preview":"max-image-preview:large","max-video-preview":"max-video-preview:-1"},"canonical":"https:\/\/www.upjs.sk\/prirodovedecka-fakulta\/absolventi\/as\/archiv\/hostia-md\/","og_locale":"sk_SK","og_type":"article","og_title":"RNDr. Michal Danil\u00e1k - Pr\u00edrodovedeck\u00e1 fakulta | UPJ\u0160","og_description":"naroden\u00fd v\u00a0r. 1961,\u00a0 \u017eenat\u00fd, 3 deti vzdelanie: odbor Biofyzika a jadrov\u00e1 fyzika, Pr\u00edrodovedeck\u00e1 fakulta UPJ\u0160, Ko\u0161ice Profesn\u00e1 hist\u00f3ria: V\u00fdkonn\u00fd riadite\u013e, f. Lynx\u00a0 predt\u00fdm: Riadite\u013e \u00dastavu lek\u00e1rskej informatiky Lek\u00e1rskej fakulty UPJ\u0160 Vedeck\u00fd pracovn\u00edk na Katedre biofyziky Pr\u00edrodovedeckej fakulty UPJ\u0160 Odborn\u00e9 zameranie a referencie V\u00a0oblasti bezpe\u010dnosti pracuje M. Danil\u00e1k vy\u0161e 20 rokov, s odborn\u00fdm zameran\u00edm na bezpe\u010dnostn\u00e9 &hellip; \u010c\u00edta\u0165 \u010falej","og_url":"https:\/\/www.upjs.sk\/prirodovedecka-fakulta\/absolventi\/as\/archiv\/hostia-md\/","og_site_name":"Pr\u00edrodovedeck\u00e1 fakulta | UPJ\u0160","article_modified_time":"2022-10-26T08:13:33+00:00","og_image":[{"width":445,"height":336,"url":"https:\/\/www.upjs.sk\/app\/uploads\/sites\/10\/2022\/10\/Danilak-photo.jpg","type":"image\/jpeg"}],"twitter_card":"summary_large_image","twitter_misc":{"Predpokladan\u00fd \u010das \u010d\u00edtania":"1 min\u00fata"},"schema":{"@context":"https:\/\/schema.org","@graph":[{"@type":"WebPage","@id":"https:\/\/www.upjs.sk\/prirodovedecka-fakulta\/absolventi\/as\/archiv\/hostia-md\/","url":"https:\/\/www.upjs.sk\/prirodovedecka-fakulta\/absolventi\/as\/archiv\/hostia-md\/","name":"RNDr. Michal Danil\u00e1k - Pr\u00edrodovedeck\u00e1 fakulta | UPJ\u0160","isPartOf":{"@id":"https:\/\/www.upjs.sk\/prirodovedecka-fakulta\/#website"},"primaryImageOfPage":{"@id":"https:\/\/www.upjs.sk\/prirodovedecka-fakulta\/absolventi\/as\/archiv\/hostia-md\/#primaryimage"},"image":{"@id":"https:\/\/www.upjs.sk\/prirodovedecka-fakulta\/absolventi\/as\/archiv\/hostia-md\/#primaryimage"},"thumbnailUrl":"https:\/\/www.upjs.sk\/app\/uploads\/sites\/10\/2022\/10\/Danilak-photo.jpg","datePublished":"2012-06-01T12:31:57+00:00","dateModified":"2022-10-26T08:13:33+00:00","breadcrumb":{"@id":"https:\/\/www.upjs.sk\/prirodovedecka-fakulta\/absolventi\/as\/archiv\/hostia-md\/#breadcrumb"},"inLanguage":"sk-SK","potentialAction":[{"@type":"ReadAction","target":["https:\/\/www.upjs.sk\/prirodovedecka-fakulta\/absolventi\/as\/archiv\/hostia-md\/"]}]},{"@type":"ImageObject","inLanguage":"sk-SK","@id":"https:\/\/www.upjs.sk\/prirodovedecka-fakulta\/absolventi\/as\/archiv\/hostia-md\/#primaryimage","url":"https:\/\/www.upjs.sk\/app\/uploads\/sites\/10\/2022\/10\/Danilak-photo.jpg","contentUrl":"https:\/\/www.upjs.sk\/app\/uploads\/sites\/10\/2022\/10\/Danilak-photo.jpg","width":445,"height":336,"caption":"hostia-md"},{"@type":"BreadcrumbList","@id":"https:\/\/www.upjs.sk\/prirodovedecka-fakulta\/absolventi\/as\/archiv\/hostia-md\/#breadcrumb","itemListElement":[{"@type":"ListItem","position":1,"name":"Home","item":"https:\/\/www.upjs.sk\/prirodovedecka-fakulta\/"},{"@type":"ListItem","position":2,"name":"Inform\u00e1cie pre absolventov","item":"https:\/\/www.upjs.sk\/prirodovedecka-fakulta\/?page_id=13007"},{"@type":"ListItem","position":3,"name":"ALUMNI SPACE &#8230;.cesta za \u00faspechom","item":"https:\/\/www.upjs.sk\/prirodovedecka-fakulta\/absolventi\/as\/"},{"@type":"ListItem","position":4,"name":"ALUMNI SPACE &#8211; arch\u00edv","item":"https:\/\/www.upjs.sk\/prirodovedecka-fakulta\/absolventi\/as\/archiv\/"},{"@type":"ListItem","position":5,"name":"RNDr. Michal Danil\u00e1k"}]},{"@type":"WebSite","@id":"https:\/\/www.upjs.sk\/prirodovedecka-fakulta\/#website","url":"https:\/\/www.upjs.sk\/prirodovedecka-fakulta\/","name":"Pr\u00edrodovedeck\u00e1 fakulta | UPJ\u0160","description":"","publisher":{"@id":"https:\/\/www.upjs.sk\/prirodovedecka-fakulta\/#organization"},"potentialAction":[{"@type":"SearchAction","target":{"@type":"EntryPoint","urlTemplate":"https:\/\/www.upjs.sk\/prirodovedecka-fakulta\/?s={search_term_string}"},"query-input":{"@type":"PropertyValueSpecification","valueRequired":true,"valueName":"search_term_string"}}],"inLanguage":"sk-SK"},{"@type":"Organization","@id":"https:\/\/www.upjs.sk\/prirodovedecka-fakulta\/#organization","name":"Pr\u00edrodovedeck\u00e1 fakulta | UPJ\u0160","url":"https:\/\/www.upjs.sk\/prirodovedecka-fakulta\/","logo":{"@type":"ImageObject","inLanguage":"sk-SK","@id":"https:\/\/www.upjs.sk\/prirodovedecka-fakulta\/#\/schema\/logo\/image\/","url":"https:\/\/www.upjs.sk\/app\/uploads\/sites\/10\/2022\/09\/logo-prirodovedecka-fakulta.png","contentUrl":"https:\/\/www.upjs.sk\/app\/uploads\/sites\/10\/2022\/09\/logo-prirodovedecka-fakulta.png","width":415,"height":87,"caption":"Pr\u00edrodovedeck\u00e1 fakulta | UPJ\u0160"},"image":{"@id":"https:\/\/www.upjs.sk\/prirodovedecka-fakulta\/#\/schema\/logo\/image\/"}}]}},"_links":{"self":[{"href":"https:\/\/www.upjs.sk\/prirodovedecka-fakulta\/wp-json\/wp\/v2\/pages\/19085","targetHints":{"allow":["GET"]}}],"collection":[{"href":"https:\/\/www.upjs.sk\/prirodovedecka-fakulta\/wp-json\/wp\/v2\/pages"}],"about":[{"href":"https:\/\/www.upjs.sk\/prirodovedecka-fakulta\/wp-json\/wp\/v2\/types\/page"}],"author":[{"embeddable":true,"href":"https:\/\/www.upjs.sk\/prirodovedecka-fakulta\/wp-json\/wp\/v2\/users\/1"}],"replies":[{"embeddable":true,"href":"https:\/\/www.upjs.sk\/prirodovedecka-fakulta\/wp-json\/wp\/v2\/comments?post=19085"}],"version-history":[{"count":1,"href":"https:\/\/www.upjs.sk\/prirodovedecka-fakulta\/wp-json\/wp\/v2\/pages\/19085\/revisions"}],"predecessor-version":[{"id":19086,"href":"https:\/\/www.upjs.sk\/prirodovedecka-fakulta\/wp-json\/wp\/v2\/pages\/19085\/revisions\/19086"}],"up":[{"embeddable":true,"href":"https:\/\/www.upjs.sk\/prirodovedecka-fakulta\/wp-json\/wp\/v2\/pages\/17197"}],"wp:featuredmedia":[{"embeddable":true,"href":"https:\/\/www.upjs.sk\/prirodovedecka-fakulta\/wp-json\/wp\/v2\/media\/19087"}],"wp:attachment":[{"href":"https:\/\/www.upjs.sk\/prirodovedecka-fakulta\/wp-json\/wp\/v2\/media?parent=19085"}],"wp:term":[{"taxonomy":"category","embeddable":true,"href":"https:\/\/www.upjs.sk\/prirodovedecka-fakulta\/wp-json\/wp\/v2\/categories?post=19085"},{"taxonomy":"post_tag","embeddable":true,"href":"https:\/\/www.upjs.sk\/prirodovedecka-fakulta\/wp-json\/wp\/v2\/tags?post=19085"}],"curies":[{"name":"wp","href":"https:\/\/api.w.org\/{rel}","templated":true}]}}