{"id":19647,"date":"2016-03-02T15:29:55","date_gmt":"2016-03-02T15:29:55","guid":{"rendered":"https:\/\/www.upjs.sk\/prirodovedecka-fakulta\/podpora-projektov\/12295-2\/"},"modified":"2022-10-26T08:15:15","modified_gmt":"2022-10-26T08:15:15","slug":"12295-2","status":"publish","type":"page","link":"https:\/\/www.upjs.sk\/prirodovedecka-fakulta\/podpora-projektov\/12295-2\/","title":{"rendered":"Nov\u00e1 v\u00fdzva VVGS PF UPJ\u0160 2016-2017"},"content":{"rendered":"<p style=\"text-align: justify;\">V\u00fdzva sa riadi nov\u00fdm\u00a0<a href=\"\/public\/media\/12295\/Nov\u00fd \u0160tat\u00fat VVGS PF UPJ\u0160_1.12.2015_elektronick\u00fd podpis.pdf\" target=\"_blank\" rel=\"noopener\">\u0160tat\u00fatom VVGS PF UPJ\u0160<\/a>\u00a0schv\u00e1len\u00fdm d\u0148a\u00a0<strong>1. 12. 2015<\/strong>\u00a0dekanom Pr\u00edrodovedeckej fakulty UPJ\u0160 v Ko\u0161iciach.<\/p>\n<p style=\"text-align: justify;\">V\u0161etky \u010dinnosti spojen\u00e9 so spr\u00e1vou projektov\u00fdch \u017eiadost\u00ed\u00a0<strong>v\u00fdskumn\u00fdch<\/strong>\u00a0VVGS sa vykon\u00e1vaj\u00fa prostredn\u00edctvom elektronick\u00e9ho syst\u00e9mu na adrese\u00a0<a href=\"http:\/\/vvgs.ics.upjs.sk\/\" target=\"_blank\" rel=\"noopener\">http:\/\/vvgs.ics.upjs.sk\/<\/a>.<\/p>\n<p style=\"text-align: justify;\"><strong>Na z\u00e1klade hlasovania Komisie VVGS bol term\u00edn podania v\u00fdskumn\u00e9ho projektu VVGS v elektronickom syst\u00e9me\u00a0pred\u013a\u017een\u00fd\u00a0do 10.2.2016 do 12.00 h.<\/strong><\/p>\n<p style=\"text-align: justify;\">Po podan\u00ed fin\u00e1lnej \u017eiadosti o\u00a0v\u00fdskumn\u00fd projekt VVGS v elektronickom syst\u00e9me V\u00e1m syst\u00e9m vygeneruje \u017eiados\u0165 v pdf. \u017diados\u0165 je potrebn\u00e9 vytla\u010di\u0165 (1x) a podp\u00edsa\u0165 ved\u00facim projektu a poradcom projektu. Podp\u00edsan\u00fa \u017eiados\u0165 je potrebn\u00e9 doru\u010di\u0165\u00a0na sekretari\u00e1t\u00a0V\u00e1\u0161ho \u00fastavu.\u00a0<\/p>\n<p style=\"text-align: justify;\">Riadite\u013e pr\u00edslu\u0161n\u00e9ho \u00fastavu pos\u00fadi \u017eiados\u0165 a svoj\u00edm podpisom vyjadr\u00ed s\u00fahlas s podan\u00edm projektu.\u00a0Z\u00e1rove\u0148 ur\u010d\u00ed 1 posudzovate\u013ea projektu z radov tvoriv\u00fdch pracovn\u00edkov \u00fastavu, ktor\u00ed nie s\u00fa poradcom posudzovan\u00e9ho projektu (1 posudzovate\u013e m\u00f4\u017ee oponova\u0165 aj viac projektov). N\u00e1sledne odo\u0161le projekty spolu s n\u00e1vrhom na posudzovate\u013eov na Oddelenie pre vedu, v\u00fdskum a rozvoj PF UPJ\u0160, najnesk\u00f4r v\u0161ak do 12.2.2016.<\/p>\n<p style=\"text-align: justify;\">\u00a0<\/p>\n<p style=\"text-align: justify;\"><strong><a href=\"http:\/\/docs.google.com\/forms\/d\/1AEm_Supbylc9ykRNHY_aeXGjxPyF2rO1W-0aJF7M5Yo\/viewform\" target=\"_blank\" rel=\"noopener\">\u017d<\/a><\/strong><a href=\"http:\/\/docs.google.com\/forms\/d\/1AEm_Supbylc9ykRNHY_aeXGjxPyF2rO1W-0aJF7M5Yo\/viewform\" target=\"_blank\" rel=\"noopener\"><strong>iados\u0165 o rozvojov\u00fd projekt<\/strong><\/a>\u00a0v r\u00e1mci VVGS je mo\u017en\u00e9 poda\u0165 prostredn\u00edctvom formul\u00e1ra, ktor\u00fd n\u00e1jdete zverejnen\u00fd \u00a0<a href=\"https:\/\/docs.google.com\/forms\/d\/1AEm_Supbylc9ykRNHY_aeXGjxPyF2rO1W-0aJF7M5Yo\/viewform\" target=\"_blank\" rel=\"noopener\">TU<\/a>.<\/p>\n<p style=\"text-align: justify;\">\u00a0<\/p>\n<p><strong>Term\u00edny:<\/strong><\/p>\n<ul>\n<li>Vyhl\u00e1senie v\u00fdzvy a\u00a0spr\u00edstupnenie formul\u00e1ru \u017eiadosti:\u00a0<strong>14.12.2015<\/strong><\/li>\n<li>Informa\u010dn\u00fd semin\u00e1r k\u00a0pod\u00e1vaniu projektov:\u00a0<strong>14.1.2016 o 13.30 h. v u\u010debni SA1C0 (nonstop u\u010deb\u0148a), Park Angelinum 9<\/strong><\/li>\n<li>Term\u00edn podania projektu v elektronickom syst\u00e9me:\u00a0<strong>do<\/strong>\u00a0<strong>10.2.2016, 12.00 h.<\/strong><\/li>\n<li>Term\u00edn podania projektu v p\u00edsomnej podobe na Oddelenie pre vedu, v\u00fdskum a rozvoj: <strong>do<\/strong>\u00a0<strong>12.2.2016<\/strong>\u00a0<\/li>\n<li>Oponent\u00fara projektov:\u00a0<strong>do 14.3.2016<\/strong><\/li>\n<li>Rozhodnutie komisie VVGS:\u00a0<strong>do 31.3.2016<\/strong><\/li>\n<li>Schv\u00e1lenie dekanom:\u00a0<strong>do 1.4.2016<\/strong><\/li>\n<li>Podanie Z\u00e1vere\u010dnej spr\u00e1vy z rie\u0161enia projektu:\u00a0<strong>do 14.7.2017<\/strong><\/li>\n<li>Vyhodnotenie \u00faspe\u0161nosti projektov:\u00a0<strong>do 30.9.2017<\/strong><\/li>\n<\/ul>\n<p>\u00a0<\/p>\n<p>Dopl\u0148uj\u00face inform\u00e1cie:<\/p>\n<ul>\n<li><a href=\"https:\/\/www.upjs.sk\/public\/media\/6509\/Oponentsk\u00fd%20posudok%20grantovej%20\u017eiadosti%20VVGS%20PF%20UPJ\u0160.pdf\">Oponentsk\u00fd posudok grantovej \u017eiadosti VVGS PF UPJ\u0160<\/a><\/li>\n<li><a href=\"https:\/\/www.upjs.sk\/public\/media\/6509\/aktualizacia%20riesitelskeho%20kolektivu.docx\">\u017diados\u0165 o aktualiz\u00e1ciu rie\u0161ite\u013esk\u00e9ho kolekt\u00edvu<\/a><\/li>\n<li><a href=\"\/public\/media\/11119\/Z\u00e1vere\u010dn\u00e1 spr\u00e1va VVGS PF_vzor1.rtf\">Z\u00e1vere\u010dn\u00e1 spr\u00e1va projektu VVGS PF UPJ\u0160<\/a><\/li>\n<li><a href=\"\/public\/media\/12295\/VVGS PF UPJ\u0160 prezent\u00e1cia 2016.pptx\">Prezent\u00e1cia z informa\u010dn\u00e9ho semin\u00e1ra VVGS PF UPJ\u0160 2016-2017<\/a><\/li>\n<li><a href=\"\/public\/media\/12295\/VVGS PF FAQ_aktualizovane 16-17 (1).docx\">FAQ<\/a>\u00a0&#8211;\u00a0odpovede na \u010dasto kladen\u00e9 ot\u00e1zky<\/li>\n<\/ul>\n","protected":false},"excerpt":{"rendered":"<p>V\u00fdzva sa riadi nov\u00fdm\u00a0\u0160tat\u00fatom VVGS PF UPJ\u0160\u00a0schv\u00e1len\u00fdm d\u0148a\u00a01. 12. 2015\u00a0dekanom Pr\u00edrodovedeckej fakulty UPJ\u0160 v Ko\u0161iciach. V\u0161etky \u010dinnosti spojen\u00e9 so spr\u00e1vou projektov\u00fdch \u017eiadost\u00ed\u00a0v\u00fdskumn\u00fdch\u00a0VVGS sa vykon\u00e1vaj\u00fa prostredn\u00edctvom elektronick\u00e9ho syst\u00e9mu na adrese\u00a0http:\/\/vvgs.ics.upjs.sk\/. Na z\u00e1klade hlasovania Komisie VVGS bol term\u00edn podania v\u00fdskumn\u00e9ho projektu VVGS v elektronickom syst\u00e9me\u00a0pred\u013a\u017een\u00fd\u00a0do 10.2.2016 do 12.00 h. Po podan\u00ed fin\u00e1lnej \u017eiadosti o\u00a0v\u00fdskumn\u00fd projekt VVGS v &hellip; <a href=\"https:\/\/www.upjs.sk\/prirodovedecka-fakulta\/podpora-projektov\/12295-2\/\">\u010c\u00edta\u0165 \u010falej<\/a><\/p>\n","protected":false},"author":1,"featured_media":0,"parent":17288,"menu_order":42,"comment_status":"closed","ping_status":"closed","template":"","meta":{"_acf_changed":false,"_editorskit_title_hidden":false,"_editorskit_reading_time":0,"_editorskit_is_block_options_detached":false,"_editorskit_block_options_position":"{}","footnotes":""},"categories":[],"tags":[],"class_list":["post-19647","page","type-page","status-publish","hentry"],"acf":{"acf_link_na_externy_obsah":""},"yoast_head":"<!-- This site is optimized with the Yoast SEO plugin v27.2 - https:\/\/yoast.com\/product\/yoast-seo-wordpress\/ -->\n<title>Nov\u00e1 v\u00fdzva VVGS PF UPJ\u0160 2016-2017 - Pr\u00edrodovedeck\u00e1 fakulta | UPJ\u0160<\/title>\n<meta name=\"robots\" content=\"index, follow, max-snippet:-1, max-image-preview:large, max-video-preview:-1\" \/>\n<link rel=\"canonical\" href=\"https:\/\/www.upjs.sk\/prirodovedecka-fakulta\/podpora-projektov\/12295-2\/\" \/>\n<meta property=\"og:locale\" content=\"sk_SK\" \/>\n<meta property=\"og:type\" content=\"article\" \/>\n<meta property=\"og:title\" content=\"Nov\u00e1 v\u00fdzva VVGS PF UPJ\u0160 2016-2017 - Pr\u00edrodovedeck\u00e1 fakulta | UPJ\u0160\" \/>\n<meta property=\"og:description\" content=\"V\u00fdzva sa riadi nov\u00fdm\u00a0\u0160tat\u00fatom VVGS PF UPJ\u0160\u00a0schv\u00e1len\u00fdm d\u0148a\u00a01. 12. 2015\u00a0dekanom Pr\u00edrodovedeckej fakulty UPJ\u0160 v Ko\u0161iciach. V\u0161etky \u010dinnosti spojen\u00e9 so spr\u00e1vou projektov\u00fdch \u017eiadost\u00ed\u00a0v\u00fdskumn\u00fdch\u00a0VVGS sa vykon\u00e1vaj\u00fa prostredn\u00edctvom elektronick\u00e9ho syst\u00e9mu na adrese\u00a0http:\/\/vvgs.ics.upjs.sk\/. Na z\u00e1klade hlasovania Komisie VVGS bol term\u00edn podania v\u00fdskumn\u00e9ho projektu VVGS v elektronickom syst\u00e9me\u00a0pred\u013a\u017een\u00fd\u00a0do 10.2.2016 do 12.00 h. Po podan\u00ed fin\u00e1lnej \u017eiadosti o\u00a0v\u00fdskumn\u00fd projekt VVGS v &hellip; \u010c\u00edta\u0165 \u010falej\" \/>\n<meta property=\"og:url\" content=\"https:\/\/www.upjs.sk\/prirodovedecka-fakulta\/podpora-projektov\/12295-2\/\" \/>\n<meta property=\"og:site_name\" content=\"Pr\u00edrodovedeck\u00e1 fakulta | UPJ\u0160\" \/>\n<meta property=\"article:modified_time\" content=\"2022-10-26T08:15:15+00:00\" \/>\n<meta name=\"twitter:card\" content=\"summary_large_image\" \/>\n<meta name=\"twitter:label1\" content=\"Predpokladan\u00fd \u010das \u010d\u00edtania\" \/>\n\t<meta name=\"twitter:data1\" content=\"2 min\u00faty\" \/>\n<script type=\"application\/ld+json\" class=\"yoast-schema-graph\">{\"@context\":\"https:\/\/schema.org\",\"@graph\":[{\"@type\":\"WebPage\",\"@id\":\"https:\/\/www.upjs.sk\/prirodovedecka-fakulta\/podpora-projektov\/12295-2\/\",\"url\":\"https:\/\/www.upjs.sk\/prirodovedecka-fakulta\/podpora-projektov\/12295-2\/\",\"name\":\"Nov\u00e1 v\u00fdzva VVGS PF UPJ\u0160 2016-2017 - Pr\u00edrodovedeck\u00e1 fakulta | UPJ\u0160\",\"isPartOf\":{\"@id\":\"https:\/\/www.upjs.sk\/prirodovedecka-fakulta\/#website\"},\"datePublished\":\"2016-03-02T15:29:55+00:00\",\"dateModified\":\"2022-10-26T08:15:15+00:00\",\"breadcrumb\":{\"@id\":\"https:\/\/www.upjs.sk\/prirodovedecka-fakulta\/podpora-projektov\/12295-2\/#breadcrumb\"},\"inLanguage\":\"sk-SK\",\"potentialAction\":[{\"@type\":\"ReadAction\",\"target\":[\"https:\/\/www.upjs.sk\/prirodovedecka-fakulta\/podpora-projektov\/12295-2\/\"]}]},{\"@type\":\"BreadcrumbList\",\"@id\":\"https:\/\/www.upjs.sk\/prirodovedecka-fakulta\/podpora-projektov\/12295-2\/#breadcrumb\",\"itemListElement\":[{\"@type\":\"ListItem\",\"position\":1,\"name\":\"Home\",\"item\":\"https:\/\/www.upjs.sk\/prirodovedecka-fakulta\/\"},{\"@type\":\"ListItem\",\"position\":2,\"name\":\"Podpora projektov\",\"item\":\"https:\/\/www.upjs.sk\/prirodovedecka-fakulta\/podpora-projektov\/\"},{\"@type\":\"ListItem\",\"position\":3,\"name\":\"Nov\u00e1 v\u00fdzva VVGS PF UPJ\u0160 2016-2017\"}]},{\"@type\":\"WebSite\",\"@id\":\"https:\/\/www.upjs.sk\/prirodovedecka-fakulta\/#website\",\"url\":\"https:\/\/www.upjs.sk\/prirodovedecka-fakulta\/\",\"name\":\"Pr\u00edrodovedeck\u00e1 fakulta | UPJ\u0160\",\"description\":\"\",\"publisher\":{\"@id\":\"https:\/\/www.upjs.sk\/prirodovedecka-fakulta\/#organization\"},\"potentialAction\":[{\"@type\":\"SearchAction\",\"target\":{\"@type\":\"EntryPoint\",\"urlTemplate\":\"https:\/\/www.upjs.sk\/prirodovedecka-fakulta\/?s={search_term_string}\"},\"query-input\":{\"@type\":\"PropertyValueSpecification\",\"valueRequired\":true,\"valueName\":\"search_term_string\"}}],\"inLanguage\":\"sk-SK\"},{\"@type\":\"Organization\",\"@id\":\"https:\/\/www.upjs.sk\/prirodovedecka-fakulta\/#organization\",\"name\":\"Pr\u00edrodovedeck\u00e1 fakulta | UPJ\u0160\",\"url\":\"https:\/\/www.upjs.sk\/prirodovedecka-fakulta\/\",\"logo\":{\"@type\":\"ImageObject\",\"inLanguage\":\"sk-SK\",\"@id\":\"https:\/\/www.upjs.sk\/prirodovedecka-fakulta\/#\/schema\/logo\/image\/\",\"url\":\"https:\/\/www.upjs.sk\/app\/uploads\/sites\/10\/2022\/09\/logo-prirodovedecka-fakulta.png\",\"contentUrl\":\"https:\/\/www.upjs.sk\/app\/uploads\/sites\/10\/2022\/09\/logo-prirodovedecka-fakulta.png\",\"width\":415,\"height\":87,\"caption\":\"Pr\u00edrodovedeck\u00e1 fakulta | UPJ\u0160\"},\"image\":{\"@id\":\"https:\/\/www.upjs.sk\/prirodovedecka-fakulta\/#\/schema\/logo\/image\/\"}}]}<\/script>\n<!-- \/ Yoast SEO plugin. -->","yoast_head_json":{"title":"Nov\u00e1 v\u00fdzva VVGS PF UPJ\u0160 2016-2017 - Pr\u00edrodovedeck\u00e1 fakulta | UPJ\u0160","robots":{"index":"index","follow":"follow","max-snippet":"max-snippet:-1","max-image-preview":"max-image-preview:large","max-video-preview":"max-video-preview:-1"},"canonical":"https:\/\/www.upjs.sk\/prirodovedecka-fakulta\/podpora-projektov\/12295-2\/","og_locale":"sk_SK","og_type":"article","og_title":"Nov\u00e1 v\u00fdzva VVGS PF UPJ\u0160 2016-2017 - Pr\u00edrodovedeck\u00e1 fakulta | UPJ\u0160","og_description":"V\u00fdzva sa riadi nov\u00fdm\u00a0\u0160tat\u00fatom VVGS PF UPJ\u0160\u00a0schv\u00e1len\u00fdm d\u0148a\u00a01. 12. 2015\u00a0dekanom Pr\u00edrodovedeckej fakulty UPJ\u0160 v Ko\u0161iciach. V\u0161etky \u010dinnosti spojen\u00e9 so spr\u00e1vou projektov\u00fdch \u017eiadost\u00ed\u00a0v\u00fdskumn\u00fdch\u00a0VVGS sa vykon\u00e1vaj\u00fa prostredn\u00edctvom elektronick\u00e9ho syst\u00e9mu na adrese\u00a0http:\/\/vvgs.ics.upjs.sk\/. Na z\u00e1klade hlasovania Komisie VVGS bol term\u00edn podania v\u00fdskumn\u00e9ho projektu VVGS v elektronickom syst\u00e9me\u00a0pred\u013a\u017een\u00fd\u00a0do 10.2.2016 do 12.00 h. Po podan\u00ed fin\u00e1lnej \u017eiadosti o\u00a0v\u00fdskumn\u00fd projekt VVGS v &hellip; \u010c\u00edta\u0165 \u010falej","og_url":"https:\/\/www.upjs.sk\/prirodovedecka-fakulta\/podpora-projektov\/12295-2\/","og_site_name":"Pr\u00edrodovedeck\u00e1 fakulta | UPJ\u0160","article_modified_time":"2022-10-26T08:15:15+00:00","twitter_card":"summary_large_image","twitter_misc":{"Predpokladan\u00fd \u010das \u010d\u00edtania":"2 min\u00faty"},"schema":{"@context":"https:\/\/schema.org","@graph":[{"@type":"WebPage","@id":"https:\/\/www.upjs.sk\/prirodovedecka-fakulta\/podpora-projektov\/12295-2\/","url":"https:\/\/www.upjs.sk\/prirodovedecka-fakulta\/podpora-projektov\/12295-2\/","name":"Nov\u00e1 v\u00fdzva VVGS PF UPJ\u0160 2016-2017 - Pr\u00edrodovedeck\u00e1 fakulta | UPJ\u0160","isPartOf":{"@id":"https:\/\/www.upjs.sk\/prirodovedecka-fakulta\/#website"},"datePublished":"2016-03-02T15:29:55+00:00","dateModified":"2022-10-26T08:15:15+00:00","breadcrumb":{"@id":"https:\/\/www.upjs.sk\/prirodovedecka-fakulta\/podpora-projektov\/12295-2\/#breadcrumb"},"inLanguage":"sk-SK","potentialAction":[{"@type":"ReadAction","target":["https:\/\/www.upjs.sk\/prirodovedecka-fakulta\/podpora-projektov\/12295-2\/"]}]},{"@type":"BreadcrumbList","@id":"https:\/\/www.upjs.sk\/prirodovedecka-fakulta\/podpora-projektov\/12295-2\/#breadcrumb","itemListElement":[{"@type":"ListItem","position":1,"name":"Home","item":"https:\/\/www.upjs.sk\/prirodovedecka-fakulta\/"},{"@type":"ListItem","position":2,"name":"Podpora projektov","item":"https:\/\/www.upjs.sk\/prirodovedecka-fakulta\/podpora-projektov\/"},{"@type":"ListItem","position":3,"name":"Nov\u00e1 v\u00fdzva VVGS PF UPJ\u0160 2016-2017"}]},{"@type":"WebSite","@id":"https:\/\/www.upjs.sk\/prirodovedecka-fakulta\/#website","url":"https:\/\/www.upjs.sk\/prirodovedecka-fakulta\/","name":"Pr\u00edrodovedeck\u00e1 fakulta | UPJ\u0160","description":"","publisher":{"@id":"https:\/\/www.upjs.sk\/prirodovedecka-fakulta\/#organization"},"potentialAction":[{"@type":"SearchAction","target":{"@type":"EntryPoint","urlTemplate":"https:\/\/www.upjs.sk\/prirodovedecka-fakulta\/?s={search_term_string}"},"query-input":{"@type":"PropertyValueSpecification","valueRequired":true,"valueName":"search_term_string"}}],"inLanguage":"sk-SK"},{"@type":"Organization","@id":"https:\/\/www.upjs.sk\/prirodovedecka-fakulta\/#organization","name":"Pr\u00edrodovedeck\u00e1 fakulta | UPJ\u0160","url":"https:\/\/www.upjs.sk\/prirodovedecka-fakulta\/","logo":{"@type":"ImageObject","inLanguage":"sk-SK","@id":"https:\/\/www.upjs.sk\/prirodovedecka-fakulta\/#\/schema\/logo\/image\/","url":"https:\/\/www.upjs.sk\/app\/uploads\/sites\/10\/2022\/09\/logo-prirodovedecka-fakulta.png","contentUrl":"https:\/\/www.upjs.sk\/app\/uploads\/sites\/10\/2022\/09\/logo-prirodovedecka-fakulta.png","width":415,"height":87,"caption":"Pr\u00edrodovedeck\u00e1 fakulta | UPJ\u0160"},"image":{"@id":"https:\/\/www.upjs.sk\/prirodovedecka-fakulta\/#\/schema\/logo\/image\/"}}]}},"_links":{"self":[{"href":"https:\/\/www.upjs.sk\/prirodovedecka-fakulta\/wp-json\/wp\/v2\/pages\/19647","targetHints":{"allow":["GET"]}}],"collection":[{"href":"https:\/\/www.upjs.sk\/prirodovedecka-fakulta\/wp-json\/wp\/v2\/pages"}],"about":[{"href":"https:\/\/www.upjs.sk\/prirodovedecka-fakulta\/wp-json\/wp\/v2\/types\/page"}],"author":[{"embeddable":true,"href":"https:\/\/www.upjs.sk\/prirodovedecka-fakulta\/wp-json\/wp\/v2\/users\/1"}],"replies":[{"embeddable":true,"href":"https:\/\/www.upjs.sk\/prirodovedecka-fakulta\/wp-json\/wp\/v2\/comments?post=19647"}],"version-history":[{"count":1,"href":"https:\/\/www.upjs.sk\/prirodovedecka-fakulta\/wp-json\/wp\/v2\/pages\/19647\/revisions"}],"predecessor-version":[{"id":20019,"href":"https:\/\/www.upjs.sk\/prirodovedecka-fakulta\/wp-json\/wp\/v2\/pages\/19647\/revisions\/20019"}],"up":[{"embeddable":true,"href":"https:\/\/www.upjs.sk\/prirodovedecka-fakulta\/wp-json\/wp\/v2\/pages\/17288"}],"wp:attachment":[{"href":"https:\/\/www.upjs.sk\/prirodovedecka-fakulta\/wp-json\/wp\/v2\/media?parent=19647"}],"wp:term":[{"taxonomy":"category","embeddable":true,"href":"https:\/\/www.upjs.sk\/prirodovedecka-fakulta\/wp-json\/wp\/v2\/categories?post=19647"},{"taxonomy":"post_tag","embeddable":true,"href":"https:\/\/www.upjs.sk\/prirodovedecka-fakulta\/wp-json\/wp\/v2\/tags?post=19647"}],"curies":[{"name":"wp","href":"https:\/\/api.w.org\/{rel}","templated":true}]}}